{"id":32747,"guid":{"rendered":"https:\/\/graf.cat\/?post_type=event&#038;p=32747"},"modified":"2023-09-24T12:10:45","modified_gmt":"2023-09-24T10:10:45","slug":"esquincar-superficies-amb-lucia-egana","status":"publish","type":"event","link":"https:\/\/graf.cat\/en\/events\/event\/esquincar-superficies-amb-lucia-egana\/","title":{"rendered":"Esquin\u00e7ar Superf\u00edcies amb Luc\u00eda Ega\u00f1a"},"content":{"rendered":"","protected":false},"excerpt":{"rendered":"","protected":false},"author":4,"featured_media":33046,"template":"","meta":{"_acf_changed":false,"_monsterinsights_skip_tracking":false,"_monsterinsights_sitenote_active":false,"_monsterinsights_sitenote_note":"","_monsterinsights_sitenote_category":0},"event-venues":[215],"event-tags":[],"class_list":["post-32747","event","type-event","status-publish","has-post-thumbnail","hentry","event-venue-sala-dart-jove","event-category-lab"],"acf":{"title_ca":"Esquin\u00e7ar Superf\u00edcies amb Luc\u00eda Ega\u00f1a","title_es":"Esquin\u00e7ar Superf\u00edcies con Luc\u00eda Ega\u00f1a","title_en":"Esquin\u00e7ar Superf\u00edcies with Luc\u00eda Ega\u00f1a","desc_ca":"<span style=\"font-weight: 400;\">D\u2019on ve aquest rigor acad\u00e8mic a l\u2019hora de produir pensament? Dels processos i de les metodologies que defineixen el que cal fer i com cal fer-ho? A la nostra segona trobada, l\u2019artista, escriptora, docent i activista transfeminista antiracista Luc\u00eda Ega\u00f1a ens connectar\u00e0 amb les seves <\/span><i><span style=\"font-weight: 400;\">metodologies subnormals<\/span><\/i><span style=\"font-weight: 400;\">, una pr\u00e0ctica gestada en constant desconfian\u00e7a que desafia el Coneixement amb maj\u00fascules, indispensables per desestabilitzar les jerarquies disciplin\u00e0ries i per permetre l\u2019entrada de coneixements nous i improbables a les esferes del saber (oficial o no).<\/span>\r\n\r\n&nbsp;\r\n\r\nA cura de\u00a0<em>Renan Camilo<\/em> en el marc d\u2019Art Jove Curadoria 2023.\r\n\r\nActivitat oberta sense inscripci\u00f3.","desc_es":"<span style=\"font-weight: 400;\">\u00bfDe d\u00f3nde viene este rigor acad\u00e9mico en la hora de producir pensamiento? \u00bfDe los procesos y de las metodolog\u00edas que definen el que hay que hacer y como es debido hacerlo? En nuestro segundo encuentro, la artista, escritora, docente y activista transfeminista antirracista Luc\u00eda Ega\u00f1a nos conectar\u00e1 con sus metodolog\u00edas subnormals, una pr\u00e1ctica gestada en constante desconfianza que desaf\u00eda el Conocimiento con may\u00fasculas, indispensables para desestabilizar las jerarqu\u00edas disciplinarias y para permitir la entrada de conocimientos nuevos e improbables a las esferas del saber (oficial o no).<\/span>\r\n\r\n&nbsp;\r\n\r\nA cura de\u00a0<em>Renan Camilo<\/em>\u00a0en el marco de Art Jove Curadoria 2023\r\n\r\nActividad abierta sin inscripci\u00f3n.","desc_en":"This content is not available in English.\r\nYou can consult it in Catalan or Spanish.","event_category":495,"event_show_only_own_date":true,"_event_confirmed":true,"_event_public":true,"_event_free":true,"_event_price-min":"","_event_price-max":"","_event_web_ca":"","_event_web_es":"","_event_web_en":"","event_contact_email":"","event_apply_email":"","is_online_event":false,"is_art_nou_event":false,"is_bgw_event":false,"date_text":"","register_deadline":null,"altres_organitzadors":null},"abe_event_venue":"Sala d'Art Jove","abe_event_category":"Laboratori","start":"2023-09-21 18:00:00","end":"2023-09-21 20:00:00","schedule":"once","schedule_meta":"","frequency":1,"all_day":0,"until":"2023-09-21 18:00:00","include":[],"exclude":[],"_links":{"self":[{"href":"https:\/\/graf.cat\/en\/wp-json\/wp\/v2\/events\/32747","targetHints":{"allow":["GET"]}}],"collection":[{"href":"https:\/\/graf.cat\/en\/wp-json\/wp\/v2\/events"}],"about":[{"href":"https:\/\/graf.cat\/en\/wp-json\/wp\/v2\/types\/event"}],"author":[{"embeddable":true,"href":"https:\/\/graf.cat\/en\/wp-json\/wp\/v2\/users\/4"}],"occurrences":[{"embeddable":true,"href":"https:\/\/graf.cat\/en\/wp-json\/wp\/v2\/events\/32747\/occurrences"}],"acf:term":[{"embeddable":true,"taxonomy":"event-category","href":"https:\/\/graf.cat\/en\/wp-json\/wp\/v2\/event-category\/495"}],"wp:featuredmedia":[{"embeddable":true,"href":"https:\/\/graf.cat\/en\/wp-json\/wp\/v2\/media\/33046"}],"wp:attachment":[{"href":"https:\/\/graf.cat\/en\/wp-json\/wp\/v2\/media?parent=32747"}],"wp:term":[{"taxonomy":"event-venue","embeddable":true,"href":"https:\/\/graf.cat\/en\/wp-json\/wp\/v2\/event-venues?post=32747"},{"taxonomy":"event-tag","embeddable":true,"href":"https:\/\/graf.cat\/en\/wp-json\/wp\/v2\/event-tags?post=32747"}],"curies":[{"name":"wp","href":"https:\/\/api.w.org\/{rel}","templated":true}]}}

Esquinçar Superfícies amb Lucía Egaña

Esquinçar Superfícies con Lucía Egaña

Esquinçar Superfícies with Lucía Egaña

<span style="font-weight: 400;">D’on ve aquest rigor acadèmic a l’hora de produir pensament? Dels processos i de les metodologies que defineixen el que cal fer i com cal fer-ho? A la nostra segona trobada, l’artista, escriptora, docent i activista transfeminista antiracista Lucía Egaña ens connectarà amb les seves </span><i><span style="font-weight: 400;">metodologies subnormals</span></i><span style="font-weight: 400;">, una pràctica gestada en constant desconfiança que desafia el Coneixement amb majúscules, indispensables per desestabilitzar les jerarquies disciplinàries i per permetre l’entrada de coneixements nous i improbables a les esferes del saber (oficial o no).</span>

&nbsp;

A cura de <em>Renan Camilo</em> en el marc d’Art Jove Curadoria 2023.

Activitat oberta sense inscripció.

<span style="font-weight: 400;">¿De dónde viene este rigor académico en la hora de producir pensamiento? ¿De los procesos y de las metodologías que definen el que hay que hacer y como es debido hacerlo? En nuestro segundo encuentro, la artista, escritora, docente y activista transfeminista antirracista Lucía Egaña nos conectará con sus metodologías subnormals, una práctica gestada en constante desconfianza que desafía el Conocimiento con mayúsculas, indispensables para desestabilizar las jerarquías disciplinarias y para permitir la entrada de conocimientos nuevos e improbables a las esferas del saber (oficial o no).</span>

&nbsp;

A cura de <em>Renan Camilo</em> en el marco de Art Jove Curadoria 2023

Actividad abierta sin inscripción.
