{"id":33659,"guid":{"rendered":"https:\/\/graf.cat\/?post_type=event&#038;p=33659"},"modified":"2023-10-18T12:35:17","modified_gmt":"2023-10-18T10:35:17","slug":"inauguracio-del-festival-panoramic-granollers-de-fotografia-cinema-i-mes","status":"publish","type":"event","link":"https:\/\/graf.cat\/en\/events\/event\/inauguracio-del-festival-panoramic-granollers-de-fotografia-cinema-i-mes\/","title":{"rendered":"7a edici\u00f3 del festival Panor\u00e0mic de fotografia cinema i m\u00e9s sobre &#8220;Repensar el rostre&#8221;"},"content":{"rendered":"","protected":false},"excerpt":{"rendered":"","protected":false},"author":160,"featured_media":0,"template":"","meta":{"_acf_changed":false,"_monsterinsights_skip_tracking":false,"_monsterinsights_sitenote_active":false,"_monsterinsights_sitenote_note":"","_monsterinsights_sitenote_category":0},"event-venues":[],"event-tags":[],"class_list":["post-33659","event","type-event","status-publish","hentry","event-category-festival"],"acf":{"title_ca":"7a edici\u00f3 del festival Panor\u00e0mic de fotografia cinema i m\u00e9s sobre \"Repensar el rostre\"","title_es":"7\u00aa edici\u00f3n del festival Panor\u00e0mic de fotograf\u00eda, cine y m\u00e1s sobre \"Repensar el rostro\"","title_en":"7th edition of the Panoramic festival of cinema photography and more about \"Rethinking the face\"","desc_ca":"19 exposicions i m\u00e9s de 50 activitats culturals al voltant del conceote \"Rostre\" a c\u00e0rrec de professionals de la fotografia, el cinema i, en general, les arts visuals.\r\nSe celebra a Granollers i Barcelona.\r\nL'organitza Grisart i el promouen l'Ajuntament de Granollers i Roca Umbert F\u00e0brica de les Arts.","desc_es":"","desc_en":"","event_category":481,"event_show_only_own_date":true,"_event_confirmed":false,"_event_public":true,"_event_free":true,"_event_price-min":"","_event_price-max":"","_event_web_ca":"http:\/\/www.panoramicgranollers.cat","_event_web_es":"","_event_web_en":"","event_contact_email":"","event_apply_email":"","is_online_event":false,"is_art_nou_event":false,"is_bgw_event":false,"date_text":"Del 19 d'octubre al 26 de novembre de 2023","register_deadline":null,"altres_organitzadors":null},"abe_event_venue":null,"abe_event_category":"Festival","start":"2023-10-19 20:00:00","end":"2023-10-19 22:00:00","schedule":"once","schedule_meta":"","frequency":1,"all_day":0,"until":"2023-10-19 20:00:00","include":[],"exclude":[],"_links":{"self":[{"href":"https:\/\/graf.cat\/en\/wp-json\/wp\/v2\/events\/33659","targetHints":{"allow":["GET"]}}],"collection":[{"href":"https:\/\/graf.cat\/en\/wp-json\/wp\/v2\/events"}],"about":[{"href":"https:\/\/graf.cat\/en\/wp-json\/wp\/v2\/types\/event"}],"author":[{"embeddable":true,"href":"https:\/\/graf.cat\/en\/wp-json\/wp\/v2\/users\/160"}],"occurrences":[{"embeddable":true,"href":"https:\/\/graf.cat\/en\/wp-json\/wp\/v2\/events\/33659\/occurrences"}],"acf:term":[{"embeddable":true,"taxonomy":"event-category","href":"https:\/\/graf.cat\/en\/wp-json\/wp\/v2\/event-category\/481"}],"wp:attachment":[{"href":"https:\/\/graf.cat\/en\/wp-json\/wp\/v2\/media?parent=33659"}],"wp:term":[{"taxonomy":"event-venue","embeddable":true,"href":"https:\/\/graf.cat\/en\/wp-json\/wp\/v2\/event-venues?post=33659"},{"taxonomy":"event-tag","embeddable":true,"href":"https:\/\/graf.cat\/en\/wp-json\/wp\/v2\/event-tags?post=33659"}],"curies":[{"name":"wp","href":"https:\/\/api.w.org\/{rel}","templated":true}]}}

7a edició del festival Panoràmic de fotografia cinema i més sobre &#8220;Repensar el rostre&#8221;

7a edició del festival Panoràmic de fotografia cinema i més sobre "Repensar el rostre"

7ª edición del festival Panoràmic de fotografía, cine y más sobre "Repensar el rostro"

19 exposicions i més de 50 activitats culturals al voltant del conceote "Rostre" a càrrec de professionals de la fotografia, el cinema i, en general, les arts visuals.
Se celebra a Granollers i Barcelona.
L'organitza Grisart i el promouen l'Ajuntament de Granollers i Roca Umbert Fàbrica de les Arts.
