{"id":34722,"guid":{"rendered":"https:\/\/graf.cat\/?post_type=event&#038;p=34722"},"modified":"2023-11-23T13:54:09","modified_gmt":"2023-11-23T11:54:09","slug":"visita-comentada-a-daniel-steegmann-mangrane-una-fulla-al-lloc-de-lull","status":"publish","type":"event","link":"https:\/\/graf.cat\/en\/events\/event\/visita-comentada-a-daniel-steegmann-mangrane-una-fulla-al-lloc-de-lull\/","title":{"rendered":"Visita comentada a Daniel Steegmann Mangran\u00e9. Una fulla al lloc de l\u2019ull"},"content":{"rendered":"","protected":false},"excerpt":{"rendered":"","protected":false},"author":24,"featured_media":34723,"template":"","meta":{"_acf_changed":false,"_monsterinsights_skip_tracking":false},"event-venues":[487],"event-tags":[],"class_list":["post-34722","event","type-event","status-publish","has-post-thumbnail","hentry","event-venue-macba-museu-dart-contemporani-de-barcelona","event-category-visita-guiada"],"acf":{"title_ca":"Visita comentada a Daniel Steegmann Mangran\u00e9. Una fulla al lloc de l\u2019ull","title_es":"Visita comentada a Daniel Steegmann Mangran\u00e9. Una hoja en lugar del ojo","title_en":"Guided tour to Daniel Steegmann Mangran\u00e9: A Leaf Shapes the Eye","desc_ca":"Els diumenges, participa a les visites comentades a l\u2019exposici\u00f3 <a href=\"https:\/\/graf.cat\/events\/event\/daniel-steegmann-mangrane-una-fulla-al-lloc-de-lull\/\"><em>Daniel Steegmann Mangran\u00e9. Una fulla al lloc de l\u2019ull<\/em><\/a>.\r\n\r\nLes artistes i investigadores\u00a0<strong>Albert Giron\u00e8s,\u00a0Eva Pai\u00e0\u00a0i\u00a0Marina Ribot Pallicer<\/strong>\u00a0ens proposen un recorregut conjunt per l\u2019exposici\u00f3; una visita en la qual s\u2019acompanya els participants en l\u2019elaboraci\u00f3 d\u2019un relat col\u00b7lectiu, i es posen en di\u00e0leg els coneixements de cadasc\u00fa. Durant el recorregut es compartiran pistes per fer-les ressonar al museu i perqu\u00e8 cada visitant s\u2019emporti un murmuri de l\u2019exposici\u00f3.\r\n\r\nVisites en <strong>castell\u00e0<\/strong>, la segona i la quarta setmana de cada mes. En <strong>catal\u00e0<\/strong>, la resta de les setmanes.\u00a0Per concertar visites en grup, truqueu al 93 481 33 68 o envieu un correu electr\u00f2nic a\u00a0<a class=\"spamspan\" href=\"mailto:macba@macba.cat\">macba@macba.cat<\/a>.","desc_es":"Los domingos, participa en las visitas comentadas a la exposici\u00f3n <a href=\"https:\/\/graf.cat\/es\/events\/event\/daniel-steegmann-mangrane-una-fulla-al-lloc-de-lull\/\"><em>Daniel Steegmann Mangran\u00e9. Una hoja en lugar del ojo<\/em><\/a>.\r\n\r\nLas artistas e investigadoras <strong>Albert Giron\u00e8s, Eva Pai\u00e0 y Marina Ribot Pallicer<\/strong> nos proponen un recorrido conjunto por la exposici\u00f3n; una visita en la que se acompa\u00f1a a los participantes en la elaboraci\u00f3n de un relato colectivo, y se ponen en di\u00e1logo los conocimientos de cada uno. Durante el recorrido se compartir\u00e1n pistas para hacerlas resonar en el museo y para que cada visitante se lleve consigo un murmullo de la exposici\u00f3n.\r\n\r\nVisitas en <strong>castellano<\/strong>, la segunda y cuarta semana de cada mes. En <strong>catal\u00e1n<\/strong>, el resto de semanas.\u00a0Para concertar visitas en grupo hay que llamar al 93 481 33 68 o enviar un correo electr\u00f3nico a <a class=\"spamspan\" href=\"mailto:macba@macba.cat\">macba@macba.cat<\/a>.","desc_en":"On Sundays, enjoy guided tours to the exhibition <a href=\"https:\/\/graf.cat\/en\/events\/event\/daniel-steegmann-mangrane-una-fulla-al-lloc-de-lull\/\"><em>Daniel Steegmann Mangran\u00e9: A Leaf Shapes the Eye<\/em><\/a>.\r\n\r\nThe artists and researchers <strong>Albert Giron\u00e8s, Eva Pai\u00e0 and Marina Ribot Pallicer\u00a0<\/strong>offer a joint tour of the exhibition in which they create a collective story and a dialogue enriched by their personal knowledge. During the tour, audio tracks will be shared to resonate in the museum and so each visitor takes a whisper of the exhibition away with them.\r\n\r\nTours are in <strong>Spanish<\/strong> on the second and fourth week of each week. Tours are in <strong>Catalan<\/strong> on the rest of the weeks.","event_category":245,"event_show_only_own_date":true,"_event_confirmed":true,"_event_public":true,"_event_free":true,"_event_price-min":"","_event_price-max":"","_event_web_ca":"https:\/\/www.macba.cat\/ca\/exposicions-activitats\/activitats\/visites-comentades-daniel-steegmann-mangrane-fulla-al-lloc-lull","_event_web_es":"https:\/\/www.macba.cat\/es\/exposiciones-actividades\/actividades\/visitas-comentadas-daniel-steegmann-mangrane-hoja-lugar-ojo","_event_web_en":"https:\/\/www.macba.cat\/en\/exhibitions-activities\/activities\/guided-tours-daniel-steegmann-mangrane-leaf-shapes-eye","event_contact_email":"","event_apply_email":"macba@macba.cat","is_online_event":false,"is_art_nou_event":false,"is_bgw_event":false,"date_text":"","register_deadline":null,"altres_organitzadors":null},"abe_event_venue":"MACBA, Museu d'Art Contemporani de Barcelona","abe_event_category":"Visita guiada","start":"2023-11-19 12:00:00","end":"2023-11-19 13:00:00","schedule":"custom","schedule_meta":"","frequency":1,"all_day":0,"until":"2023-11-19 12:00:00","include":["2023-11-26 12:00:00","2023-12-03 12:00:00","2023-12-10 12:00:00","2023-12-17 12:00:00","2023-12-24 12:00:00","2023-12-31 12:00:00","2024-01-07 12:00:00","2024-01-14 12:00:00","2024-01-21 12:00:00","2024-01-28 12:00:00","2024-02-04 12:00:00","2024-02-11 12:00:00","2024-02-18 12:00:00","2024-02-25 12:00:00","2024-03-03 12:00:00","2024-03-10 12:00:00","2024-03-17 12:00:00","2024-03-24 12:00:00","2024-03-31 12:00:00","2024-04-07 12:00:00","2024-04-14 12:00:00","2024-04-21 12:00:00","2024-04-28 12:00:00","2024-05-05 12:00:00","2024-05-12 12:00:00","2024-05-19 12:00:00"],"exclude":[],"_links":{"self":[{"href":"https:\/\/graf.cat\/en\/wp-json\/wp\/v2\/events\/34722","targetHints":{"allow":["GET"]}}],"collection":[{"href":"https:\/\/graf.cat\/en\/wp-json\/wp\/v2\/events"}],"about":[{"href":"https:\/\/graf.cat\/en\/wp-json\/wp\/v2\/types\/event"}],"author":[{"embeddable":true,"href":"https:\/\/graf.cat\/en\/wp-json\/wp\/v2\/users\/24"}],"occurrences":[{"embeddable":true,"href":"https:\/\/graf.cat\/en\/wp-json\/wp\/v2\/events\/34722\/occurrences"}],"acf:term":[{"embeddable":true,"taxonomy":"event-category","href":"https:\/\/graf.cat\/en\/wp-json\/wp\/v2\/event-category\/245"}],"wp:featuredmedia":[{"embeddable":true,"href":"https:\/\/graf.cat\/en\/wp-json\/wp\/v2\/media\/34723"}],"wp:attachment":[{"href":"https:\/\/graf.cat\/en\/wp-json\/wp\/v2\/media?parent=34722"}],"wp:term":[{"taxonomy":"event-venue","embeddable":true,"href":"https:\/\/graf.cat\/en\/wp-json\/wp\/v2\/event-venues?post=34722"},{"taxonomy":"event-tag","embeddable":true,"href":"https:\/\/graf.cat\/en\/wp-json\/wp\/v2\/event-tags?post=34722"}],"curies":[{"name":"wp","href":"https:\/\/api.w.org\/{rel}","templated":true}]}}

Visita comentada a Daniel Steegmann Mangrané. Una fulla al lloc de l’ull

Visita comentada a Daniel Steegmann Mangrané. Una hoja en lugar del ojo

Guided tour to Daniel Steegmann Mangrané: A Leaf Shapes the Eye

Els diumenges, participa a les visites comentades a l’exposició <a href="https://graf.cat/events/event/daniel-steegmann-mangrane-una-fulla-al-lloc-de-lull/"><em>Daniel Steegmann Mangrané. Una fulla al lloc de l’ull</em></a>.

Les artistes i investigadores <strong>Albert Gironès, Eva Paià i Marina Ribot Pallicer</strong> ens proposen un recorregut conjunt per l’exposició; una visita en la qual s’acompanya els participants en l’elaboració d’un relat col·lectiu, i es posen en diàleg els coneixements de cadascú. Durant el recorregut es compartiran pistes per fer-les ressonar al museu i perquè cada visitant s’emporti un murmuri de l’exposició.

Visites en <strong>castellà</strong>, la segona i la quarta setmana de cada mes. En <strong>català</strong>, la resta de les setmanes. Per concertar visites en grup, truqueu al 93 481 33 68 o envieu un correu electrònic a <a class="spamspan" href="mailto:macba@macba.cat">macba@macba.cat</a>.

Los domingos, participa en las visitas comentadas a la exposición <a href="https://graf.cat/es/events/event/daniel-steegmann-mangrane-una-fulla-al-lloc-de-lull/"><em>Daniel Steegmann Mangrané. Una hoja en lugar del ojo</em></a>.

Las artistas e investigadoras <strong>Albert Gironès, Eva Paià y Marina Ribot Pallicer</strong> nos proponen un recorrido conjunto por la exposición; una visita en la que se acompaña a los participantes en la elaboración de un relato colectivo, y se ponen en diálogo los conocimientos de cada uno. Durante el recorrido se compartirán pistas para hacerlas resonar en el museo y para que cada visitante se lleve consigo un murmullo de la exposición.

Visitas en <strong>castellano</strong>, la segunda y cuarta semana de cada mes. En <strong>catalán</strong>, el resto de semanas. Para concertar visitas en grupo hay que llamar al 93 481 33 68 o enviar un correo electrónico a <a class="spamspan" href="mailto:macba@macba.cat">macba@macba.cat</a>.

On Sundays, enjoy guided tours to the exhibition <a href="https://graf.cat/en/events/event/daniel-steegmann-mangrane-una-fulla-al-lloc-de-lull/"><em>Daniel Steegmann Mangrané: A Leaf Shapes the Eye</em></a>.

The artists and researchers <strong>Albert Gironès, Eva Paià and Marina Ribot Pallicer </strong>offer a joint tour of the exhibition in which they create a collective story and a dialogue enriched by their personal knowledge. During the tour, audio tracks will be shared to resonate in the museum and so each visitor takes a whisper of the exhibition away with them.

Tours are in <strong>Spanish</strong> on the second and fourth week of each week. Tours are in <strong>Catalan</strong> on the rest of the weeks.
