{"id":36733,"guid":{"rendered":"https:\/\/graf.cat\/?post_type=event&#038;p=36733"},"modified":"2024-02-20T18:34:59","modified_gmt":"2024-02-20T16:34:59","slug":"residencias-konvent-zero","status":"publish","type":"event","link":"https:\/\/graf.cat\/en\/events\/event\/residencias-konvent-zero\/","title":{"rendered":"Resid\u00e8ncies Konvent Zero"},"content":{"rendered":"","protected":false},"excerpt":{"rendered":"","protected":false},"author":166,"featured_media":36736,"template":"","meta":{"_acf_changed":false,"_monsterinsights_skip_tracking":false,"_monsterinsights_sitenote_active":false,"_monsterinsights_sitenote_note":"","_monsterinsights_sitenote_category":0},"event-venues":[650],"event-tags":[],"class_list":["post-36733","event","type-event","status-publish","has-post-thumbnail","hentry","event-venue-konvent-zero","event-category-convocatories"],"acf":{"title_ca":"Resid\u00e8ncies Konvent Zero","title_es":"Residencias Konvent Zero","title_en":"Open Call Rensidency Konvent Zero","desc_ca":"Less resid\u00e8ncies de Konvent tenen l\u2019objectiu de convertir-se en una plataforma d\u2019ajuda per a persones artistes i creadores oferint les condicions d\u2019espai i concentraci\u00f3 adequades per a la investigaci\u00f3 en un entorn \u00fanic com \u00e9s l\u2019antiga col\u00f2nia t\u00e8xtil de Cal Rosal.\r\n\r\nEnguany plategem un nou format de resid\u00e8ncies en que proposem 9 convocat\u00f2ries diferents amb dates espec\u00edfiques per a cada convocat\u00f2ria. La nostra intenci\u00f3 \u00e9s visibilitzar i aprofundir en certes tem\u00e0tiques, disciplines i contextos que creiem que requereixen d\u2019especial atenci\u00f3 dins la contemporane\u00eftat que vivim, aix\u00ed com oferir la possibilitat d\u2019establir vincles amb d\u2019altres comunitats, espais i festivals.\r\n\r\nEn l\u2019edici\u00f3 de resid\u00e8ncies 2024 hem escollit temes que personalment ens remouen, en representaci\u00f3 de la diversitat que existeix dins la creaci\u00f3 art\u00edstica i la nostra societat, escollint fer \u00e8mfasi en col\u00b7lectivitats i disciplines hist\u00f2ricament poc representades, i assumint el comprom\u00eds que ens \u00e9s donat com a centre de i per l\u2019art i la cultura contempor\u00e0nies, per tal d\u2019evolucionar com a poble i societat.\r\n\r\n+INFO: https:\/\/konventzero.com\/Residencies","desc_es":"Las residencias de Konvent tienen el objetivo de convertirse en una plataforma de ayuda para personas artistas y creadoras ofreciendo las condiciones de espacio y concentraci\u00f3n adecuadas para la investigaci\u00f3n en un entorno \u00fanico como es la antigua colonia textil de Cal Rosal.\r\n\r\nEste a\u00f1o plateamos un nuevo formato de residencias en el que proponemos 9 convocatorias diferentes con fechas espec\u00edficas para cada convocatoria. Nuestra intenci\u00f3n es visibilizar y profundizar en ciertas tem\u00e1ticas, disciplinas y contextos que creemos que requieren de especial atenci\u00f3n en la contemporaneidad que vivimos, as\u00ed como ofrecer la posibilidad de establecer v\u00ednculos con otras comunidades, espacios y festivales.\r\n\r\nEn la edici\u00f3n de residencias 2024 hemos escogido temas que personalmente nos remueven, en representaci\u00f3n de la diversidad que existe dentro de la creaci\u00f3n art\u00edstica y nuestra sociedad, escogiendo hacer \u00e9nfasis en colectividades y disciplinas hist\u00f3ricamente poco representadas, y asumiendo el compromiso que nos es dado como centro de y por el arte y la cultura contempor\u00e1neas, para evolucionar como pueblo y sociedad.\r\n\r\n+INFO: https:\/\/konventzero.com\/Residencias","desc_en":"The residencies at Konvent have the goal of becoming a platform to aid artists and creators by providing the adequate conditions of space and concentration required for investigation in a unique environment such as the Cal Rosal textile colony.\r\n\r\nThis year we offer a new residency format in which we propose 9 different open calls with specific dates for each call. Our intention is to give visibility and delve into certain topics, disciplines and contexts that we believe require special attention in the contemporary world we live in, as well as offer the possibility of establishing links with other communities, spaces and festivals.\r\n\r\nFor the 2024 residency edition, we have chosen themes that move us personally, representing the diversity that exists within artistic creation and our society, choosing to emphasize groups and disciplines that have historically been underrepresented, and making true on the commitment that is given to us as center of and for contemporary art and culture, to evolve as a people and society.\r\n\r\n+INFO: The residencies at Konvent have the goal of becoming a platform to aid artists and creators by providing the adequate conditions of space and concentration required for investigation in a unique environment such as the Cal Rosal textile colony.\r\n\r\nThis year we offer a new residency format in which we propose 9 different open calls with specific dates for each call. Our intention is to give visibility and delve into certain topics, disciplines and contexts that we believe require special attention in the contemporary world we live in, as well as offer the possibility of establishing links with other communities, spaces and festivals.\r\n\r\nFor the 2024 residency edition, we have chosen themes that move us personally, representing the diversity that exists within artistic creation and our society, choosing to emphasize groups and disciplines that have historically been underrepresented, and making true on the commitment that is given to us as center of and for contemporary art and culture, to evolve as a people and society.\r\n\r\n+INFO: https:\/\/konventzero.com\/Residence","event_category":77,"event_show_only_own_date":true,"_event_confirmed":false,"_event_public":true,"_event_free":false,"_event_price-min":"","_event_price-max":"","_event_web_ca":"https:\/\/konventzero.com\/Residencies","_event_web_es":"https:\/\/konventzero.com\/Residencias","_event_web_en":"https:\/\/konventzero.com\/Residence","event_contact_email":"konventresidencia@gmail.com","event_apply_email":"","is_online_event":false,"is_art_nou_event":false,"is_bgw_event":false,"date_text":"","register_deadline":null,"altres_organitzadors":null},"abe_event_venue":"Konvent Zero","abe_event_category":"Convocat\u00f2ries","start":"2024-02-20 00:00:00","end":"2024-03-15 23:59:00","schedule":"once","schedule_meta":"","frequency":1,"all_day":1,"until":"2024-02-20 00:00:00","include":[],"exclude":[],"_links":{"self":[{"href":"https:\/\/graf.cat\/en\/wp-json\/wp\/v2\/events\/36733","targetHints":{"allow":["GET"]}}],"collection":[{"href":"https:\/\/graf.cat\/en\/wp-json\/wp\/v2\/events"}],"about":[{"href":"https:\/\/graf.cat\/en\/wp-json\/wp\/v2\/types\/event"}],"author":[{"embeddable":true,"href":"https:\/\/graf.cat\/en\/wp-json\/wp\/v2\/users\/166"}],"occurrences":[{"embeddable":true,"href":"https:\/\/graf.cat\/en\/wp-json\/wp\/v2\/events\/36733\/occurrences"}],"acf:term":[{"embeddable":true,"taxonomy":"event-category","href":"https:\/\/graf.cat\/en\/wp-json\/wp\/v2\/event-category\/77"}],"wp:featuredmedia":[{"embeddable":true,"href":"https:\/\/graf.cat\/en\/wp-json\/wp\/v2\/media\/36736"}],"wp:attachment":[{"href":"https:\/\/graf.cat\/en\/wp-json\/wp\/v2\/media?parent=36733"}],"wp:term":[{"taxonomy":"event-venue","embeddable":true,"href":"https:\/\/graf.cat\/en\/wp-json\/wp\/v2\/event-venues?post=36733"},{"taxonomy":"event-tag","embeddable":true,"href":"https:\/\/graf.cat\/en\/wp-json\/wp\/v2\/event-tags?post=36733"}],"curies":[{"name":"wp","href":"https:\/\/api.w.org\/{rel}","templated":true}]}}

Residències Konvent Zero

Less residències de Konvent tenen l’objectiu de convertir-se en una plataforma d’ajuda per a persones artistes i creadores oferint les condicions d’espai i concentració adequades per a la investigació en un entorn únic com és l’antiga colònia tèxtil de Cal Rosal.

Enguany plategem un nou format de residències en que proposem 9 convocatòries diferents amb dates específiques per a cada convocatòria. La nostra intenció és visibilitzar i aprofundir en certes temàtiques, disciplines i contextos que creiem que requereixen d’especial atenció dins la contemporaneïtat que vivim, així com oferir la possibilitat d’establir vincles amb d’altres comunitats, espais i festivals.

En l’edició de residències 2024 hem escollit temes que personalment ens remouen, en representació de la diversitat que existeix dins la creació artística i la nostra societat, escollint fer èmfasi en col·lectivitats i disciplines històricament poc representades, i assumint el compromís que ens és donat com a centre de i per l’art i la cultura contemporànies, per tal d’evolucionar com a poble i societat.

+INFO: https://konventzero.com/Residencies

Las residencias de Konvent tienen el objetivo de convertirse en una plataforma de ayuda para personas artistas y creadoras ofreciendo las condiciones de espacio y concentración adecuadas para la investigación en un entorno único como es la antigua colonia textil de Cal Rosal.

Este año plateamos un nuevo formato de residencias en el que proponemos 9 convocatorias diferentes con fechas específicas para cada convocatoria. Nuestra intención es visibilizar y profundizar en ciertas temáticas, disciplinas y contextos que creemos que requieren de especial atención en la contemporaneidad que vivimos, así como ofrecer la posibilidad de establecer vínculos con otras comunidades, espacios y festivales.

En la edición de residencias 2024 hemos escogido temas que personalmente nos remueven, en representación de la diversidad que existe dentro de la creación artística y nuestra sociedad, escogiendo hacer énfasis en colectividades y disciplinas históricamente poco representadas, y asumiendo el compromiso que nos es dado como centro de y por el arte y la cultura contemporáneas, para evolucionar como pueblo y sociedad.

+INFO: https://konventzero.com/Residencias

Convocatòries
