{"id":37233,"guid":{"rendered":"https:\/\/graf.cat\/?post_type=event&#038;p=37233"},"modified":"2024-09-23T18:23:12","modified_gmt":"2024-09-23T16:23:12","slug":"todo-es-transitorio-hay-sufrimiento-en-las-personas-ninguna-esencia-es-solida","status":"publish","type":"event","link":"https:\/\/graf.cat\/en\/events\/event\/todo-es-transitorio-hay-sufrimiento-en-las-personas-ninguna-esencia-es-solida\/","title":{"rendered":"Tot \u00e9s transitori, hi ha sofriment en les persones, cap ess\u00e8ncia \u00e9s s\u00f2lida"},"content":{"rendered":"","protected":false},"excerpt":{"rendered":"","protected":false},"author":30,"featured_media":41561,"template":"","meta":{"_acf_changed":false,"_monsterinsights_skip_tracking":false,"_monsterinsights_sitenote_active":false,"_monsterinsights_sitenote_note":"","_monsterinsights_sitenote_category":0},"event-venues":[127],"event-tags":[],"class_list":["post-37233","event","type-event","status-publish","has-post-thumbnail","hentry","event-venue-hangar","event-category-screening"],"acf":{"title_ca":"Tot \u00e9s transitori, hi ha sofriment en les persones, cap ess\u00e8ncia \u00e9s s\u00f2lida","title_es":"Todo es transitorio, hay sufrimiento en las personas, ninguna esencia es s\u00f3lida","title_en":"Todo es transitorio, hay sufrimiento en las personas, ninguna esencia es s\u00f3lida","desc_ca":"<div class=\"txt_intro\">\r\n\r\n<b><strong>Projecci\u00f3 d'<\/strong><\/b><em><strong>El canto de la abubilla<\/strong><\/em><b><strong> de <a href=\"https:\/\/hamacaonline.net\/authors\/serra-toni-abu-ali\/\">Toni Serra \/ Abu Ali<\/a> amb la intervenci\u00f3 de Beatriz Regueira.<\/strong><\/b>\r\n<div class=\"newspaper col-sm-9\">\r\n\r\n<em><strong>El canto de la abubilla <\/strong><\/em>(2015) \u00e9s un viatge de cerca interior a trav\u00e9s de la deriva en diferents paisatges i escenes exteriors que remeten al cant del cor. Per a <a href=\"https:\/\/hamacaonline.net\/authors\/serra-toni-abu-ali\/\"><strong>Toni Serra \/ Abu Ali<\/strong><\/a>, el seu autor, oblidar aquest cant ens porta a diferents paisatges de l'\u00e0nima caracteritzats per una sensaci\u00f3 de p\u00e8rdua i desorientaci\u00f3, erms de l'\u00e0nima i de les ciutats on buscant el que no sabem, a vegades trobem laberints inquietants. \u00abAll\u00ed perduts, amb l'\u00fanica refer\u00e8ncia hipn\u00f2tica de la llum, demanem un cam\u00ed per a continuar vius... Un cam\u00ed no escrit, i alhora un cam\u00ed i no un altre, un cam\u00ed \u00fanic per a cada \u00e9sser hum\u00e0...\u00bb\r\n\r\nLa projecci\u00f3 d'aquesta pe\u00e7a vindr\u00e0 acompanyada de la intervenci\u00f3 de <strong>Beatriz Regueira<\/strong>, que a partir d'ell plantejar\u00e0 les seves reflexions entorn de la pregunta: com continuar creient en el poder de la gent? La traject\u00f2ria de recerca en \u00e0mbits de l'art i el pensament contemporani de Beatriz tenen un encreuament particularment interessant amb el seu cam\u00ed espiritual a trav\u00e9s del budisme. Per aix\u00f2, des d'aquests \u00e0mbits, la nostra convidada proposar\u00e0 entendre'ns des de la interdepend\u00e8ncia i transitorietat ontol\u00f2gica, des de la qual permetre'ns dibuixar un camp de conviv\u00e8ncia entre diferents i en possibles relacions de \u00abconflicte respectu\u00f3s\u00bb.\r\n\r\n<strong>Beatriz Regueira<\/strong> \u00e9s investigadora, professora, artista i mediadora, doctora en Belles arts (UB, 2021). La seva recerca aborda la subjectivitat a trav\u00e9s de les pr\u00e0ctiques feministes, meditatives i antipsiqui\u00e0triques, explorant des de diferents somat\u00e8cnias i el v\u00eddeo-assaig la simptomatologia dels cossos en malestar. Forma part de <em>Theoria. Conocimiento encarnado<\/em>, projecte col\u00b7lectiu que explora la dimensi\u00f3 afectiva del coneixement i l'experi\u00e8ncia a trav\u00e9s de diverses somat\u00e8cnias.\r\n\r\n<a href=\"https:\/\/hamacaonline.net\/authors\/serra-toni-abu-ali\/\"><strong>Toni Serra \/ Abu Ali <\/strong><\/a>(Manresa, 1960-Barcelona, 2019) es va llicenciar en Hist\u00f2ria de l'Art per la Universitat de Barcelona i es va formar en videoart en CUNY Brooklyn i altres centres de Nova York. El seu treball ha reflexionat i experimentat sobre la relaci\u00f3 del v\u00eddeo amb l'experi\u00e8ncia interior i les visions que transiten entre el real i l'irreal, el somni i la vig\u00edlia. Els Estats Units, el Marroc, T\u00e0nger i l'Atles s\u00f3n alguns dels seus paisatges habituals. Va ser co-director i membre fundador dels <a href=\"https:\/\/www.desorg.org\/\">Arxius OVNI [Observatori de V\u00eddeo No Identificat]<\/a>.\r\n\r\n<strong>Lloc:<\/strong> Hangar\r\n<strong>Data i horari: <\/strong>9 de juliol, 19:00 h\r\nPreu gratu\u00eft, entrada lliure fins a completar aforament.\r\n\r\n<em>Tot \u00e9s transitori, hi ha sofriment en les persones, cap ess\u00e8ncia \u00e9s s\u00f2lida <\/em>\u00e9s part del programa d'hivern <strong><em>Com continuar creient en el poder de la gent<\/em><\/strong>.\r\n\r\nAquesta sessi\u00f3 forma part del programa anual <a href=\"https:\/\/artssantamonica.gencat.cat\/ca\/detall\/Dimarts-de-video-00036\"><em>Dimarts de v\u00eddeo<\/em><\/a> en el Santa M\u00f2nica.\r\n\r\n<\/div>\r\n<\/div>","desc_es":"<div class=\"txt_intro\">\r\n\r\n<strong>Proyecci\u00f3n de<\/strong> <em><strong>El canto de la abubilla<\/strong><\/em><b><strong> de <a href=\"https:\/\/hamacaonline.net\/authors\/serra-toni-abu-ali\/\">Toni Serra \/ Abu Ali<\/a> junto a una intervenci\u00f3n de Beatriz Regueira.<\/strong><\/b>\r\n<div class=\"newspaper col-sm-9\">\r\n\r\n<em><strong>El canto de la abubilla <\/strong><\/em>(2015) es un viaje de b\u00fasqueda interior a trav\u00e9s de la deriva en diferentes paisajes y escenas exteriores que remiten al canto del coraz\u00f3n. Para <a href=\"https:\/\/hamacaonline.net\/authors\/serra-toni-abu-ali\/\"><strong>Toni Serra \/ Abu Ali<\/strong><\/a>, su autor, olvidar este canto nos lleva a diferentes paisajes del alma caracterizados por una sensaci\u00f3n de p\u00e9rdida y desorientaci\u00f3n, p\u00e1ramos del alma y de las ciudades donde buscando lo que no sabemos, a veces encontramos laberintos inquietantes. \u00abAll\u00ed perdidos, con la \u00fanica referencia hipn\u00f3tica de la luz, pedimos un camino para seguir vivos... Un camino no escrito, y a la vez un camino y no otro, un camino \u00fanico para cada ser humano...\u00bb\r\n\r\nLa proyecci\u00f3n de esta pieza vendr\u00e1 acompa\u00f1ada de la intervenci\u00f3n de <strong>Beatriz Regueira<\/strong>, que a partir de \u00e9l plantear\u00e1 sus reflexiones en torno a la pregunta: \u00bfc\u00f3mo seguir creyendo en el poder de la gente? La trayectoria de investigaci\u00f3n en \u00e1mbitos del arte y el pensamiento contempor\u00e1neo de Beatriz tienen un cruce particularmente interesante con su camino espiritual a trav\u00e9s del budismo. Por ello, desde estos \u00e1mbitos, nuestra invitada propondr\u00e1 entendernos desde la interdependencia y transitoriedad ontol\u00f3gica, desde la cual permitirnos dibujar un campo de convivencia entre diferentes y en posibles relaciones de \u00abconflicto respetuoso\u00bb.\r\n\r\n<strong>Beatriz Regueira<\/strong> es investigadora, profesora, artista y mediadora, doctora en Bellas Artes (UB, 2021). Su investigaci\u00f3n aborda la subjetividad a trav\u00e9s de las pr\u00e1cticas feministas, meditativas y antipsiqui\u00e1tricas, explorando desde diferentes somatecnias y el videoensayo la sintomatolog\u00eda de los cuerpos en malestar. Forma parte de <em>Theoria. Conocimiento encarnado,<\/em> proyecto colectivo que explora la dimensi\u00f3n afectiva del conocimiento y la experiencia a trav\u00e9s de varias somatecnias.\r\n\r\n<a href=\"https:\/\/hamacaonline.net\/authors\/serra-toni-abu-ali\/\"><strong>Toni Serra \/ Abu Ali <\/strong><\/a>(Manresa, 1960-Barcelona, 2019) se licenci\u00f3 en Historia del Arte por la Universidad de Barcelona y se form\u00f3 en videoarte en CUNY Brooklyn y otros centros de Nueva York. Su trabajo ha reflexionado y experimentado sobre la relaci\u00f3n del v\u00eddeo con la experiencia interior y las visiones que transitan entre lo real y lo irreal, el sue\u00f1o y la vigilia. Estados Unidos, Marruecos, T\u00e1nger y el Atlas son algunos de sus paisajes habituales. Fue co-director y miembro fundador de los <a href=\"https:\/\/www.desorg.org\/\">Archivos OVNI [Observatorio de Video No Identificado]<\/a>.\r\n\r\n<strong>Lugar:<\/strong> Hangar\r\n<strong>Fecha y hora:<\/strong> 9 de julio, 19:00 h\r\nPrecio gratuito, entrada libre hasta completar aforo\r\n\r\n<em>Todo es transitorio, hay sufrimiento en las personas, ninguna esencia es s\u00f3lida<\/em> es parte del programa primavera-verano <em><strong>C\u00f3mo seguir creyendo en el poder de la gente<\/strong><\/em>.\r\n\r\nEsta sesi\u00f3n forma parte del programa anual <a href=\"https:\/\/artssantamonica.gencat.cat\/ca\/detall\/Dimarts-de-video-00036\"><em>Martes de v\u00eddeo<\/em><\/a> en el Centro Santa M\u00f2nica.\r\n\r\n<\/div>\r\n<\/div>","desc_en":"<div class=\"txt_intro\">\r\n\r\n<strong>Proyecci\u00f3n de<\/strong> <em><strong>El canto de la abubilla<\/strong><\/em><b><strong> de <a href=\"https:\/\/hamacaonline.net\/authors\/serra-toni-abu-ali\/\">Toni Serra \/ Abu Ali<\/a> junto a una intervenci\u00f3n de Beatriz Regueira.<\/strong><\/b>\r\n\r\n<\/div>","event_category":219,"event_show_only_own_date":false,"_event_confirmed":true,"_event_public":true,"_event_free":true,"_event_price-min":"","_event_price-max":"","_event_web_ca":"https:\/\/hamacaonline.net\/projects\/tot-es-transitori-hi-ha-sofriment-en-les-persones-cap-essencia-es-solida\/","_event_web_es":"https:\/\/hamacaonline.net\/projects\/tot-es-transitori-hi-ha-sofriment-en-les-persones-cap-essencia-es-solida\/","_event_web_en":"https:\/\/hamacaonline.net\/projects\/tot-es-transitori-hi-ha-sofriment-en-les-persones-cap-essencia-es-solida\/","event_contact_email":"","event_apply_email":"","is_online_event":false,"is_art_nou_event":false,"is_bgw_event":false,"date_text":"9 de juliol, 19:00 h","register_deadline":null,"altres_organitzadors":""},"abe_event_venue":"Hangar","abe_event_category":"Screening","start":"2024-07-09 19:00:00","end":"2024-07-09 20:15:00","schedule":"once","schedule_meta":"","frequency":1,"all_day":0,"until":"2024-07-09 19:00:00","include":[],"exclude":[],"_links":{"self":[{"href":"https:\/\/graf.cat\/en\/wp-json\/wp\/v2\/events\/37233","targetHints":{"allow":["GET"]}}],"collection":[{"href":"https:\/\/graf.cat\/en\/wp-json\/wp\/v2\/events"}],"about":[{"href":"https:\/\/graf.cat\/en\/wp-json\/wp\/v2\/types\/event"}],"author":[{"embeddable":true,"href":"https:\/\/graf.cat\/en\/wp-json\/wp\/v2\/users\/30"}],"occurrences":[{"embeddable":true,"href":"https:\/\/graf.cat\/en\/wp-json\/wp\/v2\/events\/37233\/occurrences"}],"acf:term":[{"embeddable":true,"taxonomy":"event-category","href":"https:\/\/graf.cat\/en\/wp-json\/wp\/v2\/event-category\/219"}],"wp:featuredmedia":[{"embeddable":true,"href":"https:\/\/graf.cat\/en\/wp-json\/wp\/v2\/media\/41561"}],"wp:attachment":[{"href":"https:\/\/graf.cat\/en\/wp-json\/wp\/v2\/media?parent=37233"}],"wp:term":[{"taxonomy":"event-venue","embeddable":true,"href":"https:\/\/graf.cat\/en\/wp-json\/wp\/v2\/event-venues?post=37233"},{"taxonomy":"event-tag","embeddable":true,"href":"https:\/\/graf.cat\/en\/wp-json\/wp\/v2\/event-tags?post=37233"}],"curies":[{"name":"wp","href":"https:\/\/api.w.org\/{rel}","templated":true}]}}

Tot és transitori, hi ha sofriment en les persones, cap essència és sòlida

Todo es transitorio, hay sufrimiento en las personas, ninguna esencia es sólida

<div class="txt_intro">

<b><strong>Projecció d'</strong></b><em><strong>El canto de la abubilla</strong></em><b><strong> de <a href="https://hamacaonline.net/authors/serra-toni-abu-ali/">Toni Serra / Abu Ali</a> amb la intervenció de Beatriz Regueira.</strong></b>
<div class="newspaper col-sm-9">

<em><strong>El canto de la abubilla </strong></em>(2015) és un viatge de cerca interior a través de la deriva en diferents paisatges i escenes exteriors que remeten al cant del cor. Per a <a href="https://hamacaonline.net/authors/serra-toni-abu-ali/"><strong>Toni Serra / Abu Ali</strong></a>, el seu autor, oblidar aquest cant ens porta a diferents paisatges de l'ànima caracteritzats per una sensació de pèrdua i desorientació, erms de l'ànima i de les ciutats on buscant el que no sabem, a vegades trobem laberints inquietants. «Allí perduts, amb l'única referència hipnòtica de la llum, demanem un camí per a continuar vius... Un camí no escrit, i alhora un camí i no un altre, un camí únic per a cada ésser humà...»

La projecció d'aquesta peça vindrà acompanyada de la intervenció de <strong>Beatriz Regueira</strong>, que a partir d'ell plantejarà les seves reflexions entorn de la pregunta: com continuar creient en el poder de la gent? La trajectòria de recerca en àmbits de l'art i el pensament contemporani de Beatriz tenen un encreuament particularment interessant amb el seu camí espiritual a través del budisme. Per això, des d'aquests àmbits, la nostra convidada proposarà entendre'ns des de la interdependència i transitorietat ontològica, des de la qual permetre'ns dibuixar un camp de convivència entre diferents i en possibles relacions de «conflicte respectuós».

<strong>Beatriz Regueira</strong> és investigadora, professora, artista i mediadora, doctora en Belles arts (UB, 2021). La seva recerca aborda la subjectivitat a través de les pràctiques feministes, meditatives i antipsiquiàtriques, explorant des de diferents somatècnias i el vídeo-assaig la simptomatologia dels cossos en malestar. Forma part de <em>Theoria. Conocimiento encarnado</em>, projecte col·lectiu que explora la dimensió afectiva del coneixement i l'experiència a través de diverses somatècnias.

<a href="https://hamacaonline.net/authors/serra-toni-abu-ali/"><strong>Toni Serra / Abu Ali </strong></a>(Manresa, 1960-Barcelona, 2019) es va llicenciar en Història de l'Art per la Universitat de Barcelona i es va formar en videoart en CUNY Brooklyn i altres centres de Nova York. El seu treball ha reflexionat i experimentat sobre la relació del vídeo amb l'experiència interior i les visions que transiten entre el real i l'irreal, el somni i la vigília. Els Estats Units, el Marroc, Tànger i l'Atles són alguns dels seus paisatges habituals. Va ser co-director i membre fundador dels <a href="https://www.desorg.org/">Arxius OVNI [Observatori de Vídeo No Identificat]</a>.

<strong>Lloc:</strong> Hangar
<strong>Data i horari: </strong>9 de juliol, 19:00 h
Preu gratuït, entrada lliure fins a completar aforament.

<em>Tot és transitori, hi ha sofriment en les persones, cap essència és sòlida </em>és part del programa d'hivern <strong><em>Com continuar creient en el poder de la gent</em></strong>.

Aquesta sessió forma part del programa anual <a href="https://artssantamonica.gencat.cat/ca/detall/Dimarts-de-video-00036"><em>Dimarts de vídeo</em></a> en el Santa Mònica.

</div>
</div>

<div class="txt_intro">

<strong>Proyección de</strong> <em><strong>El canto de la abubilla</strong></em><b><strong> de <a href="https://hamacaonline.net/authors/serra-toni-abu-ali/">Toni Serra / Abu Ali</a> junto a una intervención de Beatriz Regueira.</strong></b>
<div class="newspaper col-sm-9">

<em><strong>El canto de la abubilla </strong></em>(2015) es un viaje de búsqueda interior a través de la deriva en diferentes paisajes y escenas exteriores que remiten al canto del corazón. Para <a href="https://hamacaonline.net/authors/serra-toni-abu-ali/"><strong>Toni Serra / Abu Ali</strong></a>, su autor, olvidar este canto nos lleva a diferentes paisajes del alma caracterizados por una sensación de pérdida y desorientación, páramos del alma y de las ciudades donde buscando lo que no sabemos, a veces encontramos laberintos inquietantes. «Allí perdidos, con la única referencia hipnótica de la luz, pedimos un camino para seguir vivos... Un camino no escrito, y a la vez un camino y no otro, un camino único para cada ser humano...»

La proyección de esta pieza vendrá acompañada de la intervención de <strong>Beatriz Regueira</strong>, que a partir de él planteará sus reflexiones en torno a la pregunta: ¿cómo seguir creyendo en el poder de la gente? La trayectoria de investigación en ámbitos del arte y el pensamiento contemporáneo de Beatriz tienen un cruce particularmente interesante con su camino espiritual a través del budismo. Por ello, desde estos ámbitos, nuestra invitada propondrá entendernos desde la interdependencia y transitoriedad ontológica, desde la cual permitirnos dibujar un campo de convivencia entre diferentes y en posibles relaciones de «conflicto respetuoso».

<strong>Beatriz Regueira</strong> es investigadora, profesora, artista y mediadora, doctora en Bellas Artes (UB, 2021). Su investigación aborda la subjetividad a través de las prácticas feministas, meditativas y antipsiquiátricas, explorando desde diferentes somatecnias y el videoensayo la sintomatología de los cuerpos en malestar. Forma parte de <em>Theoria. Conocimiento encarnado,</em> proyecto colectivo que explora la dimensión afectiva del conocimiento y la experiencia a través de varias somatecnias.

<a href="https://hamacaonline.net/authors/serra-toni-abu-ali/"><strong>Toni Serra / Abu Ali </strong></a>(Manresa, 1960-Barcelona, 2019) se licenció en Historia del Arte por la Universidad de Barcelona y se formó en videoarte en CUNY Brooklyn y otros centros de Nueva York. Su trabajo ha reflexionado y experimentado sobre la relación del vídeo con la experiencia interior y las visiones que transitan entre lo real y lo irreal, el sueño y la vigilia. Estados Unidos, Marruecos, Tánger y el Atlas son algunos de sus paisajes habituales. Fue co-director y miembro fundador de los <a href="https://www.desorg.org/">Archivos OVNI [Observatorio de Video No Identificado]</a>.

<strong>Lugar:</strong> Hangar
<strong>Fecha y hora:</strong> 9 de julio, 19:00 h
Precio gratuito, entrada libre hasta completar aforo

<em>Todo es transitorio, hay sufrimiento en las personas, ninguna esencia es sólida</em> es parte del programa primavera-verano <em><strong>Cómo seguir creyendo en el poder de la gente</strong></em>.

Esta sesión forma parte del programa anual <a href="https://artssantamonica.gencat.cat/ca/detall/Dimarts-de-video-00036"><em>Martes de vídeo</em></a> en el Centro Santa Mònica.

</div>
</div>

<div class="txt_intro">

<strong>Proyección de</strong> <em><strong>El canto de la abubilla</strong></em><b><strong> de <a href="https://hamacaonline.net/authors/serra-toni-abu-ali/">Toni Serra / Abu Ali</a> junto a una intervención de Beatriz Regueira.</strong></b>

</div>
