{"id":37262,"guid":{"rendered":"https:\/\/graf.cat\/?post_type=event&#038;p=37262"},"modified":"2024-03-19T09:55:41","modified_gmt":"2024-03-19T07:55:41","slug":"dimarts-de-video-a-la-chita-callando-dalicia-reyero","status":"publish","type":"event","link":"https:\/\/graf.cat\/en\/events\/event\/dimarts-de-video-a-la-chita-callando-dalicia-reyero\/","title":{"rendered":"Dimarts de v\u00eddeo \/ \u201cA la chita callando\u201d d\u2019Alicia Reyero"},"content":{"rendered":"","protected":false},"excerpt":{"rendered":"","protected":false},"author":19,"featured_media":37263,"template":"","meta":{"_acf_changed":false,"_monsterinsights_skip_tracking":false,"_monsterinsights_sitenote_active":false,"_monsterinsights_sitenote_note":"","_monsterinsights_sitenote_category":0},"event-venues":[560],"event-tags":[],"class_list":["post-37262","event","type-event","status-publish","has-post-thumbnail","hentry","event-venue-santa-monica","event-category-screening"],"acf":{"title_ca":"Dimarts de v\u00eddeo \/ \u201cA la chita callando\u201d d\u2019Alicia Reyero","title_es":"Martes de v\u00eddeo \/ \u201cA la chita callando\u201d de Alicia Reyero","title_en":"Tuesdays of video \/ \u201cA la chita callando\u201d by Alicia Reyero","desc_ca":"<em>A la Chita Callando<\/em>\u00a0\u00e9s un projecte de creaci\u00f3 viu sobre el SILENCI i el seu contingut, partint dels silencis heretats a la casa familiar i transportats als \u00e0mbits afectiu, social, pol\u00edtic i institucional. \u00c9s tot el que fem per aconseguir quelcom, per\u00f2 que no diem.\r\n\r\nTracta l\u2019her\u00e8ncia, la moral i posa de manifest els vincles que uneixen a les persones independentment de la seva condici\u00f3 i context social a trav\u00e9s d\u2019elements que s\u00f3n comuns a totes: la casa, la roba i el silenci.\r\n\r\n<em>A la Chita Callando<\/em>\u00a0va ser inicialment concebuda com a pe\u00e7a esc\u00e8nica fruit d\u2019un proc\u00e9s de creaci\u00f3 col\u00b7lectiva de sis int\u00e8rprets i, curiosament, va ser una cadena de silencis institucionals que va provocar que es convert\u00eds en una pe\u00e7a audiovisual, per poder dignificar la feina de totes les persones que hi van treballar.","desc_es":"<em>A la Chita Callando<\/em>\u00a0es un proyecto de creaci\u00f3n vivo sobre el SILENCIO y su contenido, partiendo de los silencios heredados en la casa familiar y transportados a los \u00e1mbitos afectivo, social, pol\u00edtico e institucional. Es todo lo que hacemos para conseguir algo, pero que no decimos.\r\n\r\nTrata sobre la herencia y la moral, y pone de manifiesto los v\u00ednculos que unen a las personas independientemente de su condici\u00f3n y contexto social, a trav\u00e9s de elementos que son comunes a todas: la casa, la ropa y el silencio.\r\n\r\n<em>A la Chita Callando<\/em>\u00a0fue inicialmente concebida como una pieza esc\u00e9nica fruto de un proceso de creaci\u00f3n colectiva de seis int\u00e9rpretes y, curiosamente, fue una cadena de silencios institucionales que provoc\u00f3 que se convirtiera en una pieza audiovisual, para poder dignificar el trabajo de todas las personas que trabajaron en ella.","desc_en":"<em>A la Chita Callando<\/em>\u00a0is a live creation project about SILENCE and its content, starting from the silences inherited in the family home and transported to the affective, social, political and institutional spheres. It is everything we do to achieve something, but do not say.\r\n\r\nIt deals with inheritance and morality, and highlights the bonds that unite people regardless of their condition and social context, through elements that are common to all: the house, clothes and silence.\r\n\r\n<em>A la Chita Callando<\/em>\u00a0was initially conceived as a stage piece, the result of a collective creation process of six performers and, curiously, it was a chain of institutional silences that caused it to become an audiovisual piece, in order to dignify the work of all the people who worked on it.","event_category":219,"event_show_only_own_date":true,"_event_confirmed":true,"_event_public":true,"_event_free":true,"_event_price-min":"","_event_price-max":"","_event_web_ca":"https:\/\/artssantamonica.gencat.cat\/ca\/detall\/Dimarts-de-video-00088","_event_web_es":"https:\/\/artssantamonica.gencat.cat\/es\/detall\/Dimarts-de-video-00088","_event_web_en":"https:\/\/artssantamonica.gencat.cat\/en\/detall\/Dimarts-de-video-00088","event_contact_email":"santamonica@gencat.cat","event_apply_email":"","is_online_event":false,"is_art_nou_event":false,"is_bgw_event":false,"date_text":"","register_deadline":null,"altres_organitzadors":null},"abe_event_venue":"Santa M\u00f2nica","abe_event_category":"Screening","start":"2024-04-02 19:00:00","end":"2024-04-02 20:00:00","schedule":"once","schedule_meta":"","frequency":1,"all_day":0,"until":"2024-04-02 19:00:00","include":[],"exclude":[],"_links":{"self":[{"href":"https:\/\/graf.cat\/en\/wp-json\/wp\/v2\/events\/37262","targetHints":{"allow":["GET"]}}],"collection":[{"href":"https:\/\/graf.cat\/en\/wp-json\/wp\/v2\/events"}],"about":[{"href":"https:\/\/graf.cat\/en\/wp-json\/wp\/v2\/types\/event"}],"author":[{"embeddable":true,"href":"https:\/\/graf.cat\/en\/wp-json\/wp\/v2\/users\/19"}],"occurrences":[{"embeddable":true,"href":"https:\/\/graf.cat\/en\/wp-json\/wp\/v2\/events\/37262\/occurrences"}],"acf:term":[{"embeddable":true,"taxonomy":"event-category","href":"https:\/\/graf.cat\/en\/wp-json\/wp\/v2\/event-category\/219"}],"wp:featuredmedia":[{"embeddable":true,"href":"https:\/\/graf.cat\/en\/wp-json\/wp\/v2\/media\/37263"}],"wp:attachment":[{"href":"https:\/\/graf.cat\/en\/wp-json\/wp\/v2\/media?parent=37262"}],"wp:term":[{"taxonomy":"event-venue","embeddable":true,"href":"https:\/\/graf.cat\/en\/wp-json\/wp\/v2\/event-venues?post=37262"},{"taxonomy":"event-tag","embeddable":true,"href":"https:\/\/graf.cat\/en\/wp-json\/wp\/v2\/event-tags?post=37262"}],"curies":[{"name":"wp","href":"https:\/\/api.w.org\/{rel}","templated":true}]}}

Dimarts de vídeo / “A la chita callando” d’Alicia Reyero

Martes de vídeo / “A la chita callando” de Alicia Reyero

<em>A la Chita Callando</em> és un projecte de creació viu sobre el SILENCI i el seu contingut, partint dels silencis heretats a la casa familiar i transportats als àmbits afectiu, social, polític i institucional. És tot el que fem per aconseguir quelcom, però que no diem.

Tracta l’herència, la moral i posa de manifest els vincles que uneixen a les persones independentment de la seva condició i context social a través d’elements que són comuns a totes: la casa, la roba i el silenci.

<em>A la Chita Callando</em> va ser inicialment concebuda com a peça escènica fruit d’un procés de creació col·lectiva de sis intèrprets i, curiosament, va ser una cadena de silencis institucionals que va provocar que es convertís en una peça audiovisual, per poder dignificar la feina de totes les persones que hi van treballar.

<em>A la Chita Callando</em> es un proyecto de creación vivo sobre el SILENCIO y su contenido, partiendo de los silencios heredados en la casa familiar y transportados a los ámbitos afectivo, social, político e institucional. Es todo lo que hacemos para conseguir algo, pero que no decimos.

Trata sobre la herencia y la moral, y pone de manifiesto los vínculos que unen a las personas independientemente de su condición y contexto social, a través de elementos que son comunes a todas: la casa, la ropa y el silencio.

<em>A la Chita Callando</em> fue inicialmente concebida como una pieza escénica fruto de un proceso de creación colectiva de seis intérpretes y, curiosamente, fue una cadena de silencios institucionales que provocó que se convirtiera en una pieza audiovisual, para poder dignificar el trabajo de todas las personas que trabajaron en ella.

Santa Mònica
