{"id":38138,"guid":{"rendered":"https:\/\/graf.cat\/?post_type=event&#038;p=38138"},"modified":"2024-05-06T19:00:11","modified_gmt":"2024-05-06T17:00:11","slug":"the-collector-is-present","status":"publish","type":"event","link":"https:\/\/graf.cat\/en\/events\/event\/the-collector-is-present\/","title":{"rendered":"The Collector is Present"},"content":{"rendered":"","protected":false},"excerpt":{"rendered":"","protected":false},"author":112,"featured_media":38139,"template":"","meta":{"_acf_changed":false,"_monsterinsights_skip_tracking":false,"_monsterinsights_sitenote_active":false,"_monsterinsights_sitenote_note":"","_monsterinsights_sitenote_category":0},"event-venues":[],"event-tags":[],"class_list":["post-38138","event","type-event","status-publish","has-post-thumbnail","hentry","event-category-altres"],"acf":{"title_ca":"The Collector is Present","title_es":"The Collector is Present","title_en":"The Collector is Present","desc_ca":"Del\u00a0<b>9 a l'11 de maig<\/b>, celebrem la segona edici\u00f3 de<b>\u00a0The Collector is Present<\/b>, un programa fruit de la col\u00b7laboraci\u00f3 entre col\u00b7leccionistes i galeristes de Barcelona Gallery Weekend.\r\n\r\nPrograma complet: <a href=\"https:\/\/barcelonagalleryweekend.com\/pdf\/thecollector\/20240506173327_7281_The-Collector-is-Present---Programa-CAT.pdf\" target=\"_blank\" rel=\"noopener\" data-saferedirecturl=\"https:\/\/www.google.com\/url?q=https:\/\/barcelonagalleryweekend.com\/pdf\/thecollector\/20240430103735_4730_The-Collector-is-Present---Programa-CAT.pdf&amp;source=gmail&amp;ust=1714605191740000&amp;usg=AOvVaw0MWy9BfUSilK3mu25X1YQg\">Cat<\/a>\u00a0\/\u00a0<a href=\"https:\/\/barcelonagalleryweekend.com\/pdf\/thecollector\/20240506175611_4899_The-Collector-is-Present---Programa-ES.pdf\" target=\"_blank\" rel=\"noopener\" data-saferedirecturl=\"https:\/\/www.google.com\/url?q=https:\/\/barcelonagalleryweekend.com\/pdf\/thecollector\/20240430103735_5894_The-Collector-is-Present---Programa-ES.pdf&amp;source=gmail&amp;ust=1714605191740000&amp;usg=AOvVaw3Yr64OJVDZ1Jmnpu1NBriD\">esp<\/a>\u00a0\/\u00a0<a href=\"https:\/\/barcelonagalleryweekend.com\/pdf\/thecollector\/20240506173327_8579_The-Collector-is-Present---Programme-EN.pdf\" target=\"_blank\" rel=\"noopener\" data-saferedirecturl=\"https:\/\/www.google.com\/url?q=https:\/\/barcelonagalleryweekend.com\/pdf\/thecollector\/20240430103735_6442_The-Collector-is-Present---Programme-EN.pdf&amp;source=gmail&amp;ust=1714605191740000&amp;usg=AOvVaw3QHhX3sgdd00xsxs3tdm5Z\">en<\/a>\r\n\r\n14 galeristes han convidat col\u00b7leccionistes a desenvolupar una proposta conjunta en les seves galeries, punt de partida per a generar una\u00a0<b>agenda d'exposicions, trobades i converses<\/b>\u00a0entorn de les\u00a0<b>relacions que s'estableixen entre galerista-col\u00b7leccionista-artista<\/b>, aix\u00ed com les diferents\u00a0<b>maneres d'apropar-se a l'art<\/b>\u00a0i les\u00a0<b>motivacions per adquirir-lo<\/b>.\r\n\r\n<b>ADN Galeria \/ Berta Caldentey\r\nBombon Projects \/ Amira Solh\r\nChiquita Room \/\u00a0 Luis Cerver\u00f3\r\nDilalica \/ Vicente Matallana (NewArtFoundation)\r\nethall \/\u00a0<\/b><b>Gerardo van Waalwijk van Doorn<\/b>\r\n<b>Fuga \/ Carlos Manzano\r\nGaler\u00eda Alegr\u00eda \/ Manel Gili\r\nMayoral \/ Marc Gir\u00f3\r\nPigment Gallery \/ Ram\u00f3n C\u00f3rdoba i Ignacio Mart\u00ednez\r\nPrats Nogueras Blanchard \/ Mela D\u00e1vila Freire\r\nRocioSantaCruz \/ Nat\u00e0lia Chocarro (Fundaci\u00f3 Vila Casas)\r\nSenda \/ Manuel Exp\u00f3sito\r\nSuburbia Contemporary \/ Filippo Tattoni-Marcozzi\r\nUxval Gochez \/ Marcel P\u00e9rez Iserte<\/b>","desc_es":"Del\u00a0<b>9 a l'11 de maig<\/b>, celebrem la segona edici\u00f3 de<b>\u00a0The Collector is Present<\/b>, un programa fruit de la col\u00b7laboraci\u00f3 entre col\u00b7leccionistes i galeristes de Barcelona Gallery Weekend.\r\n\r\nPrograma complet: <a href=\"https:\/\/barcelonagalleryweekend.com\/pdf\/thecollector\/20240506173327_7281_The-Collector-is-Present---Programa-CAT.pdf\" target=\"_blank\" rel=\"noopener\" data-saferedirecturl=\"https:\/\/www.google.com\/url?q=https:\/\/barcelonagalleryweekend.com\/pdf\/thecollector\/20240430103735_4730_The-Collector-is-Present---Programa-CAT.pdf&amp;source=gmail&amp;ust=1714605191740000&amp;usg=AOvVaw0MWy9BfUSilK3mu25X1YQg\">Cat<\/a>\u00a0\/\u00a0<a href=\"https:\/\/barcelonagalleryweekend.com\/pdf\/thecollector\/20240506175611_4899_The-Collector-is-Present---Programa-ES.pdf\" target=\"_blank\" rel=\"noopener\" data-saferedirecturl=\"https:\/\/www.google.com\/url?q=https:\/\/barcelonagalleryweekend.com\/pdf\/thecollector\/20240430103735_5894_The-Collector-is-Present---Programa-ES.pdf&amp;source=gmail&amp;ust=1714605191740000&amp;usg=AOvVaw3Yr64OJVDZ1Jmnpu1NBriD\">esp<\/a>\u00a0\/\u00a0<a href=\"https:\/\/barcelonagalleryweekend.com\/pdf\/thecollector\/20240506173327_8579_The-Collector-is-Present---Programme-EN.pdf\" target=\"_blank\" rel=\"noopener\" data-saferedirecturl=\"https:\/\/www.google.com\/url?q=https:\/\/barcelonagalleryweekend.com\/pdf\/thecollector\/20240430103735_6442_The-Collector-is-Present---Programme-EN.pdf&amp;source=gmail&amp;ust=1714605191740000&amp;usg=AOvVaw3QHhX3sgdd00xsxs3tdm5Z\">en<\/a>\r\n\r\n14 galeristes han convidat col\u00b7leccionistes a desenvolupar una proposta conjunta en les seves galeries, punt de partida per a generar una\u00a0<b>agenda d'exposicions, trobades i converses<\/b>\u00a0entorn de les\u00a0<b>relacions que s'estableixen entre galerista-col\u00b7leccionista-artista<\/b>, aix\u00ed com les diferents\u00a0<b>maneres d'apropar-se a l'art<\/b>\u00a0i les\u00a0<b>motivacions per adquirir-lo<\/b>.\r\n\r\n<b>ADN Galeria \/ Berta Caldentey\r\nBombon Projects \/ Amira Solh\r\nChiquita Room \/\u00a0 Luis Cerver\u00f3\r\nDilalica \/ Vicente Matallana (NewArtFoundation)\r\nethall \/\u00a0<\/b><b>Gerardo van Waalwijk van Doorn<\/b>\r\n<b>Fuga \/ Carlos Manzano\r\nGaler\u00eda Alegr\u00eda \/ Manel Gili\r\nMayoral \/ Marc Gir\u00f3\r\nPigment Gallery \/ Ram\u00f3n C\u00f3rdoba i Ignacio Mart\u00ednez\r\nPrats Nogueras Blanchard \/ Mela D\u00e1vila Freire\r\nRocioSantaCruz \/ Nat\u00e0lia Chocarro (Fundaci\u00f3 Vila Casas)\r\nSenda \/ Manuel Exp\u00f3sito\r\nSuburbia Contemporary \/ Filippo Tattoni-Marcozzi\r\nUxval Gochez \/ Marcel P\u00e9rez Iserte<\/b>","desc_en":"Del\u00a0<b>9 a l'11 de maig<\/b>, celebrem la segona edici\u00f3 de<b>\u00a0The Collector is Present<\/b>, un programa fruit de la col\u00b7laboraci\u00f3 entre col\u00b7leccionistes i galeristes de Barcelona Gallery Weekend.\r\n\r\nPrograma complet: <a href=\"https:\/\/barcelonagalleryweekend.com\/pdf\/thecollector\/20240506173327_7281_The-Collector-is-Present---Programa-CAT.pdf\" target=\"_blank\" rel=\"noopener\" data-saferedirecturl=\"https:\/\/www.google.com\/url?q=https:\/\/barcelonagalleryweekend.com\/pdf\/thecollector\/20240430103735_4730_The-Collector-is-Present---Programa-CAT.pdf&amp;source=gmail&amp;ust=1714605191740000&amp;usg=AOvVaw0MWy9BfUSilK3mu25X1YQg\">Cat<\/a>\u00a0\/\u00a0<a href=\"https:\/\/barcelonagalleryweekend.com\/pdf\/thecollector\/20240506175611_4899_The-Collector-is-Present---Programa-ES.pdf\" target=\"_blank\" rel=\"noopener\" data-saferedirecturl=\"https:\/\/www.google.com\/url?q=https:\/\/barcelonagalleryweekend.com\/pdf\/thecollector\/20240430103735_5894_The-Collector-is-Present---Programa-ES.pdf&amp;source=gmail&amp;ust=1714605191740000&amp;usg=AOvVaw3Yr64OJVDZ1Jmnpu1NBriD\">esp<\/a>\u00a0\/\u00a0<a href=\"https:\/\/barcelonagalleryweekend.com\/pdf\/thecollector\/20240506173327_8579_The-Collector-is-Present---Programme-EN.pdf\" target=\"_blank\" rel=\"noopener\" data-saferedirecturl=\"https:\/\/www.google.com\/url?q=https:\/\/barcelonagalleryweekend.com\/pdf\/thecollector\/20240430103735_6442_The-Collector-is-Present---Programme-EN.pdf&amp;source=gmail&amp;ust=1714605191740000&amp;usg=AOvVaw3QHhX3sgdd00xsxs3tdm5Z\">en<\/a>\r\n\r\n14 galeristes han convidat col\u00b7leccionistes a desenvolupar una proposta conjunta en les seves galeries, punt de partida per a generar una\u00a0<b>agenda d'exposicions, trobades i converses<\/b>\u00a0entorn de les\u00a0<b>relacions que s'estableixen entre galerista-col\u00b7leccionista-artista<\/b>, aix\u00ed com les diferents\u00a0<b>maneres d'apropar-se a l'art<\/b>\u00a0i les\u00a0<b>motivacions per adquirir-lo<\/b>.\r\n\r\n<b>ADN Galeria \/ Berta Caldentey\r\nBombon Projects \/ Amira Solh\r\nChiquita Room \/\u00a0 Luis Cerver\u00f3\r\nDilalica \/ Vicente Matallana (NewArtFoundation)\r\nethall \/\u00a0<\/b><b>Gerardo van Waalwijk van Doorn<\/b>\r\n<b>Fuga \/ Carlos Manzano\r\nGaler\u00eda Alegr\u00eda \/ Manel Gili\r\nMayoral \/ Marc Gir\u00f3\r\nPigment Gallery \/ Ram\u00f3n C\u00f3rdoba i Ignacio Mart\u00ednez\r\nPrats Nogueras Blanchard \/ Mela D\u00e1vila Freire\r\nRocioSantaCruz \/ Nat\u00e0lia Chocarro (Fundaci\u00f3 Vila Casas)\r\nSenda \/ Manuel Exp\u00f3sito\r\nSuburbia Contemporary \/ Filippo Tattoni-Marcozzi\r\nUxval Gochez \/ Marcel P\u00e9rez Iserte<\/b>","event_category":191,"event_show_only_own_date":true,"_event_confirmed":true,"_event_public":true,"_event_free":true,"_event_price-min":"","_event_price-max":"","_event_web_ca":"https:\/\/barcelonagalleryweekend.com\/theCollectorisPresent.php?lang=cat","_event_web_es":"https:\/\/barcelonagalleryweekend.com\/theCollectorisPresent.php?lang=esp","_event_web_en":"https:\/\/barcelonagalleryweekend.com\/theCollectorisPresent.php?lang=eng","event_contact_email":"","event_apply_email":"","is_online_event":false,"is_art_nou_event":false,"is_bgw_event":true,"date_text":"","register_deadline":null,"altres_organitzadors":""},"abe_event_venue":null,"abe_event_category":"Altres","start":"2024-05-09 00:00:00","end":"2024-05-11 23:59:00","schedule":"once","schedule_meta":"","frequency":1,"all_day":0,"until":"2024-05-09 00:00:00","include":[],"exclude":[],"_links":{"self":[{"href":"https:\/\/graf.cat\/en\/wp-json\/wp\/v2\/events\/38138","targetHints":{"allow":["GET"]}}],"collection":[{"href":"https:\/\/graf.cat\/en\/wp-json\/wp\/v2\/events"}],"about":[{"href":"https:\/\/graf.cat\/en\/wp-json\/wp\/v2\/types\/event"}],"author":[{"embeddable":true,"href":"https:\/\/graf.cat\/en\/wp-json\/wp\/v2\/users\/112"}],"occurrences":[{"embeddable":true,"href":"https:\/\/graf.cat\/en\/wp-json\/wp\/v2\/events\/38138\/occurrences"}],"acf:term":[{"embeddable":true,"taxonomy":"event-category","href":"https:\/\/graf.cat\/en\/wp-json\/wp\/v2\/event-category\/191"}],"wp:featuredmedia":[{"embeddable":true,"href":"https:\/\/graf.cat\/en\/wp-json\/wp\/v2\/media\/38139"}],"wp:attachment":[{"href":"https:\/\/graf.cat\/en\/wp-json\/wp\/v2\/media?parent=38138"}],"wp:term":[{"taxonomy":"event-venue","embeddable":true,"href":"https:\/\/graf.cat\/en\/wp-json\/wp\/v2\/event-venues?post=38138"},{"taxonomy":"event-tag","embeddable":true,"href":"https:\/\/graf.cat\/en\/wp-json\/wp\/v2\/event-tags?post=38138"}],"curies":[{"name":"wp","href":"https:\/\/api.w.org\/{rel}","templated":true}]}}

Del <b>9 a l'11 de maig</b>, celebrem la segona edició de<b> The Collector is Present</b>, un programa fruit de la col·laboració entre col·leccionistes i galeristes de Barcelona Gallery Weekend.

Programa complet: <a href="https://barcelonagalleryweekend.com/pdf/thecollector/20240506173327_7281_The-Collector-is-Present---Programa-CAT.pdf" target="_blank" rel="noopener" data-saferedirecturl="https://www.google.com/url?q=https://barcelonagalleryweekend.com/pdf/thecollector/20240430103735_4730_The-Collector-is-Present---Programa-CAT.pdf&amp;source=gmail&amp;ust=1714605191740000&amp;usg=AOvVaw0MWy9BfUSilK3mu25X1YQg">Cat</a> / <a href="https://barcelonagalleryweekend.com/pdf/thecollector/20240506175611_4899_The-Collector-is-Present---Programa-ES.pdf" target="_blank" rel="noopener" data-saferedirecturl="https://www.google.com/url?q=https://barcelonagalleryweekend.com/pdf/thecollector/20240430103735_5894_The-Collector-is-Present---Programa-ES.pdf&amp;source=gmail&amp;ust=1714605191740000&amp;usg=AOvVaw3Yr64OJVDZ1Jmnpu1NBriD">esp</a> / <a href="https://barcelonagalleryweekend.com/pdf/thecollector/20240506173327_8579_The-Collector-is-Present---Programme-EN.pdf" target="_blank" rel="noopener" data-saferedirecturl="https://www.google.com/url?q=https://barcelonagalleryweekend.com/pdf/thecollector/20240430103735_6442_The-Collector-is-Present---Programme-EN.pdf&amp;source=gmail&amp;ust=1714605191740000&amp;usg=AOvVaw3QHhX3sgdd00xsxs3tdm5Z">en</a>

14 galeristes han convidat col·leccionistes a desenvolupar una proposta conjunta en les seves galeries, punt de partida per a generar una <b>agenda d'exposicions, trobades i converses</b> entorn de les <b>relacions que s'estableixen entre galerista-col·leccionista-artista</b>, així com les diferents <b>maneres d'apropar-se a l'art</b> i les <b>motivacions per adquirir-lo</b>.

<b>ADN Galeria / Berta Caldentey
Bombon Projects / Amira Solh
Chiquita Room /  Luis Cerveró
Dilalica / Vicente Matallana (NewArtFoundation)
ethall / </b><b>Gerardo van Waalwijk van Doorn</b>
<b>Fuga / Carlos Manzano
Galería Alegría / Manel Gili
Mayoral / Marc Giró
Pigment Gallery / Ramón Córdoba i Ignacio Martínez
Prats Nogueras Blanchard / Mela Dávila Freire
RocioSantaCruz / Natàlia Chocarro (Fundació Vila Casas)
Senda / Manuel Expósito
Suburbia Contemporary / Filippo Tattoni-Marcozzi
Uxval Gochez / Marcel Pérez Iserte</b>
