{"id":38480,"guid":{"rendered":"https:\/\/graf.cat\/?post_type=event&#038;p=38480"},"modified":"2024-05-08T11:04:51","modified_gmt":"2024-05-08T09:04:51","slug":"marc-giro-ocana","status":"publish","type":"event","link":"https:\/\/graf.cat\/en\/events\/event\/marc-giro-ocana\/","title":{"rendered":"Marc Gir\u00f3 comenta Oca\u00f1a"},"content":{"rendered":"","protected":false},"excerpt":{"rendered":"","protected":false},"author":112,"featured_media":38482,"template":"","meta":{"_acf_changed":false,"_monsterinsights_skip_tracking":false,"_monsterinsights_sitenote_active":false,"_monsterinsights_sitenote_note":"","_monsterinsights_sitenote_category":0},"event-venues":[597],"event-tags":[],"class_list":["post-38480","event","type-event","status-publish","has-post-thumbnail","hentry","event-venue-galeria-mayoral","event-category-visita-guiada"],"acf":{"title_ca":"Marc Gir\u00f3 comenta Oca\u00f1a","title_es":"Marc Gir\u00f3 comenta Oca\u00f1a","title_en":"Marc Gir\u00f3 coments Oca\u00f1a","desc_ca":"\u201cA la Oca\u00f1a no li agradava que li diguessin gai, va preferir sempre marieta, \u00abmarica\u00bb o \u00abmaric\u00f3n\u00bb, segons l\u2019ocasi\u00f3. Tampoc que als seus numerets o actuacions els titllessin de happenings. Ni tan sols va acceptar, tan pr\u00f2xim als anarquistes com era, que l\u2019anomenessin cap altra cosa que no fos \u00ablibertataria\u00bb, una paraula que havia encunyat en el seu propi argot\u201d. (Pedro G. Romero)","desc_es":"\u201cA la Oca\u00f1a no li agradava que li diguessin gai, va preferir sempre marieta, \u00abmarica\u00bb o \u00abmaric\u00f3n\u00bb, segons l\u2019ocasi\u00f3. Tampoc que als seus numerets o actuacions els titllessin de happenings. Ni tan sols va acceptar, tan pr\u00f2xim als anarquistes com era, que l\u2019anomenessin cap altra cosa que no fos \u00ablibertataria\u00bb, una paraula que havia encunyat en el seu propi argot\u201d. (Pedro G. Romero)","desc_en":"\u2018Oca\u00f1a didn\u2019t like to be called gay; he always preferred proof, sissy or pansy, depending on the occasion. And he didn\u2019t call his acts or performances happenings. Close to the anarchists as he was, he did not accept to be called anything else than \u201clibertarian\u201d, a word that he coined in his own jargon\u2019. (Pedro G. Romero)","event_category":245,"event_show_only_own_date":true,"_event_confirmed":true,"_event_public":true,"_event_free":true,"_event_price-min":"","_event_price-max":"","_event_web_ca":"https:\/\/barcelonagalleryweekend.com\/pdf\/thecollector\/20240506173327_7281_The-Collector-is-Present---Programa-CAT.pdf","_event_web_es":"https:\/\/barcelonagalleryweekend.com\/pdf\/thecollector\/20240506175611_4899_The-Collector-is-Present---Programa-ES.pdf","_event_web_en":"https:\/\/barcelonagalleryweekend.com\/pdf\/thecollector\/20240506173327_8579_The-Collector-is-Present---Programme-EN.pdf","event_contact_email":"","event_apply_email":"","is_online_event":false,"is_art_nou_event":false,"is_bgw_event":false,"date_text":"","register_deadline":null,"altres_organitzadors":""},"abe_event_venue":"Galeria Mayoral","abe_event_category":"Visita guiada","start":"2024-05-10 19:30:00","end":"2024-05-10 19:30:00","schedule":"once","schedule_meta":"","frequency":1,"all_day":0,"until":"2024-05-10 19:30:00","include":[],"exclude":[],"_links":{"self":[{"href":"https:\/\/graf.cat\/en\/wp-json\/wp\/v2\/events\/38480","targetHints":{"allow":["GET"]}}],"collection":[{"href":"https:\/\/graf.cat\/en\/wp-json\/wp\/v2\/events"}],"about":[{"href":"https:\/\/graf.cat\/en\/wp-json\/wp\/v2\/types\/event"}],"author":[{"embeddable":true,"href":"https:\/\/graf.cat\/en\/wp-json\/wp\/v2\/users\/112"}],"occurrences":[{"embeddable":true,"href":"https:\/\/graf.cat\/en\/wp-json\/wp\/v2\/events\/38480\/occurrences"}],"acf:term":[{"embeddable":true,"taxonomy":"event-category","href":"https:\/\/graf.cat\/en\/wp-json\/wp\/v2\/event-category\/245"}],"wp:featuredmedia":[{"embeddable":true,"href":"https:\/\/graf.cat\/en\/wp-json\/wp\/v2\/media\/38482"}],"wp:attachment":[{"href":"https:\/\/graf.cat\/en\/wp-json\/wp\/v2\/media?parent=38480"}],"wp:term":[{"taxonomy":"event-venue","embeddable":true,"href":"https:\/\/graf.cat\/en\/wp-json\/wp\/v2\/event-venues?post=38480"},{"taxonomy":"event-tag","embeddable":true,"href":"https:\/\/graf.cat\/en\/wp-json\/wp\/v2\/event-tags?post=38480"}],"curies":[{"name":"wp","href":"https:\/\/api.w.org\/{rel}","templated":true}]}}

Marc Giró comenta Ocaña

Marc Giró coments Ocaña

“A la Ocaña no li agradava que li diguessin gai, va preferir sempre marieta, «marica» o «maricón», segons l’ocasió. Tampoc que als seus numerets o actuacions els titllessin de happenings. Ni tan sols va acceptar, tan pròxim als anarquistes com era, que l’anomenessin cap altra cosa que no fos «libertataria», una paraula que havia encunyat en el seu propi argot”. (Pedro G. Romero)

‘Ocaña didn’t like to be called gay; he always preferred proof, sissy or pansy, depending on the occasion. And he didn’t call his acts or performances happenings. Close to the anarchists as he was, he did not accept to be called anything else than “libertarian”, a word that he coined in his own jargon’. (Pedro G. Romero)
