{"id":39258,"guid":{"rendered":"https:\/\/graf.cat\/?post_type=event&#038;p=39258"},"modified":"2024-05-23T10:01:02","modified_gmt":"2024-05-23T08:01:02","slug":"______-was-here-installacio","status":"publish","type":"event","link":"https:\/\/graf.cat\/en\/events\/event\/______-was-here-installacio\/","title":{"rendered":"______ was here (instal\u00b7laci\u00f3)"},"content":{"rendered":"","protected":false},"excerpt":{"rendered":"","protected":false},"author":19,"featured_media":39252,"template":"","meta":{"_acf_changed":false,"_monsterinsights_skip_tracking":false,"_monsterinsights_sitenote_active":false,"_monsterinsights_sitenote_note":"","_monsterinsights_sitenote_category":0},"event-venues":[560],"event-tags":[],"class_list":["post-39258","event","type-event","status-publish","has-post-thumbnail","hentry","event-venue-santa-monica","event-category-altres"],"acf":{"title_ca":"______ was here (instal\u00b7laci\u00f3)","title_es":"______ was here (instalaci\u00f3n)","title_en":"______ was here (installation)","desc_ca":"Algunes Observacions Situades de l\u2019equip de Sala del Santa M\u00f2nica es trobaran instal\u00b7lades, a trav\u00e9s de petits adhesius, menors, a llocs molt improbables del centre per fer p\u00fablic les seves pr\u00f2pies observacions espec\u00edfiques, per\u00f2 especialment per revelar aquests llocs, a vegades menors, com a llocs p\u00fablics del centre a m\u00e9s dels seus espais expositius. Una proposta del Gremi d\u2019Espais.","desc_es":"Algunas Observaciones Situadas del equipo de Sala del Santa M\u00f2nica se encontrar\u00e1n instaladas, a trav\u00e9s de peque\u00f1os adhesivos, menores, en lugares muy improbables del centro para hacer p\u00fablico sus propias observaciones espec\u00edficas, pero especialmente para revelar estos lugares, a veces menores, como lugares p\u00fablicos del centro adem\u00e1s de sus espacios expositivos. Una propuesta del Gremio de Espacios.","desc_en":"Some Situated Observations of the Sala del Santa M\u00f2nica team will be installed, through small, minor stickers, in very unlikely places in the centre to make public their own specific observations, but especially to reveal these sometimes minor places as public places of the centre in addition to its exhibition spaces. A proposal by the Guild of Spaces.","event_category":191,"event_show_only_own_date":true,"_event_confirmed":true,"_event_public":true,"_event_free":true,"_event_price-min":"","_event_price-max":"","_event_web_ca":"https:\/\/artssantamonica.gencat.cat\/ca\/detall\/EntreActes-2","_event_web_es":"https:\/\/artssantamonica.gencat.cat\/es\/detall\/EntreActes-2","_event_web_en":"https:\/\/artssantamonica.gencat.cat\/en\/detall\/EntreActes-2","event_contact_email":"santamonica@gencat.cat","event_apply_email":"","is_online_event":false,"is_art_nou_event":false,"is_bgw_event":false,"date_text":"","register_deadline":null,"altres_organitzadors":""},"abe_event_venue":"Santa M\u00f2nica","abe_event_category":"Altres","start":"2024-06-06 11:00:00","end":"2024-06-13 20:30:00","schedule":"once","schedule_meta":"","frequency":1,"all_day":0,"until":"2024-06-06 11:00:00","include":[],"exclude":[],"_links":{"self":[{"href":"https:\/\/graf.cat\/en\/wp-json\/wp\/v2\/events\/39258","targetHints":{"allow":["GET"]}}],"collection":[{"href":"https:\/\/graf.cat\/en\/wp-json\/wp\/v2\/events"}],"about":[{"href":"https:\/\/graf.cat\/en\/wp-json\/wp\/v2\/types\/event"}],"author":[{"embeddable":true,"href":"https:\/\/graf.cat\/en\/wp-json\/wp\/v2\/users\/19"}],"occurrences":[{"embeddable":true,"href":"https:\/\/graf.cat\/en\/wp-json\/wp\/v2\/events\/39258\/occurrences"}],"acf:term":[{"embeddable":true,"taxonomy":"event-category","href":"https:\/\/graf.cat\/en\/wp-json\/wp\/v2\/event-category\/191"}],"wp:featuredmedia":[{"embeddable":true,"href":"https:\/\/graf.cat\/en\/wp-json\/wp\/v2\/media\/39252"}],"wp:attachment":[{"href":"https:\/\/graf.cat\/en\/wp-json\/wp\/v2\/media?parent=39258"}],"wp:term":[{"taxonomy":"event-venue","embeddable":true,"href":"https:\/\/graf.cat\/en\/wp-json\/wp\/v2\/event-venues?post=39258"},{"taxonomy":"event-tag","embeddable":true,"href":"https:\/\/graf.cat\/en\/wp-json\/wp\/v2\/event-tags?post=39258"}],"curies":[{"name":"wp","href":"https:\/\/api.w.org\/{rel}","templated":true}]}}

______ was here (instal·lació)

______ was here (instalación)

Algunes Observacions Situades de l’equip de Sala del Santa Mònica es trobaran instal·lades, a través de petits adhesius, menors, a llocs molt improbables del centre per fer públic les seves pròpies observacions específiques, però especialment per revelar aquests llocs, a vegades menors, com a llocs públics del centre a més dels seus espais expositius. Una proposta del Gremi d’Espais.

Algunas Observaciones Situadas del equipo de Sala del Santa Mònica se encontrarán instaladas, a través de pequeños adhesivos, menores, en lugares muy improbables del centro para hacer público sus propias observaciones específicas, pero especialmente para revelar estos lugares, a veces menores, como lugares públicos del centro además de sus espacios expositivos. Una propuesta del Gremio de Espacios.

Some Situated Observations of the Sala del Santa Mònica team will be installed, through small, minor stickers, in very unlikely places in the centre to make public their own specific observations, but especially to reveal these sometimes minor places as public places of the centre in addition to its exhibition spaces. A proposal by the Guild of Spaces.

Santa Mònica
