{"id":40454,"guid":{"rendered":"https:\/\/graf.cat\/?post_type=event&#038;p=40454"},"modified":"2024-09-25T11:56:06","modified_gmt":"2024-09-25T09:56:06","slug":"oda-a-la-collita-qui-vol-farina-que-sembri-blat","status":"publish","type":"event","link":"https:\/\/graf.cat\/en\/events\/event\/oda-a-la-collita-qui-vol-farina-que-sembri-blat\/","title":{"rendered":"ODA A LA COLLITA \/ qui vol farina, que sembri blat!"},"content":{"rendered":"","protected":false},"excerpt":{"rendered":"","protected":false},"author":3,"featured_media":40459,"template":"","meta":{"_acf_changed":false,"_monsterinsights_skip_tracking":false,"_monsterinsights_sitenote_active":false,"_monsterinsights_sitenote_note":"","_monsterinsights_sitenote_category":0},"event-venues":[747],"event-tags":[],"class_list":["post-40454","event","type-event","status-publish","has-post-thumbnail","hentry","event-venue-biblioteca-collserola","event-category-performance"],"acf":{"title_ca":"ODA A LA COLLITA \/ qui vol farina, que sembri blat!","title_es":"ODA A LA COLLITA \/ qui vol farina, que sembri blat!","title_en":"ODA A LA COLLITA \/ qui vol farina, que sembri blat!","desc_ca":"\"Oda a la collita\" es una acci\u00f3 gastroperformativa a c\u00e0rrec de Natalia Carminati, que treballa en la intersecci\u00f3 entre l\u2019aliment i l\u2019art contemporani.\r\n\r\n<span style=\"font-weight: 400;\">\"Visca els tom\u00e0quets! Salut a les alberg\u00ednies! For\u00e7a als pebrots! Llarga vida als enciams! Una manifestaci\u00f3, un carnestoltes, una festa per a celebrar les nostres collites: les pr\u00f2pies, les de lxs ve\u00efnxs, les que formen part del ritual pag\u00e0 de menjar cada dia.\"<\/span>\r\n\r\n<span style=\"font-weight: 400;\">Realitzarem un breu recorregut per la pla\u00e7a del festival honrant els vegetals que despr\u00e9s compartirem en una instal\u00b7laci\u00f3 comestible. Tots els vegetals que vulguis portar s\u00f3n benvinguts!<\/span>\r\n\r\n<b>\u201cOda a la collita\u201d \u00e9s una proposta de l\u2019artista Natalia Carminati en col\u00b7laboraci\u00f3 amb el Grup de l\u2019hort del Dami\u00e1 en el marc de la resid\u00e8ncia de l\u2019artista a la <\/b><a href=\"https:\/\/ajuntament.barcelona.cat\/biblioteques\/bibcollserola\/ca\"><b>biblioteca Collserola Josep Miracle<\/b><\/a><b>, impulsada per Homessesion i Biblioteques de Barcelona dins del programa Ex-Libris de Homesession.<\/b>\r\n\r\n<span style=\"font-weight: 400;\">\u2013<\/span>\r\n\r\n<a href=\"https:\/\/nataliacarminati.com\/biografia\/\"><b>Natalia Carminati<\/b><\/a> <span style=\"font-weight: 400;\">(Buenos Aires, 1982) \u00e9s artista visual i investigadora.<\/span><span style=\"font-weight: 400;\">\r\n<\/span><span style=\"font-weight: 400;\">El desenvolupament conceptual de la seva pr\u00e0ctica s\u2019orienta a l\u2019estudi cr\u00edtic de la cultura contempor\u00e0nia, la teoria postcolonial, la biotecnologia i la sobirania aliment\u00e0ria. Els seus projectes es materialitzen en la creaci\u00f3 de dispositius multisensorials que integren v\u00eddeo, experimentaci\u00f3 sonora, videojoc, pintura, instal\u00b7laci\u00f3 i performance.<\/span>","desc_es":"<b>\"<\/b>Oda a la collita\" es una acci\u00f3n gastroperformativa a cargo de Natalia Carminati, que trabaja en la intersecci\u00f3n entre el alimento y el arte contemporaneo.\r\n\r\n<span style=\"font-weight: 400;\">\"\u00a1Viva los tomates! \u00a1Salud a las berenjenas! \u00a1Fuerza a los pimientos! \u00a1Larga vida a las lechugas! Una manifestaci\u00f3n, un carnaval, una fiesta para celebrar nuestras cosechas: las propias, las de lxs vecinxs, las que forman parte del ritual pagano de comer cada d\u00eda.\"\u00a0<\/span>\r\n\r\n<span style=\"font-weight: 400;\">Realizaremos un breve recorrido por la plaza del festival honrando los vegetales que luego compartiremos en una instalaci\u00f3n comestible. \u00a1Todos los vegetales que quieras traer son bienvenidxs!<\/span>\r\n\r\n<b>\u201cOda a la collita\u201d es una propuesta de la artista Natalia Carminati en colaboraci\u00f3n con el Grupo de l\u2019hort del Dami\u00e1 en el marco de la residencia de la artista en la <\/b><a href=\"https:\/\/ajuntament.barcelona.cat\/biblioteques\/bibcollserola\/ca\"><b>biblioteca Collserola Josep Miracle<\/b><\/a><b>, impulsada por Homessesion y Bibliotecas de Barcelona dentro del programa Ex-Libris de Homesession.<\/b>\r\n\r\n<span style=\"font-weight: 400;\">\u2013<\/span>\r\n\r\n<a href=\"https:\/\/nataliacarminati.com\/biografia\/\"><b>Natalia Carminati<\/b><\/a> <span style=\"font-weight: 400;\">(Buenos Aires, 1982) es artista visual e investigadora.<\/span><span style=\"font-weight: 400;\">\r\n<\/span><span style=\"font-weight: 400;\">El desarrollo conceptual de su pr\u00e1ctica se orienta al estudio cr\u00edtico de la cultura contempor\u00e1nea, la teor\u00eda poscolonial, la biotecnolog\u00eda y la soberan\u00eda alimentaria. Sus proyectos se materializan en la creaci\u00f3n de dispositivos multisensoriales que integran v\u00eddeo, experimentaci\u00f3n sonora, videojuego, pintura, instalaci\u00f3n y performance.<\/span>","desc_en":"\"Oda a la collita\" is a gastro-performative\u00a0action by Natalia Carminati, working on the intersection between food and contemporary art.\r\n\r\n<span style=\"font-weight: 400;\">\"Hurrah tomatoes! Cheers to aubergines! Strength to peppers! Long live lettuces! A manifest, a carnival, a festival to celebrate our harvests: our own, those of our neighbours, those that are part of the pagan ritual of eating every day.\"<\/span>\r\n\r\n<span style=\"font-weight: 400;\">We will have a short walk around the festival square honouring the vegetables that we will then share in an edible installation \u2013 all the vegetables you want to bring are welcome!<\/span>\r\n\r\n<b>\u2018Oda a la collita\u2019 is a proposal by the artist Natalia Carminati in collaboration with the Grupo de l\u2019hort del Dami\u00e1 in the framework of the artist\u2019s residency at the <\/b><a href=\"https:\/\/ajuntament.barcelona.cat\/biblioteques\/bibcollserola\/ca\"><b>Collserola Josep Miracle library<\/b><\/a><b>, promoted by Homessesion and Bibliotecas de Barcelona as part of the Homesession Ex-Libris programme.<\/b>\r\n\r\n<span style=\"font-weight: 400;\">\u2013<\/span>\r\n\r\n<a href=\"https:\/\/nataliacarminati.com\/biografia\/\"><b>Natalia Carminati <\/b><\/a><span style=\"font-weight: 400;\">(Buenos Aires, 1982) is a visual artist and researcher.<\/span><span style=\"font-weight: 400;\">\r\n<\/span><span style=\"font-weight: 400;\">The conceptual development of her practice is oriented towards the critical study of contemporary culture, post-colonial theory, biotechnology and food sovereignty. Her projects are materialised in the creation of multisensorial devices that integrate video, sound experimentation, video games, painting, installation and performance.<\/span>","event_category":197,"event_show_only_own_date":true,"_event_confirmed":true,"_event_public":true,"_event_free":true,"_event_price-min":"","_event_price-max":"","_event_web_ca":"https:\/\/www.homesession.org\/blog\/oda-a-la-collita-qui-vol-farina-que-sembri-blat-activitat-performatica-amb-natalia-carminati\/","_event_web_es":"https:\/\/www.homesession.org\/blog\/oda-a-la-collita-qui-vol-farina-que-sembri-blat-activitat-performatica-amb-natalia-carminati\/","_event_web_en":"https:\/\/www.homesession.org\/blog\/oda-a-la-collita-qui-vol-farina-que-sembri-blat-activitat-performatica-amb-natalia-carminati\/","event_contact_email":"info@homesession.org","event_apply_email":"","is_online_event":false,"is_art_nou_event":false,"is_bgw_event":false,"date_text":"","register_deadline":null,"altres_organitzadors":""},"abe_event_venue":"Biblioteca Collserola","abe_event_category":"Performance","start":"2024-10-05 11:30:00","end":"2024-10-05 12:30:00","schedule":"once","schedule_meta":"","frequency":1,"all_day":0,"until":"2024-10-05 11:30:00","include":[],"exclude":[],"_links":{"self":[{"href":"https:\/\/graf.cat\/en\/wp-json\/wp\/v2\/events\/40454","targetHints":{"allow":["GET"]}}],"collection":[{"href":"https:\/\/graf.cat\/en\/wp-json\/wp\/v2\/events"}],"about":[{"href":"https:\/\/graf.cat\/en\/wp-json\/wp\/v2\/types\/event"}],"author":[{"embeddable":true,"href":"https:\/\/graf.cat\/en\/wp-json\/wp\/v2\/users\/3"}],"occurrences":[{"embeddable":true,"href":"https:\/\/graf.cat\/en\/wp-json\/wp\/v2\/events\/40454\/occurrences"}],"acf:term":[{"embeddable":true,"taxonomy":"event-category","href":"https:\/\/graf.cat\/en\/wp-json\/wp\/v2\/event-category\/197"}],"wp:featuredmedia":[{"embeddable":true,"href":"https:\/\/graf.cat\/en\/wp-json\/wp\/v2\/media\/40459"}],"wp:attachment":[{"href":"https:\/\/graf.cat\/en\/wp-json\/wp\/v2\/media?parent=40454"}],"wp:term":[{"taxonomy":"event-venue","embeddable":true,"href":"https:\/\/graf.cat\/en\/wp-json\/wp\/v2\/event-venues?post=40454"},{"taxonomy":"event-tag","embeddable":true,"href":"https:\/\/graf.cat\/en\/wp-json\/wp\/v2\/event-tags?post=40454"}],"curies":[{"name":"wp","href":"https:\/\/api.w.org\/{rel}","templated":true}]}}

"Oda a la collita" es una acció gastroperformativa a càrrec de Natalia Carminati, que treballa en la intersecció entre l’aliment i l’art contemporani.

<span style="font-weight: 400;">"Visca els tomàquets! Salut a les albergínies! Força als pebrots! Llarga vida als enciams! Una manifestació, un carnestoltes, una festa per a celebrar les nostres collites: les pròpies, les de lxs veïnxs, les que formen part del ritual pagà de menjar cada dia."</span>

<span style="font-weight: 400;">Realitzarem un breu recorregut per la plaça del festival honrant els vegetals que després compartirem en una instal·lació comestible. Tots els vegetals que vulguis portar són benvinguts!</span>

<b>“Oda a la collita” és una proposta de l’artista Natalia Carminati en col·laboració amb el Grup de l’hort del Damiá en el marc de la residència de l’artista a la </b><a href="https://ajuntament.barcelona.cat/biblioteques/bibcollserola/ca"><b>biblioteca Collserola Josep Miracle</b></a><b>, impulsada per Homessesion i Biblioteques de Barcelona dins del programa Ex-Libris de Homesession.</b>

<span style="font-weight: 400;">–</span>

<a href="https://nataliacarminati.com/biografia/"><b>Natalia Carminati</b></a> <span style="font-weight: 400;">(Buenos Aires, 1982) és artista visual i investigadora.</span><span style="font-weight: 400;">
</span><span style="font-weight: 400;">El desenvolupament conceptual de la seva pràctica s’orienta a l’estudi crític de la cultura contemporània, la teoria postcolonial, la biotecnologia i la sobirania alimentària. Els seus projectes es materialitzen en la creació de dispositius multisensorials que integren vídeo, experimentació sonora, videojoc, pintura, instal·lació i performance.</span>

<b>"</b>Oda a la collita" es una acción gastroperformativa a cargo de Natalia Carminati, que trabaja en la intersección entre el alimento y el arte contemporaneo.

<span style="font-weight: 400;">"¡Viva los tomates! ¡Salud a las berenjenas! ¡Fuerza a los pimientos! ¡Larga vida a las lechugas! Una manifestación, un carnaval, una fiesta para celebrar nuestras cosechas: las propias, las de lxs vecinxs, las que forman parte del ritual pagano de comer cada día." </span>

<span style="font-weight: 400;">Realizaremos un breve recorrido por la plaza del festival honrando los vegetales que luego compartiremos en una instalación comestible. ¡Todos los vegetales que quieras traer son bienvenidxs!</span>

<b>“Oda a la collita” es una propuesta de la artista Natalia Carminati en colaboración con el Grupo de l’hort del Damiá en el marco de la residencia de la artista en la </b><a href="https://ajuntament.barcelona.cat/biblioteques/bibcollserola/ca"><b>biblioteca Collserola Josep Miracle</b></a><b>, impulsada por Homessesion y Bibliotecas de Barcelona dentro del programa Ex-Libris de Homesession.</b>

<span style="font-weight: 400;">–</span>

<a href="https://nataliacarminati.com/biografia/"><b>Natalia Carminati</b></a> <span style="font-weight: 400;">(Buenos Aires, 1982) es artista visual e investigadora.</span><span style="font-weight: 400;">
</span><span style="font-weight: 400;">El desarrollo conceptual de su práctica se orienta al estudio crítico de la cultura contemporánea, la teoría poscolonial, la biotecnología y la soberanía alimentaria. Sus proyectos se materializan en la creación de dispositivos multisensoriales que integran vídeo, experimentación sonora, videojuego, pintura, instalación y performance.</span>

"Oda a la collita" is a gastro-performative action by Natalia Carminati, working on the intersection between food and contemporary art.

<span style="font-weight: 400;">"Hurrah tomatoes! Cheers to aubergines! Strength to peppers! Long live lettuces! A manifest, a carnival, a festival to celebrate our harvests: our own, those of our neighbours, those that are part of the pagan ritual of eating every day."</span>

<span style="font-weight: 400;">We will have a short walk around the festival square honouring the vegetables that we will then share in an edible installation – all the vegetables you want to bring are welcome!</span>

<b>‘Oda a la collita’ is a proposal by the artist Natalia Carminati in collaboration with the Grupo de l’hort del Damiá in the framework of the artist’s residency at the </b><a href="https://ajuntament.barcelona.cat/biblioteques/bibcollserola/ca"><b>Collserola Josep Miracle library</b></a><b>, promoted by Homessesion and Bibliotecas de Barcelona as part of the Homesession Ex-Libris programme.</b>

<span style="font-weight: 400;">–</span>

<a href="https://nataliacarminati.com/biografia/"><b>Natalia Carminati </b></a><span style="font-weight: 400;">(Buenos Aires, 1982) is a visual artist and researcher.</span><span style="font-weight: 400;">
</span><span style="font-weight: 400;">The conceptual development of her practice is oriented towards the critical study of contemporary culture, post-colonial theory, biotechnology and food sovereignty. Her projects are materialised in the creation of multisensorial devices that integrate video, sound experimentation, video games, painting, installation and performance.</span>
