{"id":40631,"guid":{"rendered":"https:\/\/graf.cat\/?post_type=event&#038;p=40631"},"modified":"2024-08-22T10:52:14","modified_gmt":"2024-08-22T08:52:14","slug":"dimarts-de-video-flux-summa-eduard-escoffet","status":"publish","type":"event","link":"https:\/\/graf.cat\/en\/events\/event\/dimarts-de-video-flux-summa-eduard-escoffet\/","title":{"rendered":"Dimarts de v\u00eddeo \/ Flux Summa: Eduard Escoffet"},"content":{"rendered":"","protected":false},"excerpt":{"rendered":"","protected":false},"author":19,"featured_media":40632,"template":"","meta":{"_acf_changed":false,"_monsterinsights_skip_tracking":false,"_monsterinsights_sitenote_active":false,"_monsterinsights_sitenote_note":"","_monsterinsights_sitenote_category":0},"event-venues":[560],"event-tags":[],"class_list":["post-40631","event","type-event","status-publish","has-post-thumbnail","hentry","event-venue-santa-monica","event-category-screening"],"acf":{"title_ca":"Dimarts de v\u00eddeo \/ Flux Summa: Eduard Escoffet","title_es":"Martes de v\u00eddeo \/ Flux Summa: Eduard Escoffet","title_en":"Tuesdays of video \/ Flux Summa: Eduard Escoffet","desc_ca":"En aquesta sessi\u00f3 veurem un v\u00eddeo amb una selecci\u00f3 de les actuacions d'Eduard Escoffet entre els anys 1997 i 2024.","desc_es":"En esta sesi\u00f3n veremos un v\u00eddeo con una selecci\u00f3n de las actuaciones de Eduard Escoffet entre los a\u00f1os 1997 y 2024.","desc_en":"In this session we will watch a video with a selection of Eduard Escoffet's performances between 1997 and 2024.","event_category":219,"event_show_only_own_date":false,"_event_confirmed":true,"_event_public":true,"_event_free":true,"_event_price-min":"","_event_price-max":"","_event_web_ca":"https:\/\/artssantamonica.gencat.cat\/ca\/detall\/Dimarts-de-video-00102","_event_web_es":"https:\/\/artssantamonica.gencat.cat\/es\/detall\/Dimarts-de-video-00102","_event_web_en":"https:\/\/artssantamonica.gencat.cat\/en\/detall\/Dimarts-de-video-00102","event_contact_email":"santamonica@gencat.cat","event_apply_email":"","is_online_event":false,"is_art_nou_event":false,"is_bgw_event":false,"date_text":"","register_deadline":null,"altres_organitzadors":""},"abe_event_venue":"Santa M\u00f2nica","abe_event_category":"Screening","start":"2024-09-17 19:00:00","end":"2024-09-17 20:00:00","schedule":"once","schedule_meta":"","frequency":1,"all_day":0,"until":"2024-09-17 19:00:00","include":[],"exclude":[],"_links":{"self":[{"href":"https:\/\/graf.cat\/en\/wp-json\/wp\/v2\/events\/40631","targetHints":{"allow":["GET"]}}],"collection":[{"href":"https:\/\/graf.cat\/en\/wp-json\/wp\/v2\/events"}],"about":[{"href":"https:\/\/graf.cat\/en\/wp-json\/wp\/v2\/types\/event"}],"author":[{"embeddable":true,"href":"https:\/\/graf.cat\/en\/wp-json\/wp\/v2\/users\/19"}],"occurrences":[{"embeddable":true,"href":"https:\/\/graf.cat\/en\/wp-json\/wp\/v2\/events\/40631\/occurrences"}],"acf:term":[{"embeddable":true,"taxonomy":"event-category","href":"https:\/\/graf.cat\/en\/wp-json\/wp\/v2\/event-category\/219"}],"wp:featuredmedia":[{"embeddable":true,"href":"https:\/\/graf.cat\/en\/wp-json\/wp\/v2\/media\/40632"}],"wp:attachment":[{"href":"https:\/\/graf.cat\/en\/wp-json\/wp\/v2\/media?parent=40631"}],"wp:term":[{"taxonomy":"event-venue","embeddable":true,"href":"https:\/\/graf.cat\/en\/wp-json\/wp\/v2\/event-venues?post=40631"},{"taxonomy":"event-tag","embeddable":true,"href":"https:\/\/graf.cat\/en\/wp-json\/wp\/v2\/event-tags?post=40631"}],"curies":[{"name":"wp","href":"https:\/\/api.w.org\/{rel}","templated":true}]}}

Dimarts de vídeo / Flux Summa: Eduard Escoffet

Martes de vídeo / Flux Summa: Eduard Escoffet

En aquesta sessió veurem un vídeo amb una selecció de les actuacions d'Eduard Escoffet entre els anys 1997 i 2024.

En esta sesión veremos un vídeo con una selección de las actuaciones de Eduard Escoffet entre los años 1997 y 2024.

Santa Mònica
