{"id":41025,"guid":{"rendered":"https:\/\/graf.cat\/?post_type=event&#038;p=41025"},"modified":"2024-09-03T08:20:26","modified_gmt":"2024-09-03T06:20:26","slug":"dimarts-de-video-como-vivir-en-una-zona-de-sacrificio","status":"publish","type":"event","link":"https:\/\/graf.cat\/en\/events\/event\/dimarts-de-video-como-vivir-en-una-zona-de-sacrificio\/","title":{"rendered":"Dimarts de v\u00eddeo \/\u00bfC\u00f3mo vivir en una zona de sacrificio?"},"content":{"rendered":"","protected":false},"excerpt":{"rendered":"","protected":false},"author":19,"featured_media":41026,"template":"","meta":{"_acf_changed":false,"_monsterinsights_skip_tracking":false,"_monsterinsights_sitenote_active":false,"_monsterinsights_sitenote_note":"","_monsterinsights_sitenote_category":0},"event-venues":[560],"event-tags":[],"class_list":["post-41025","event","type-event","status-publish","has-post-thumbnail","hentry","event-venue-santa-monica","event-category-screening"],"acf":{"title_ca":"Dimarts de v\u00eddeo \/\u00bfC\u00f3mo vivir en una zona de sacrificio?","title_es":"Martes de v\u00eddeo \/ \u00bfC\u00f3mo vivir en una zona de sacrificio?","title_en":"Tuesday of video \/  \u00bfC\u00f3mo vivir en una zona de sacrificio??","desc_ca":"Conjunt de v\u00eddeos que formen part del projecte hom\u00f2nim de Jose Iglesias Garc\u00eda-Arenal. Un projecte d'intercanvi de sabers i experi\u00e8ncies entre \"zones de sacrifici\" -llocs dedicats a l\u2019extracci\u00f3 de materials i energia, producci\u00f3 de mercaderies o recepci\u00f3 de residus identificats com a no aptes per a la vida-, a trav\u00e9s d\u2019un pont entre dos espais d\u2019agitaci\u00f3 cultural: la Sala Guirigai a Extremadura i Patio Om a la Patag\u00f2nia Austral; dos contextos molt diferents per\u00f2 vinculats per processos hist\u00f2rics d\u2019extracci\u00f3 minera.\r\n\r\nEntre l\u2019ultralocalitat i una virtualitat situada, el treball planteja quins agenciaments podem desenvolupar per a multiplicar els horitzons cosmot\u00e8cnics possibles, quines tecnologies s\u00f3n realment \u00fatils en un context de crisi permanent i com podem vincular-nos amb el territori quan sabem que vivim en una futura zona de sacrifici.\r\n\r\n<em>\u00bfC\u00f3mo vivir en una zona de sacrificio?<\/em>\u00a0\u00e9s un projecte coral que al cap del temps ha decantat en un programa de resid\u00e8ncies art\u00edstiques organitzat per l\u2019autor, a trav\u00e9s del qual treballa amb altres artistes per desenvolupar projectes de recerca i creaci\u00f3 sobre tecnologia i ruralitat. En el marc de la projecci\u00f3 de \u00abDimarts de v\u00eddeo\u00bb posarem en di\u00e0leg les investigacions d\u2019algunes d\u2019aquestes artistes, com Jara Rocha, Azahara Cerezo i Victor Ruiz Colomer, amb la matriu audiovisual de Jose Iglesias Garc\u00eda-Arenal.","desc_es":"Conjunto de videos que forman parte del proyecto hom\u00f3nimo de Jose Iglesias Garc\u00eda-Arenal. Un proyecto de intercambio de saberes y experiencias entre \"zonas de sacrificio\" -lugares dedicados a la extracci\u00f3n de materiales y energ\u00eda, producci\u00f3n de mercanc\u00edas o recepci\u00f3n de residuos identificados como no aptos para la vida-, a trav\u00e9s de un puente entre dos espacios de agitaci\u00f3n cultural: la Sala Guirigai en Extremadura y Patio Om en la Patagonia Austral; dos contextos muy diferentes pero vinculados por procesos hist\u00f3ricos de extracci\u00f3n minera.\r\n\r\nEntre la ultralocalidad y una virtualidad situada, el trabajo plantea qu\u00e9 agenciamientos podemos desarrollar para multiplicar los horizontes cosmot\u00e9cnicos possibles, qu\u00e9 tecnolog\u00edas son realmente \u00fatiles en un contexto de crisis permanente y c\u00f3mo podemos vincularnos con el territorio cuando sabemos que vivimos en una futura zona de sacrificio.\r\n\r\n<em>\u00bfC\u00f3mo vivir en una zona de sacrificio?<\/em>\u00a0es un proyecto coral que al cabo del tiempo ha decantado en un programa de residencias art\u00edsticas organizado por el autor, a trav\u00e9s del cual trabaja con otros artistas para desarrollar proyectos de investigaci\u00f3n y creaci\u00f3n sobre tecnolog\u00eda y ruralidad. En el marco de la proyecci\u00f3n de \u201cMartes de v\u00eddeo\u201d pondremos en di\u00e1logo las investigaciones de algunas de estas artistas, como Jara Rocha, Azahara Cerezo y V\u00edctor Ru\u00edz Colomer, con la matriz audiovisual de Jose Iglesias Garc\u00eda-Arenal.","desc_en":"A set of videos that form part of the project of the same name by Jose Iglesias Garc\u00eda-Arenal. A project of exchange of knowledge and experiences between \u2018sacrifice zones\u2019 -places dedicated to the extraction of materials and energy, production of goods or reception of waste identified as unfit for life-, through a bridge between two spaces of cultural agitation: Sala Guirigai in Extremadura and Patio Om in Southern Patagonia; two very different contexts but linked by historical processes of mining extraction.\r\n\r\nBetween ultralocality and a situated virtuality, the work raises the question of what agency we can develop to multiply the possible cosmotechnical horizons, what technologies are really useful in a context of permanent crisis, and how we can link ourselves to the territory when we know that we live in a future sacrifice zone.\r\n\r\n<em>\u00bfC\u00f3mo vivir en una zona de sacrificio?<\/em>\u00a0(How to live in a sacrifice zone?) is a choral project that over time has developed into a programme of artistic residencies organised by the author, through which he works with other artists to develop research and creation projects on technology and rurality. In the framework of the screening of \"Martes de v\u00eddeo\" we will put in dialogue the research of some of these artists, such as Jara Rocha, Azahara Cerezo and V\u00edctor Ru\u00edz Colomer, with the audiovisual matrix of Jose Iglesias Garc\u00eda-Arenal.\r\n\r\n&nbsp;","event_category":219,"event_show_only_own_date":false,"_event_confirmed":true,"_event_public":true,"_event_free":true,"_event_price-min":"","_event_price-max":"","_event_web_ca":"https:\/\/artssantamonica.gencat.cat\/ca\/detall\/Dimarts-de-video-00109","_event_web_es":"https:\/\/artssantamonica.gencat.cat\/es\/detall\/Dimarts-de-video-00109","_event_web_en":"https:\/\/artssantamonica.gencat.cat\/en\/detall\/Dimarts-de-video-00109","event_contact_email":"santamonica@gencat.cat","event_apply_email":"","is_online_event":false,"is_art_nou_event":false,"is_bgw_event":false,"date_text":"","register_deadline":null,"altres_organitzadors":""},"abe_event_venue":"Santa M\u00f2nica","abe_event_category":"Screening","start":"2024-11-19 19:00:00","end":"2024-11-19 20:00:00","schedule":"once","schedule_meta":"","frequency":1,"all_day":0,"until":"2024-11-19 19:00:00","include":[],"exclude":[],"_links":{"self":[{"href":"https:\/\/graf.cat\/en\/wp-json\/wp\/v2\/events\/41025","targetHints":{"allow":["GET"]}}],"collection":[{"href":"https:\/\/graf.cat\/en\/wp-json\/wp\/v2\/events"}],"about":[{"href":"https:\/\/graf.cat\/en\/wp-json\/wp\/v2\/types\/event"}],"author":[{"embeddable":true,"href":"https:\/\/graf.cat\/en\/wp-json\/wp\/v2\/users\/19"}],"occurrences":[{"embeddable":true,"href":"https:\/\/graf.cat\/en\/wp-json\/wp\/v2\/events\/41025\/occurrences"}],"acf:term":[{"embeddable":true,"taxonomy":"event-category","href":"https:\/\/graf.cat\/en\/wp-json\/wp\/v2\/event-category\/219"}],"wp:featuredmedia":[{"embeddable":true,"href":"https:\/\/graf.cat\/en\/wp-json\/wp\/v2\/media\/41026"}],"wp:attachment":[{"href":"https:\/\/graf.cat\/en\/wp-json\/wp\/v2\/media?parent=41025"}],"wp:term":[{"taxonomy":"event-venue","embeddable":true,"href":"https:\/\/graf.cat\/en\/wp-json\/wp\/v2\/event-venues?post=41025"},{"taxonomy":"event-tag","embeddable":true,"href":"https:\/\/graf.cat\/en\/wp-json\/wp\/v2\/event-tags?post=41025"}],"curies":[{"name":"wp","href":"https:\/\/api.w.org\/{rel}","templated":true}]}}

Dimarts de vídeo /¿Cómo vivir en una zona de sacrificio?

Martes de vídeo / ¿Cómo vivir en una zona de sacrificio?

Tuesday of video /  ¿Cómo vivir en una zona de sacrificio??

Conjunt de vídeos que formen part del projecte homònim de Jose Iglesias García-Arenal. Un projecte d'intercanvi de sabers i experiències entre "zones de sacrifici" -llocs dedicats a l’extracció de materials i energia, producció de mercaderies o recepció de residus identificats com a no aptes per a la vida-, a través d’un pont entre dos espais d’agitació cultural: la Sala Guirigai a Extremadura i Patio Om a la Patagònia Austral; dos contextos molt diferents però vinculats per processos històrics d’extracció minera.

Entre l’ultralocalitat i una virtualitat situada, el treball planteja quins agenciaments podem desenvolupar per a multiplicar els horitzons cosmotècnics possibles, quines tecnologies són realment útils en un context de crisi permanent i com podem vincular-nos amb el territori quan sabem que vivim en una futura zona de sacrifici.

<em>¿Cómo vivir en una zona de sacrificio?</em> és un projecte coral que al cap del temps ha decantat en un programa de residències artístiques organitzat per l’autor, a través del qual treballa amb altres artistes per desenvolupar projectes de recerca i creació sobre tecnologia i ruralitat. En el marc de la projecció de «Dimarts de vídeo» posarem en diàleg les investigacions d’algunes d’aquestes artistes, com Jara Rocha, Azahara Cerezo i Victor Ruiz Colomer, amb la matriu audiovisual de Jose Iglesias García-Arenal.

Conjunto de videos que forman parte del proyecto homónimo de Jose Iglesias García-Arenal. Un proyecto de intercambio de saberes y experiencias entre "zonas de sacrificio" -lugares dedicados a la extracción de materiales y energía, producción de mercancías o recepción de residuos identificados como no aptos para la vida-, a través de un puente entre dos espacios de agitación cultural: la Sala Guirigai en Extremadura y Patio Om en la Patagonia Austral; dos contextos muy diferentes pero vinculados por procesos históricos de extracción minera.

Entre la ultralocalidad y una virtualidad situada, el trabajo plantea qué agenciamientos podemos desarrollar para multiplicar los horizontes cosmotécnicos possibles, qué tecnologías son realmente útiles en un contexto de crisis permanente y cómo podemos vincularnos con el territorio cuando sabemos que vivimos en una futura zona de sacrificio.

<em>¿Cómo vivir en una zona de sacrificio?</em> es un proyecto coral que al cabo del tiempo ha decantado en un programa de residencias artísticas organizado por el autor, a través del cual trabaja con otros artistas para desarrollar proyectos de investigación y creación sobre tecnología y ruralidad. En el marco de la proyección de “Martes de vídeo” pondremos en diálogo las investigaciones de algunas de estas artistas, como Jara Rocha, Azahara Cerezo y Víctor Ruíz Colomer, con la matriz audiovisual de Jose Iglesias García-Arenal.

A set of videos that form part of the project of the same name by Jose Iglesias García-Arenal. A project of exchange of knowledge and experiences between ‘sacrifice zones’ -places dedicated to the extraction of materials and energy, production of goods or reception of waste identified as unfit for life-, through a bridge between two spaces of cultural agitation: Sala Guirigai in Extremadura and Patio Om in Southern Patagonia; two very different contexts but linked by historical processes of mining extraction.

Between ultralocality and a situated virtuality, the work raises the question of what agency we can develop to multiply the possible cosmotechnical horizons, what technologies are really useful in a context of permanent crisis, and how we can link ourselves to the territory when we know that we live in a future sacrifice zone.

<em>¿Cómo vivir en una zona de sacrificio?</em> (How to live in a sacrifice zone?) is a choral project that over time has developed into a programme of artistic residencies organised by the author, through which he works with other artists to develop research and creation projects on technology and rurality. In the framework of the screening of "Martes de vídeo" we will put in dialogue the research of some of these artists, such as Jara Rocha, Azahara Cerezo and Víctor Ruíz Colomer, with the audiovisual matrix of Jose Iglesias García-Arenal.

&nbsp;

Santa Mònica
