{"id":41216,"guid":{"rendered":"https:\/\/graf.cat\/?post_type=event&#038;p=41216"},"modified":"2024-09-12T12:23:01","modified_gmt":"2024-09-12T10:23:01","slug":"barcelona-gallery-weekend-2024","status":"publish","type":"event","link":"https:\/\/graf.cat\/en\/events\/event\/barcelona-gallery-weekend-2024\/","title":{"rendered":"Barcelona Gallery Weekend 2024"},"content":{"rendered":"","protected":false},"excerpt":{"rendered":"","protected":false},"author":112,"featured_media":41217,"template":"","meta":{"_acf_changed":false,"_monsterinsights_skip_tracking":false,"_monsterinsights_sitenote_active":false,"_monsterinsights_sitenote_note":"","_monsterinsights_sitenote_category":0},"event-venues":[],"event-tags":[],"class_list":["post-41216","event","type-event","status-publish","has-post-thumbnail","hentry","event-category-festival"],"acf":{"title_ca":"Barcelona Gallery Weekend 2024","title_es":"Barcelona Gallery Weekend 2024","title_en":"Barcelona Gallery Weekend 2024","desc_ca":"<div class=\"hide\">\r\n\r\nA partir de les 18h, inauguraci\u00f3 de les exposicions en les 27 galeries participants per a p\u00fablic general.\r\n\r\n<\/div>","desc_es":"<h3><\/h3>\r\n<div class=\"hide\">\r\n\r\nA partir de las 18h, inauguraci\u00f3n en las 27 galer\u00edas participantes para p\u00fablico general.\r\n\r\n<\/div>","desc_en":"<h3><\/h3>\r\n<div class=\"hide\">\r\n\r\nFrom 6pm, public opening at the 27 participating galleries.\r\n\r\n<\/div>","event_category":481,"event_show_only_own_date":true,"_event_confirmed":true,"_event_public":true,"_event_free":true,"_event_price-min":"","_event_price-max":"","_event_web_ca":"https:\/\/barcelonagalleryweekend.com\/activity.php?lang=cat&id=24","_event_web_es":"https:\/\/barcelonagalleryweekend.com\/activity.php?lang=esp&id=24","_event_web_en":"https:\/\/barcelonagalleryweekend.com\/activity.php?id=24","event_contact_email":"","event_apply_email":"","is_online_event":false,"is_art_nou_event":false,"is_bgw_event":true,"date_text":"","register_deadline":null,"altres_organitzadors":""},"abe_event_venue":null,"abe_event_category":"Festival","start":"2024-09-19 18:00:00","end":"2024-09-19 21:00:00","schedule":"once","schedule_meta":"","frequency":1,"all_day":0,"until":"2024-09-19 18:00:00","include":[],"exclude":[],"_links":{"self":[{"href":"https:\/\/graf.cat\/en\/wp-json\/wp\/v2\/events\/41216","targetHints":{"allow":["GET"]}}],"collection":[{"href":"https:\/\/graf.cat\/en\/wp-json\/wp\/v2\/events"}],"about":[{"href":"https:\/\/graf.cat\/en\/wp-json\/wp\/v2\/types\/event"}],"author":[{"embeddable":true,"href":"https:\/\/graf.cat\/en\/wp-json\/wp\/v2\/users\/112"}],"occurrences":[{"embeddable":true,"href":"https:\/\/graf.cat\/en\/wp-json\/wp\/v2\/events\/41216\/occurrences"}],"acf:term":[{"embeddable":true,"taxonomy":"event-category","href":"https:\/\/graf.cat\/en\/wp-json\/wp\/v2\/event-category\/481"}],"wp:featuredmedia":[{"embeddable":true,"href":"https:\/\/graf.cat\/en\/wp-json\/wp\/v2\/media\/41217"}],"wp:attachment":[{"href":"https:\/\/graf.cat\/en\/wp-json\/wp\/v2\/media?parent=41216"}],"wp:term":[{"taxonomy":"event-venue","embeddable":true,"href":"https:\/\/graf.cat\/en\/wp-json\/wp\/v2\/event-venues?post=41216"},{"taxonomy":"event-tag","embeddable":true,"href":"https:\/\/graf.cat\/en\/wp-json\/wp\/v2\/event-tags?post=41216"}],"curies":[{"name":"wp","href":"https:\/\/api.w.org\/{rel}","templated":true}]}}

<div class="hide">

A partir de les 18h, inauguració de les exposicions en les 27 galeries participants per a públic general.

</div>

<h3></h3>
<div class="hide">

A partir de las 18h, inauguración en las 27 galerías participantes para público general.

</div>
