{"id":41275,"guid":{"rendered":"https:\/\/graf.cat\/?post_type=event&#038;p=41275"},"modified":"2024-09-13T13:38:51","modified_gmt":"2024-09-13T11:38:51","slug":"eugenio-merino-julio-anaya-4","status":"publish","type":"event","link":"https:\/\/graf.cat\/en\/events\/event\/eugenio-merino-julio-anaya-4\/","title":{"rendered":"Banco P\u00fablico \/ De carne y de \u00e9ter: Picasso, Mir\u00f3 y T\u00e1pies"},"content":{"rendered":"","protected":false},"excerpt":{"rendered":"","protected":false},"author":14,"featured_media":39709,"template":"","meta":{"_acf_changed":false,"_monsterinsights_skip_tracking":false,"_monsterinsights_sitenote_active":false,"_monsterinsights_sitenote_note":"","_monsterinsights_sitenote_category":0},"event-venues":[29],"event-tags":[],"class_list":["post-41275","event","type-event","status-publish","has-post-thumbnail","hentry","event-venue-adn-galeria","event-category-altres"],"acf":{"title_ca":"Esmorzar amb Julio Anaya i Eugenio Merino","title_es":"Desayuno con Julio Anaya y Eugenio Merino","title_en":"Late breakfast with Julio Anaya and Eugenio Merino","desc_ca":"Esmorzar amb els artistes\u00a0<b>Julio Anaya<\/b>\u00a0i\u00a0<b>Eugenio Merino<\/b>\u00a0en el context de l'exposici\u00f3\u00a0<a href=\"https:\/\/barcelonagalleryweekend.com\/expo.php?lang=cat&amp;id=104\" target=\"_blank\" rel=\"noopener\">\u00abDe carn i \u00e8ter: Picasso, Mir\u00f3 i T\u00e0pies \/ Banc P\u00fablic\u00bb<\/a>.","desc_es":"Desayuno con los artistas Julio Anaya y Eugenio Merino en el contexto de la exposici\u00f3n\u00a0<a href=\"https:\/\/barcelonagalleryweekend.com\/expo.php?lang=esp&amp;id=104\" target=\"_blank\" rel=\"noopener\">\u00abDe\u00a0carne\u00a0y \u00e9ter: Picasso, Mir\u00f3 y T\u00e0pies \/ Banco P\u00fablico\u00bb<\/a>.","desc_en":"Late breakfast with the artists\u00a0<b>Julio Anaya<\/b>\u00a0and\u00a0<b>Eugenio Merino<\/b>\u00a0in the context of their exhibition\u00a0<a href=\"https:\/\/barcelonagalleryweekend.com\/expo.php?lang=eng&amp;id=104\" target=\"_blank\" rel=\"noopener\">'On Flesh and Ether: Picasso, Mir\u00f3 and T\u00e0pies \/ Public Bench'<\/a>.","event_category":191,"event_show_only_own_date":false,"_event_confirmed":true,"_event_public":true,"_event_free":true,"_event_price-min":"","_event_price-max":"","_event_web_ca":"https:\/\/barcelonagalleryweekend.com\/activity.php?lang=cat&id=63","_event_web_es":"https:\/\/barcelonagalleryweekend.com\/activity.php?lang=esp&id=63","_event_web_en":"https:\/\/barcelonagalleryweekend.com\/activity.php?id=63","event_contact_email":"","event_apply_email":"","is_online_event":false,"is_art_nou_event":false,"is_bgw_event":true,"date_text":"","register_deadline":null,"altres_organitzadors":""},"abe_event_venue":"ADN Galeria","abe_event_category":"Altres","start":"2024-09-21 12:00:00","end":"2024-09-21 12:00:00","schedule":"once","schedule_meta":"","frequency":1,"all_day":0,"until":"2024-09-21 12:00:00","include":[],"exclude":[],"_links":{"self":[{"href":"https:\/\/graf.cat\/en\/wp-json\/wp\/v2\/events\/41275","targetHints":{"allow":["GET"]}}],"collection":[{"href":"https:\/\/graf.cat\/en\/wp-json\/wp\/v2\/events"}],"about":[{"href":"https:\/\/graf.cat\/en\/wp-json\/wp\/v2\/types\/event"}],"author":[{"embeddable":true,"href":"https:\/\/graf.cat\/en\/wp-json\/wp\/v2\/users\/14"}],"occurrences":[{"embeddable":true,"href":"https:\/\/graf.cat\/en\/wp-json\/wp\/v2\/events\/41275\/occurrences"}],"acf:term":[{"embeddable":true,"taxonomy":"event-category","href":"https:\/\/graf.cat\/en\/wp-json\/wp\/v2\/event-category\/191"}],"wp:featuredmedia":[{"embeddable":true,"href":"https:\/\/graf.cat\/en\/wp-json\/wp\/v2\/media\/39709"}],"wp:attachment":[{"href":"https:\/\/graf.cat\/en\/wp-json\/wp\/v2\/media?parent=41275"}],"wp:term":[{"taxonomy":"event-venue","embeddable":true,"href":"https:\/\/graf.cat\/en\/wp-json\/wp\/v2\/event-venues?post=41275"},{"taxonomy":"event-tag","embeddable":true,"href":"https:\/\/graf.cat\/en\/wp-json\/wp\/v2\/event-tags?post=41275"}],"curies":[{"name":"wp","href":"https:\/\/api.w.org\/{rel}","templated":true}]}}

Banco Público / De carne y de éter: Picasso, Miró y Tápies

Esmorzar amb els artistes <b>Julio Anaya</b> i <b>Eugenio Merino</b> en el context de l'exposició <a href="https://barcelonagalleryweekend.com/expo.php?lang=cat&amp;id=104" target="_blank" rel="noopener">«De carn i èter: Picasso, Miró i Tàpies / Banc Públic»</a>.

Desayuno con los artistas Julio Anaya y Eugenio Merino en el contexto de la exposición <a href="https://barcelonagalleryweekend.com/expo.php?lang=esp&amp;id=104" target="_blank" rel="noopener">«De carne y éter: Picasso, Miró y Tàpies / Banco Público»</a>.

Late breakfast with the artists <b>Julio Anaya</b> and <b>Eugenio Merino</b> in the context of their exhibition <a href="https://barcelonagalleryweekend.com/expo.php?lang=eng&amp;id=104" target="_blank" rel="noopener">'On Flesh and Ether: Picasso, Miró and Tàpies / Public Bench'</a>.
