{"id":41524,"guid":{"rendered":"https:\/\/graf.cat\/?post_type=event&#038;p=41524"},"modified":"2024-09-23T09:00:03","modified_gmt":"2024-09-23T07:00:03","slug":"fundacio-han-nefkens-korakrit-arunanondchai-martha-atienza-priyageetha-dia-maya-watanabe-manifesta15","status":"publish","type":"event","link":"https:\/\/graf.cat\/en\/events\/event\/fundacio-han-nefkens-korakrit-arunanondchai-martha-atienza-priyageetha-dia-maya-watanabe-manifesta15\/","title":{"rendered":"Fundaci\u00f3 Han Nefkens | Korakrit Arunanondchai + Martha Atienza + Priyageetha Dia + Maya Watanabe | MANIFESTA15"},"content":{"rendered":"","protected":false},"excerpt":{"rendered":"","protected":false},"author":159,"featured_media":41525,"template":"","meta":{"_acf_changed":false,"_monsterinsights_skip_tracking":false,"_monsterinsights_sitenote_active":false,"_monsterinsights_sitenote_note":"","_monsterinsights_sitenote_category":0},"event-venues":[635],"event-tags":[],"class_list":["post-41524","event","type-event","status-publish","has-post-thumbnail","hentry","event-venue-mac-preso","event-category-exposicio"],"acf":{"title_ca":"Fundaci\u00f3 Han Nefkens | Korakrit Arunanondchai + Martha Atienza + Priyageetha Dia + Maya Watanabe | MANIFESTA15","title_es":"Fundaci\u00f3 Han Nefkens | Korakrit Arunanondchai + Martha Atienza + Priyageetha Dia + Maya Watanabe | MANIFESTA15","title_en":"Fundaci\u00f3 Han Nefkens | Korakrit Arunanondchai + Martha Atienza + Priyageetha Dia + Maya Watanabe | MANIFESTA15","desc_ca":"<strong>Han Nefkens Foundation\r\n<\/strong>Com a part de l\u2019esfor\u00e7 per reduir la seva petjada de carboni i crear sinergies amb altres organitzacions culturals,\u00a0<a href=\"https:\/\/www.manifesta15.org\/ca\"><strong>Manifesta 15<\/strong><\/a>\u00a0ha iniciat una s\u00e8rie de converses a llarg termini que han resultat en col\u00b7laboracions amb altres biennals i iniciatives art\u00edstiques amb valors ecol\u00f2gics i socials compartits. \u00c9s en aquest context que la biennal s\u2019ha associat amb la\u00a0<a href=\"https:\/\/www.hnfoundation.com\/\"><strong>Fundaci\u00f3 Han Nefkens<\/strong><\/a>, una organitzaci\u00f3 privada sense \u00e0nim de lucre constitu\u00efda a Barcelona el 2009 per l\u2019escriptor i mecenes de l\u2019art holand\u00e8s Han Nefkens.\r\nLa missi\u00f3 de la fundaci\u00f3 \u00e9s encarregar, donar suport i promoure el videoart, que considera que t\u00e9 una capacitat excepcional per connectar grans audi\u00e8ncies internacionals en diferents contextos socials, culturals i pol\u00edtics.\r\nLes antigues cel\u00b7les de la pres\u00f3 es converteixen en sales de v\u00eddeo, on Manifesta 15 selecciona i presenta quatre pel\u00b7l\u00edcules produ\u00efdes per la Fundaci\u00f3.\r\n\r\n<strong>Filipa Oliveira<\/strong>\r\nCuradora de Manifesta 15\r\n\r\n&nbsp;\r\n\r\n<strong>Korakrit Arunanondchai<\/strong>\r\nL\u2019obra de Korakrit Arunanondchai (Bangkok, 1986) entrella\u00e7a narracions i experi\u00e8ncies personals amb refer\u00e8ncies mitol\u00f2giques i relats sociohist\u00f2rics, amb un enfocament particular en les realitats culturals i pol\u00edtiques de la seva Tail\u00e0ndia natal.\u00a0<em>Songs for dying\u00a0<\/em>t\u00e9 una trama de diverses capes que vincula el dol de l\u2019artista per la mort del seu avi amb la massacre de Jeju de 1948 a Corea del Sud, aix\u00ed com la recent protesta estudiantil contra el govern militaritzat de Tail\u00e0ndia. A la pel\u00b7l\u00edcula, els processos de mort i descomposici\u00f3 fan possibles formes alternatives de (co)exist\u00e8ncia. La pel\u00b7l\u00edcula parla de com l\u2019artista fa \u00fas de la narraci\u00f3 especulativa, una metodologia cinematogr\u00e0fica que s\u2019allibera d\u2019un marc de pensament occidental paternalista, les preocupacions i pretensions del qual pretenen limitar artificialment les possibilitats. Ho fa com a mitj\u00e0 tant per guarir traumes del passat com per transformar les relacions entre subjectes que, altrament, podrien semblar dispars. Per a Arunanondchai, l\u2019acte de trencar, o interrompre, les narratives dominants es basa en la convicci\u00f3 que fer-ho deixa espai per a hist\u00f2ries no contades.\r\nF.O\r\n\r\n<strong>Martha Atienza<\/strong><em>\r\nSugdan Ko<\/em>, de l\u2019artista filipinoholandesa Martha Atienza (Manila, 1981), forma part d\u2019una trilogia dedicada a l\u2019entorn mar\u00ed de l\u2019illa de Bantayan i les altres illes que hi ha al seu voltant. La pel\u00b7l\u00edcula \u00e9s el resultat d\u2019un taller dirigit per la GOODLand Association, un moviment comunitari de base que lidera Atienza. El taller es va fer a l\u2019illa de Mambacayao Daku amb un grup de joves residents compromesos amb el futur de la seva llar i del seu entorn natural. La pel\u00b7l\u00edcula reclama que el mar que envolta l\u2019illa sigui declarat \u00c0rea Marina Protegida. Un cop fet el film, se li va concedir aquest estatus legal.\r\n<em>Sugdan Ko<\/em>\u00a0\u00e9s un testimoni del poder que tenen les iniciatives clim\u00e0tiques impulsades pels joves i el potencial transformador de les comunitats que s\u2019uneixen per aconseguir un objectiu com\u00fa. La pel\u00b7l\u00edcula tamb\u00e9 recorda que no n\u2019hi ha prou amb esperar directrius de dalt a baix per preservar el medi ambient, sin\u00f3 que, en realitat, la gesti\u00f3 ambiental comen\u00e7a amb cada iniciativa compromesa que comencem i adquirim.\r\nF.O\r\n\r\n<strong>Priyageetha Dia<\/strong>\r\nEn la seva obra, l\u2019artista Priyageetha Dia (Singapur, 1992) examina cr\u00edticament les hist\u00f2ries laborals i l\u2019explotaci\u00f3 colonial i capitalista del sud-est asi\u00e0tic. La narrativa especulativa de\u00a0<em>Spectre System\u00a0<\/em>segueix un \u00abespectre\u00bb principal, un protagonista generat per ordinador que deambula per plantacions i boscos desolats: paisatges marcats per segles de domini imperial i asim\u00e8tric. La pel\u00b7l\u00edcula, amb una est\u00e8tica que recorda els jocs d\u2019ordinador, relaciona els records del corporativisme de les plantacions i els trasllats de poblaci\u00f3 als territoris alliberats de l\u2019antiga Malaia brit\u00e0nica amb formes emergents d\u2019explotaci\u00f3 en l\u2019economia digital hiperglobalitzada. La pel\u00b7l\u00edcula revela el sorgiment d\u2019un nou r\u00e8gim colonial, que es posa de manifest en la consolidaci\u00f3 contempor\u00e0nia del capital en dispositius tecnol\u00f2gics que no nom\u00e9s devaluen els treballadors, sin\u00f3 que tamb\u00e9 els despersonalitzen.\r\nF.O\r\n\r\n<strong>Maya Watanabe<\/strong>\r\nEntre els anys 1980 i 2000, el Per\u00fa va patir una \u00e8poca de conflictes interns violents que van acabar amb gaireb\u00e9 70.000 vides. Aquests conflictes van enfrontar les guerrilles\u00a0<em>Sendero Luminoso<\/em>\u00a0i\u00a0<em>Movimiento Revolucionario T\u00fapac Amaru<\/em>, d\u2019una banda, i els militars, de l\u2019altra, amb les comunitats de camperols atrapades al mig. M\u00e9s de dues d\u00e8cades despr\u00e9s, la societat peruana encara no ha oblidat els horrors d\u2019aquell conflicte: 16.000 persones continuen desaparegudes i encara hi ha 6.000 fosses comunes pendents d\u2019excavar.\r\nLa pel\u00b7l\u00edcula de Maya Watanabe (Lima, 1983) mostra un primer pla d\u2019una fossa comuna, que s\u2019enfoca i desenfoca cont\u00ednuament. A mesura que la imatge es fa m\u00e9s n\u00edtida, emergeixen fragments d\u2019ossos, dents i roba esquin\u00e7ada de la terra, les arrels i les pedres. Marcadors arqueol\u00f2gics i instruments de mesura apunten cap aquestes restes, per\u00f2 les imatges difuminen la distinci\u00f3 entre elles i el paisatge en el qual s\u2019insereixen. En espera d\u2019una identificaci\u00f3 forense, les restes esqueletitzades es troben en un estat legal de transici\u00f3 entre persones desaparegudes i oficialment mortes.\u00a0<em>Liminal<\/em>\u00a0t\u00e9 lloc durant aquella etapa de transici\u00f3, centrant-se en persones peruanes an\u00f2nimes que romanen en el llindar de la subjectivitat, el reconeixement i la representaci\u00f3.\r\nF.O\r\n\r\n&nbsp;\r\n\r\n<strong>HORARI<\/strong>\r\n\r\ndm-dv, de 16 a 20 h\r\nds, dg i festius, de 10 a 20 h\r\ndll, tancat\r\nFocus Week | del 15 al 20 d\u2019octubre, de 10 a 20 h","desc_es":"","desc_en":"","event_category":103,"event_show_only_own_date":false,"_event_confirmed":true,"_event_public":true,"_event_free":true,"_event_price-min":"","_event_price-max":"","_event_web_ca":"","_event_web_es":"","_event_web_en":"","event_contact_email":"","event_apply_email":"","is_online_event":false,"is_art_nou_event":false,"is_bgw_event":false,"date_text":"Del 08.09 al 24.11","register_deadline":null,"altres_organitzadors":""},"abe_event_venue":"M|A|C Pres\u00f3","abe_event_category":"Exposici\u00f3","start":"2024-09-08 10:00:00","end":"2024-11-24 20:00:00","schedule":"once","schedule_meta":"","frequency":1,"all_day":0,"until":"2024-09-08 10:00:00","include":[],"exclude":[],"_links":{"self":[{"href":"https:\/\/graf.cat\/en\/wp-json\/wp\/v2\/events\/41524","targetHints":{"allow":["GET"]}}],"collection":[{"href":"https:\/\/graf.cat\/en\/wp-json\/wp\/v2\/events"}],"about":[{"href":"https:\/\/graf.cat\/en\/wp-json\/wp\/v2\/types\/event"}],"author":[{"embeddable":true,"href":"https:\/\/graf.cat\/en\/wp-json\/wp\/v2\/users\/159"}],"occurrences":[{"embeddable":true,"href":"https:\/\/graf.cat\/en\/wp-json\/wp\/v2\/events\/41524\/occurrences"}],"acf:term":[{"embeddable":true,"taxonomy":"event-category","href":"https:\/\/graf.cat\/en\/wp-json\/wp\/v2\/event-category\/103"}],"wp:featuredmedia":[{"embeddable":true,"href":"https:\/\/graf.cat\/en\/wp-json\/wp\/v2\/media\/41525"}],"wp:attachment":[{"href":"https:\/\/graf.cat\/en\/wp-json\/wp\/v2\/media?parent=41524"}],"wp:term":[{"taxonomy":"event-venue","embeddable":true,"href":"https:\/\/graf.cat\/en\/wp-json\/wp\/v2\/event-venues?post=41524"},{"taxonomy":"event-tag","embeddable":true,"href":"https:\/\/graf.cat\/en\/wp-json\/wp\/v2\/event-tags?post=41524"}],"curies":[{"name":"wp","href":"https:\/\/api.w.org\/{rel}","templated":true}]}}

Fundació Han Nefkens | Korakrit Arunanondchai + Martha Atienza + Priyageetha Dia + Maya Watanabe | MANIFESTA15

<strong>Han Nefkens Foundation
</strong>Com a part de l’esforç per reduir la seva petjada de carboni i crear sinergies amb altres organitzacions culturals, <a href="https://www.manifesta15.org/ca"><strong>Manifesta 15</strong></a> ha iniciat una sèrie de converses a llarg termini que han resultat en col·laboracions amb altres biennals i iniciatives artístiques amb valors ecològics i socials compartits. És en aquest context que la biennal s’ha associat amb la <a href="https://www.hnfoundation.com/"><strong>Fundació Han Nefkens</strong></a>, una organització privada sense ànim de lucre constituïda a Barcelona el 2009 per l’escriptor i mecenes de l’art holandès Han Nefkens.
La missió de la fundació és encarregar, donar suport i promoure el videoart, que considera que té una capacitat excepcional per connectar grans audiències internacionals en diferents contextos socials, culturals i polítics.
Les antigues cel·les de la presó es converteixen en sales de vídeo, on Manifesta 15 selecciona i presenta quatre pel·lícules produïdes per la Fundació.

<strong>Filipa Oliveira</strong>
Curadora de Manifesta 15

&nbsp;

<strong>Korakrit Arunanondchai</strong>
L’obra de Korakrit Arunanondchai (Bangkok, 1986) entrellaça narracions i experiències personals amb referències mitològiques i relats sociohistòrics, amb un enfocament particular en les realitats culturals i polítiques de la seva Tailàndia natal. <em>Songs for dying </em>té una trama de diverses capes que vincula el dol de l’artista per la mort del seu avi amb la massacre de Jeju de 1948 a Corea del Sud, així com la recent protesta estudiantil contra el govern militaritzat de Tailàndia. A la pel·lícula, els processos de mort i descomposició fan possibles formes alternatives de (co)existència. La pel·lícula parla de com l’artista fa ús de la narració especulativa, una metodologia cinematogràfica que s’allibera d’un marc de pensament occidental paternalista, les preocupacions i pretensions del qual pretenen limitar artificialment les possibilitats. Ho fa com a mitjà tant per guarir traumes del passat com per transformar les relacions entre subjectes que, altrament, podrien semblar dispars. Per a Arunanondchai, l’acte de trencar, o interrompre, les narratives dominants es basa en la convicció que fer-ho deixa espai per a històries no contades.
F.O

<strong>Martha Atienza</strong><em>
Sugdan Ko</em>, de l’artista filipinoholandesa Martha Atienza (Manila, 1981), forma part d’una trilogia dedicada a l’entorn marí de l’illa de Bantayan i les altres illes que hi ha al seu voltant. La pel·lícula és el resultat d’un taller dirigit per la GOODLand Association, un moviment comunitari de base que lidera Atienza. El taller es va fer a l’illa de Mambacayao Daku amb un grup de joves residents compromesos amb el futur de la seva llar i del seu entorn natural. La pel·lícula reclama que el mar que envolta l’illa sigui declarat Àrea Marina Protegida. Un cop fet el film, se li va concedir aquest estatus legal.
<em>Sugdan Ko</em> és un testimoni del poder que tenen les iniciatives climàtiques impulsades pels joves i el potencial transformador de les comunitats que s’uneixen per aconseguir un objectiu comú. La pel·lícula també recorda que no n’hi ha prou amb esperar directrius de dalt a baix per preservar el medi ambient, sinó que, en realitat, la gestió ambiental comença amb cada iniciativa compromesa que comencem i adquirim.
F.O

<strong>Priyageetha Dia</strong>
En la seva obra, l’artista Priyageetha Dia (Singapur, 1992) examina críticament les històries laborals i l’explotació colonial i capitalista del sud-est asiàtic. La narrativa especulativa de <em>Spectre System </em>segueix un «espectre» principal, un protagonista generat per ordinador que deambula per plantacions i boscos desolats: paisatges marcats per segles de domini imperial i asimètric. La pel·lícula, amb una estètica que recorda els jocs d’ordinador, relaciona els records del corporativisme de les plantacions i els trasllats de població als territoris alliberats de l’antiga Malaia britànica amb formes emergents d’explotació en l’economia digital hiperglobalitzada. La pel·lícula revela el sorgiment d’un nou règim colonial, que es posa de manifest en la consolidació contemporània del capital en dispositius tecnològics que no només devaluen els treballadors, sinó que també els despersonalitzen.
F.O

<strong>Maya Watanabe</strong>
Entre els anys 1980 i 2000, el Perú va patir una època de conflictes interns violents que van acabar amb gairebé 70.000 vides. Aquests conflictes van enfrontar les guerrilles <em>Sendero Luminoso</em> i <em>Movimiento Revolucionario Túpac Amaru</em>, d’una banda, i els militars, de l’altra, amb les comunitats de camperols atrapades al mig. Més de dues dècades després, la societat peruana encara no ha oblidat els horrors d’aquell conflicte: 16.000 persones continuen desaparegudes i encara hi ha 6.000 fosses comunes pendents d’excavar.
La pel·lícula de Maya Watanabe (Lima, 1983) mostra un primer pla d’una fossa comuna, que s’enfoca i desenfoca contínuament. A mesura que la imatge es fa més nítida, emergeixen fragments d’ossos, dents i roba esquinçada de la terra, les arrels i les pedres. Marcadors arqueològics i instruments de mesura apunten cap aquestes restes, però les imatges difuminen la distinció entre elles i el paisatge en el qual s’insereixen. En espera d’una identificació forense, les restes esqueletitzades es troben en un estat legal de transició entre persones desaparegudes i oficialment mortes. <em>Liminal</em> té lloc durant aquella etapa de transició, centrant-se en persones peruanes anònimes que romanen en el llindar de la subjectivitat, el reconeixement i la representació.
F.O

&nbsp;

<strong>HORARI</strong>

dm-dv, de 16 a 20 h
ds, dg i festius, de 10 a 20 h
dll, tancat
Focus Week | del 15 al 20 d’octubre, de 10 a 20 h

M|A|C Presó

Exposició
