{"id":42360,"guid":{"rendered":"https:\/\/graf.cat\/?post_type=event&#038;p=42360"},"modified":"2024-10-10T13:21:03","modified_gmt":"2024-10-10T11:21:03","slug":"performing-curation","status":"publish","type":"event","link":"https:\/\/graf.cat\/en\/events\/event\/performing-curation\/","title":{"rendered":"PERFORMING CURATION"},"content":{"rendered":"","protected":false},"excerpt":{"rendered":"","protected":false},"author":124,"featured_media":42361,"template":"","meta":{"_acf_changed":false,"_monsterinsights_skip_tracking":false,"_monsterinsights_sitenote_active":false,"_monsterinsights_sitenote_note":"","_monsterinsights_sitenote_category":0},"event-venues":[43],"event-tags":[],"class_list":["post-42360","event","type-event","status-publish","has-post-thumbnail","hentry","event-venue-arts-santa-monica-3","event-category-lab"],"acf":{"title_ca":"PERFORMING CURATION","title_es":"PERFORMING CURATION","title_en":"PERFORMING CURATION","desc_ca":"Pon\u00e8ncies de Pedro Alberto Cruz, Sem\u00edramis Gonzalez i Marta Pol. Per\u00edode d'inscripci\u00f3 tancat. Persones interessades a ser a llista d'espera en cas de baixes d'inscrites, escrigueu a hola@artefacte.info\r\n\r\n<strong>PERFORMING CURATION<\/strong> \u00e9s un programa que experimenta amb els marges de possibilitat per la creaci\u00f3 d\u2019espais de curadoria compartida entre la ciutadania i les institucions art\u00edstiques.\r\n\r\nEn la seva tercera edici\u00f3, PERFORMING CURATION convida aquelles persones interessades a participar en dues jornades d\u2019exploraci\u00f3 entorn l'escena de la performance ib\u00e8rica actual i a escollir assemble\u00e0riament una de les seves artistes per a ser programada al centre d\u2019arts Santa M\u00f2nica el 2025.\r\n\r\nEl cap de setmana del dissabte 19 i el diumenge 20 d\u2019octubre, PERFORMING CURATION 2024 programa un seminari entorn les pr\u00e0ctiques performatives contempor\u00e0nies i una sessi\u00f3 des de la qual escollir assemble\u00e0riament una artista de performance ib\u00e8rica per a ser programada l\u2019any que ve.\r\n\r\nEl seminari entorn les pr\u00e0ctiques performatives contempor\u00e0nies PERFORMING CURATION 2024 ser\u00e0 impartit per les curadores i investigadores en art de performance Pedro Alberto Cruz, Sem\u00edramis Gonzalez i Marta Pol Rigau, cadascuna de les quals impartir\u00e0 una classe mestre entorn una perspectiva de l\u2019art de performance contemporani.\r\n\r\nLes assemblees PERFORMING CURATION celebrades des de 2022 han programat a Barcelona performances de Cangrejo Pro, Bego\u00f1a Grande, Cacao Diaz, Elena Carvajal \/ Fran Martinez, Paloma Orts, Neus Masdeu o Marla Jacarilla a MACBA, Fundaci\u00f3 Joan Brossa, L\u2019Estruch o Santa M\u00f2nica.\r\n\r\n<strong>Pedro A. Cruz S\u00e1nchez<\/strong> \u00e9s professor d'art contemporani a la Universitat de M\u00farcia, cr\u00edtic i te\u00f2ric de l'art i poeta. Entre els seus llibres destaquen: Marcel Duchamp. La sombra y lo femenino (Bellaterra, 2016); Arte y performance. Una historia desde las vanguardias hasta la actualidad (Akal, 2021); i Raza, g\u00e9nero y moral. Lo limpio y lo sucio en el arte contempor\u00e1neo (Abada, 2023).\r\n\r\n<strong>Sem\u00edramis Gonz\u00e1lez<\/strong> \u00e9s comiss\u00e0ria independent asturiana, establerta a Madrid. Est\u00e0 llicenciada en Hist\u00f2ria de l'Art per la Universitat d'Oviedo i M\u00e0ster en Hist\u00f2ria de l'Art Contemporani i Cultura Visual al Museu Reina Sofia, per la Universidad Complutense. Actualment \u00e9s comiss\u00e0ria de \u201cVisi\u00f3n y presencia\u201d, un cicle de performances d'artistes dones al Museu Nacional Thyssen-Bornemisza i docent al M\u00e0ster PHotoESPA\u00d1A, entre altres projectes.\r\n\r\n<strong>Marta Pol Rigau<\/strong> \u00e9s doctora i llicenciada en Hist\u00f2ria de l'art per la Universitat Aut\u00f2noma de Barcelona, a Sotheby's Educational Studies, Londres va realitzar el curs d'especialitzaci\u00f3 de Post-War and Contemporary Art, t\u00e9 estudis de filosofia, \u201cM\u00e0ster en Gesti\u00f3 Cultural\u201d i Diploma de Postgrau en \u201cGesti\u00f3 i Pol\u00edtiques Culturals\u201d per la Universitat de Barcelona i l\u2019obtenci\u00f3 d\u2019una beca per a realitzar una estada a University College de Dubl\u00edn.\r\n\r\n&nbsp;\r\n\r\n&nbsp;","desc_es":"Pon\u00e8ncies de Pedro Alberto Cruz, Sem\u00edramis Gonzalez i Marta Pol. Per\u00edode d'inscripci\u00f3 tancat. Persones interessades a ser a llista d'espera en cas de baixes d'inscrites, escrigueu a hola@artefacte.info\r\n\r\n<strong>PERFORMING CURATION<\/strong> \u00e9s un programa que experimenta amb els marges de possibilitat per la creaci\u00f3 d\u2019espais de curadoria compartida entre la ciutadania i les institucions art\u00edstiques.\r\n\r\nEn la seva tercera edici\u00f3, PERFORMING CURATION convida aquelles persones interessades a participar en dues jornades d\u2019exploraci\u00f3 entorn l'escena de la performance ib\u00e8rica actual i a escollir assemble\u00e0riament una de les seves artistes per a ser programada al centre d\u2019arts Santa M\u00f2nica el 2025.\r\n\r\nEl cap de setmana del dissabte 19 i el diumenge 20 d\u2019octubre, PERFORMING CURATION 2024 programa un seminari entorn les pr\u00e0ctiques performatives contempor\u00e0nies i una sessi\u00f3 des de la qual escollir assemble\u00e0riament una artista de performance ib\u00e8rica per a ser programada l\u2019any que ve.\r\n\r\nEl seminari entorn les pr\u00e0ctiques performatives contempor\u00e0nies PERFORMING CURATION 2024 ser\u00e0 impartit per les curadores i investigadores en art de performance Pedro Alberto Cruz, Sem\u00edramis Gonzalez i Marta Pol Rigau, cadascuna de les quals impartir\u00e0 una classe mestre entorn una perspectiva de l\u2019art de performance contemporani.\r\n\r\nLes assemblees PERFORMING CURATION celebrades des de 2022 han programat a Barcelona performances de Cangrejo Pro, Bego\u00f1a Grande, Cacao Diaz, Elena Carvajal \/ Fran Martinez, Paloma Orts, Neus Masdeu o Marla Jacarilla a MACBA, Fundaci\u00f3 Joan Brossa, L\u2019Estruch o Santa M\u00f2nica.\r\n\r\n<strong>Pedro A. Cruz S\u00e1nchez<\/strong> \u00e9s professor d'art contemporani a la Universitat de M\u00farcia, cr\u00edtic i te\u00f2ric de l'art i poeta. Entre els seus llibres destaquen: Marcel Duchamp. La sombra y lo femenino (Bellaterra, 2016); Arte y performance. Una historia desde las vanguardias hasta la actualidad (Akal, 2021); i Raza, g\u00e9nero y moral. Lo limpio y lo sucio en el arte contempor\u00e1neo (Abada, 2023).\r\n\r\n<strong>Sem\u00edramis Gonz\u00e1lez<\/strong> \u00e9s comiss\u00e0ria independent asturiana, establerta a Madrid. Est\u00e0 llicenciada en Hist\u00f2ria de l'Art per la Universitat d'Oviedo i M\u00e0ster en Hist\u00f2ria de l'Art Contemporani i Cultura Visual al Museu Reina Sofia, per la Universidad Complutense. Actualment \u00e9s comiss\u00e0ria de \u201cVisi\u00f3n y presencia\u201d, un cicle de performances d'artistes dones al Museu Nacional Thyssen-Bornemisza i docent al M\u00e0ster PHotoESPA\u00d1A, entre altres projectes.\r\n\r\n<strong>Marta Pol Rigau<\/strong> \u00e9s doctora i llicenciada en Hist\u00f2ria de l'art per la Universitat Aut\u00f2noma de Barcelona, a Sotheby's Educational Studies, Londres va realitzar el curs d'especialitzaci\u00f3 de Post-War and Contemporary Art, t\u00e9 estudis de filosofia, \u201cM\u00e0ster en Gesti\u00f3 Cultural\u201d i Diploma de Postgrau en \u201cGesti\u00f3 i Pol\u00edtiques Culturals\u201d per la Universitat de Barcelona i l\u2019obtenci\u00f3 d\u2019una beca per a realitzar una estada a University College de Dubl\u00edn.\r\n\r\n&nbsp;","desc_en":"Pon\u00e8ncies de Pedro Alberto Cruz, Sem\u00edramis Gonzalez i Marta Pol. Per\u00edode d'inscripci\u00f3 tancat. Persones interessades a ser a llista d'espera en cas de baixes d'inscrites, escrigueu a hola@artefacte.info\r\n\r\n<strong>PERFORMING CURATION<\/strong> \u00e9s un programa que experimenta amb els marges de possibilitat per la creaci\u00f3 d\u2019espais de curadoria compartida entre la ciutadania i les institucions art\u00edstiques.\r\n\r\nEn la seva tercera edici\u00f3, PERFORMING CURATION convida aquelles persones interessades a participar en dues jornades d\u2019exploraci\u00f3 entorn l'escena de la performance ib\u00e8rica actual i a escollir assemble\u00e0riament una de les seves artistes per a ser programada al centre d\u2019arts Santa M\u00f2nica el 2025.\r\n\r\nEl cap de setmana del dissabte 19 i el diumenge 20 d\u2019octubre, PERFORMING CURATION 2024 programa un seminari entorn les pr\u00e0ctiques performatives contempor\u00e0nies i una sessi\u00f3 des de la qual escollir assemble\u00e0riament una artista de performance ib\u00e8rica per a ser programada l\u2019any que ve.\r\n\r\nEl seminari entorn les pr\u00e0ctiques performatives contempor\u00e0nies PERFORMING CURATION 2024 ser\u00e0 impartit per les curadores i investigadores en art de performance Pedro Alberto Cruz, Sem\u00edramis Gonzalez i Marta Pol Rigau, cadascuna de les quals impartir\u00e0 una classe mestre entorn una perspectiva de l\u2019art de performance contemporani.\r\n\r\nLes assemblees PERFORMING CURATION celebrades des de 2022 han programat a Barcelona performances de Cangrejo Pro, Bego\u00f1a Grande, Cacao Diaz, Elena Carvajal \/ Fran Martinez, Paloma Orts, Neus Masdeu o Marla Jacarilla a MACBA, Fundaci\u00f3 Joan Brossa, L\u2019Estruch o Santa M\u00f2nica.\r\n\r\n<strong>Pedro A. Cruz S\u00e1nchez<\/strong> \u00e9s professor d'art contemporani a la Universitat de M\u00farcia, cr\u00edtic i te\u00f2ric de l'art i poeta. Entre els seus llibres destaquen: Marcel Duchamp. La sombra y lo femenino (Bellaterra, 2016); Arte y performance. Una historia desde las vanguardias hasta la actualidad (Akal, 2021); i Raza, g\u00e9nero y moral. Lo limpio y lo sucio en el arte contempor\u00e1neo (Abada, 2023).\r\n\r\n<strong>Sem\u00edramis Gonz\u00e1lez<\/strong> \u00e9s comiss\u00e0ria independent asturiana, establerta a Madrid. Est\u00e0 llicenciada en Hist\u00f2ria de l'Art per la Universitat d'Oviedo i M\u00e0ster en Hist\u00f2ria de l'Art Contemporani i Cultura Visual al Museu Reina Sofia, per la Universidad Complutense. Actualment \u00e9s comiss\u00e0ria de \u201cVisi\u00f3n y presencia\u201d, un cicle de performances d'artistes dones al Museu Nacional Thyssen-Bornemisza i docent al M\u00e0ster PHotoESPA\u00d1A, entre altres projectes.\r\n\r\n<strong>Marta Pol Rigau<\/strong> \u00e9s doctora i llicenciada en Hist\u00f2ria de l'art per la Universitat Aut\u00f2noma de Barcelona, a Sotheby's Educational Studies, Londres va realitzar el curs d'especialitzaci\u00f3 de Post-War and Contemporary Art, t\u00e9 estudis de filosofia, \u201cM\u00e0ster en Gesti\u00f3 Cultural\u201d i Diploma de Postgrau en \u201cGesti\u00f3 i Pol\u00edtiques Culturals\u201d per la Universitat de Barcelona i l\u2019obtenci\u00f3 d\u2019una beca per a realitzar una estada a University College de Dubl\u00edn.\r\n\r\n&nbsp;","event_category":495,"event_show_only_own_date":false,"_event_confirmed":true,"_event_public":true,"_event_free":true,"_event_price-min":"","_event_price-max":"","_event_web_ca":"https:\/\/artefacte.info\/","_event_web_es":"https:\/\/artefacte.info\/","_event_web_en":"https:\/\/artefacte.info\/","event_contact_email":"hola@artefacte.info","event_apply_email":"hola@artefacte.info","is_online_event":false,"is_art_nou_event":false,"is_bgw_event":false,"date_text":"","register_deadline":null,"altres_organitzadors":[19]},"abe_event_venue":"Arts Santa M\u00f2nica","abe_event_category":"Laboratori","start":"2024-10-19 16:00:00","end":"2024-10-20 19:00:00","schedule":"once","schedule_meta":"","frequency":1,"all_day":0,"until":"2024-10-19 16:00:00","include":[],"exclude":[],"_links":{"self":[{"href":"https:\/\/graf.cat\/en\/wp-json\/wp\/v2\/events\/42360","targetHints":{"allow":["GET"]}}],"collection":[{"href":"https:\/\/graf.cat\/en\/wp-json\/wp\/v2\/events"}],"about":[{"href":"https:\/\/graf.cat\/en\/wp-json\/wp\/v2\/types\/event"}],"author":[{"embeddable":true,"href":"https:\/\/graf.cat\/en\/wp-json\/wp\/v2\/users\/124"}],"occurrences":[{"embeddable":true,"href":"https:\/\/graf.cat\/en\/wp-json\/wp\/v2\/events\/42360\/occurrences"}],"acf:user":[{"embeddable":true,"href":"https:\/\/graf.cat\/en\/wp-json\/wp\/v2\/users\/19"}],"acf:term":[{"embeddable":true,"taxonomy":"event-category","href":"https:\/\/graf.cat\/en\/wp-json\/wp\/v2\/event-category\/495"}],"wp:featuredmedia":[{"embeddable":true,"href":"https:\/\/graf.cat\/en\/wp-json\/wp\/v2\/media\/42361"}],"wp:attachment":[{"href":"https:\/\/graf.cat\/en\/wp-json\/wp\/v2\/media?parent=42360"}],"wp:term":[{"taxonomy":"event-venue","embeddable":true,"href":"https:\/\/graf.cat\/en\/wp-json\/wp\/v2\/event-venues?post=42360"},{"taxonomy":"event-tag","embeddable":true,"href":"https:\/\/graf.cat\/en\/wp-json\/wp\/v2\/event-tags?post=42360"}],"curies":[{"name":"wp","href":"https:\/\/api.w.org\/{rel}","templated":true}]}}

Ponències de Pedro Alberto Cruz, Semíramis Gonzalez i Marta Pol. Període d'inscripció tancat. Persones interessades a ser a llista d'espera en cas de baixes d'inscrites, escrigueu a hola@artefacte.info

<strong>PERFORMING CURATION</strong> és un programa que experimenta amb els marges de possibilitat per la creació d’espais de curadoria compartida entre la ciutadania i les institucions artístiques.

En la seva tercera edició, PERFORMING CURATION convida aquelles persones interessades a participar en dues jornades d’exploració entorn l'escena de la performance ibèrica actual i a escollir assembleàriament una de les seves artistes per a ser programada al centre d’arts Santa Mònica el 2025.

El cap de setmana del dissabte 19 i el diumenge 20 d’octubre, PERFORMING CURATION 2024 programa un seminari entorn les pràctiques performatives contemporànies i una sessió des de la qual escollir assembleàriament una artista de performance ibèrica per a ser programada l’any que ve.

El seminari entorn les pràctiques performatives contemporànies PERFORMING CURATION 2024 serà impartit per les curadores i investigadores en art de performance Pedro Alberto Cruz, Semíramis Gonzalez i Marta Pol Rigau, cadascuna de les quals impartirà una classe mestre entorn una perspectiva de l’art de performance contemporani.

Les assemblees PERFORMING CURATION celebrades des de 2022 han programat a Barcelona performances de Cangrejo Pro, Begoña Grande, Cacao Diaz, Elena Carvajal / Fran Martinez, Paloma Orts, Neus Masdeu o Marla Jacarilla a MACBA, Fundació Joan Brossa, L’Estruch o Santa Mònica.

<strong>Pedro A. Cruz Sánchez</strong> és professor d'art contemporani a la Universitat de Múrcia, crític i teòric de l'art i poeta. Entre els seus llibres destaquen: Marcel Duchamp. La sombra y lo femenino (Bellaterra, 2016); Arte y performance. Una historia desde las vanguardias hasta la actualidad (Akal, 2021); i Raza, género y moral. Lo limpio y lo sucio en el arte contemporáneo (Abada, 2023).

<strong>Semíramis González</strong> és comissària independent asturiana, establerta a Madrid. Està llicenciada en Història de l'Art per la Universitat d'Oviedo i Màster en Història de l'Art Contemporani i Cultura Visual al Museu Reina Sofia, per la Universidad Complutense. Actualment és comissària de “Visión y presencia”, un cicle de performances d'artistes dones al Museu Nacional Thyssen-Bornemisza i docent al Màster PHotoESPAÑA, entre altres projectes.

<strong>Marta Pol Rigau</strong> és doctora i llicenciada en Història de l'art per la Universitat Autònoma de Barcelona, a Sotheby's Educational Studies, Londres va realitzar el curs d'especialització de Post-War and Contemporary Art, té estudis de filosofia, “Màster en Gestió Cultural” i Diploma de Postgrau en “Gestió i Polítiques Culturals” per la Universitat de Barcelona i l’obtenció d’una beca per a realitzar una estada a University College de Dublín.

&nbsp;

&nbsp;

Ponències de Pedro Alberto Cruz, Semíramis Gonzalez i Marta Pol. Període d'inscripció tancat. Persones interessades a ser a llista d'espera en cas de baixes d'inscrites, escrigueu a hola@artefacte.info

<strong>PERFORMING CURATION</strong> és un programa que experimenta amb els marges de possibilitat per la creació d’espais de curadoria compartida entre la ciutadania i les institucions artístiques.

En la seva tercera edició, PERFORMING CURATION convida aquelles persones interessades a participar en dues jornades d’exploració entorn l'escena de la performance ibèrica actual i a escollir assembleàriament una de les seves artistes per a ser programada al centre d’arts Santa Mònica el 2025.

El cap de setmana del dissabte 19 i el diumenge 20 d’octubre, PERFORMING CURATION 2024 programa un seminari entorn les pràctiques performatives contemporànies i una sessió des de la qual escollir assembleàriament una artista de performance ibèrica per a ser programada l’any que ve.

El seminari entorn les pràctiques performatives contemporànies PERFORMING CURATION 2024 serà impartit per les curadores i investigadores en art de performance Pedro Alberto Cruz, Semíramis Gonzalez i Marta Pol Rigau, cadascuna de les quals impartirà una classe mestre entorn una perspectiva de l’art de performance contemporani.

Les assemblees PERFORMING CURATION celebrades des de 2022 han programat a Barcelona performances de Cangrejo Pro, Begoña Grande, Cacao Diaz, Elena Carvajal / Fran Martinez, Paloma Orts, Neus Masdeu o Marla Jacarilla a MACBA, Fundació Joan Brossa, L’Estruch o Santa Mònica.

<strong>Pedro A. Cruz Sánchez</strong> és professor d'art contemporani a la Universitat de Múrcia, crític i teòric de l'art i poeta. Entre els seus llibres destaquen: Marcel Duchamp. La sombra y lo femenino (Bellaterra, 2016); Arte y performance. Una historia desde las vanguardias hasta la actualidad (Akal, 2021); i Raza, género y moral. Lo limpio y lo sucio en el arte contemporáneo (Abada, 2023).

<strong>Semíramis González</strong> és comissària independent asturiana, establerta a Madrid. Està llicenciada en Història de l'Art per la Universitat d'Oviedo i Màster en Història de l'Art Contemporani i Cultura Visual al Museu Reina Sofia, per la Universidad Complutense. Actualment és comissària de “Visión y presencia”, un cicle de performances d'artistes dones al Museu Nacional Thyssen-Bornemisza i docent al Màster PHotoESPAÑA, entre altres projectes.

<strong>Marta Pol Rigau</strong> és doctora i llicenciada en Història de l'art per la Universitat Autònoma de Barcelona, a Sotheby's Educational Studies, Londres va realitzar el curs d'especialització de Post-War and Contemporary Art, té estudis de filosofia, “Màster en Gestió Cultural” i Diploma de Postgrau en “Gestió i Polítiques Culturals” per la Universitat de Barcelona i l’obtenció d’una beca per a realitzar una estada a University College de Dublín.

&nbsp;

Arts Santa Mònica
