{"id":42477,"guid":{"rendered":"https:\/\/graf.cat\/?post_type=event&#038;p=42477"},"modified":"2024-10-16T17:33:19","modified_gmt":"2024-10-16T15:33:19","slug":"books-are-the-best-things-amb-frederic-montornes-alex-gifreu-i-dora-garcia","status":"publish","type":"event","link":"https:\/\/graf.cat\/en\/events\/event\/books-are-the-best-things-amb-frederic-montornes-alex-gifreu-i-dora-garcia\/","title":{"rendered":"Books are the best things, amb Frederic Montorn\u00e9s, \u00c0lex Gifreu i Dora Garc\u00eda"},"content":{"rendered":"","protected":false},"excerpt":{"rendered":"","protected":false},"author":5,"featured_media":42473,"template":"","meta":{"_acf_changed":false,"_monsterinsights_skip_tracking":false,"_monsterinsights_sitenote_active":false,"_monsterinsights_sitenote_note":"","_monsterinsights_sitenote_category":0},"event-venues":[67],"event-tags":[],"class_list":["post-42477","event","type-event","status-publish","has-post-thumbnail","hentry","event-venue-centre-dart-la-panera","event-category-xerrada"],"acf":{"title_ca":"Books are the best things, amb Frederic Montorn\u00e9s, \u00c0lex Gifreu i Dora Garc\u00eda","title_es":"Books are the best things, amb Frederic Montorn\u00e9s, \u00c0lex Gifreu i Dora Garc\u00eda","title_en":"Books are the best things, with Frederic Montorn\u00e9s, \u00c0lex Gifreu and Dora Garc\u00eda","desc_ca":"Conversa al voltant de la mostra\r\n\r\nDora Garc\u00eda, artista, amb especial passi\u00f3 i atenci\u00f3 per tot tipus de material impr\u00e9s, ha treballat en m\u00faltiples ocasions tant amb l'\u00c0lex Gifreu, dissenyador gr\u00e0fic, com amb Frederic Montorn\u00e9s, comissari i cr\u00edtic d'art.\r\n\r\nEn motiu de la mostra que es presenta al centre de documentaci\u00f3 parlaran del treball que han fet junts, dels seus interessos, i de les edicions i publicacions que podrem trobar en l'exposici\u00f3.\r\n\r\nCentre de documentaci\u00f3 de La Panera","desc_es":"Conversaci\u00f3n alrededor de la muestra\r\n\r\nDora Garc\u00eda, artista, con especial pasi\u00f3n y atenci\u00f3n por todo tipo de material impreso, ha trabajado en m\u00faltiples ocasiones tanto con \u00c0lex Gifreu, dise\u00f1ador gr\u00e1fico, como con Frederic Montorn\u00e9s, comisario y cr\u00edtico de arte.\r\n\r\nCon motivo de la muestra que se presenta en el centro de documentaci\u00f3n hablar\u00e1n del trabajo que han realizado juntos, de sus intereses, y de las ediciones y publicaciones que podremos encontrar en la exposici\u00f3n.\r\n\r\nCentro de documentaci\u00f3n de La Panera","desc_en":"","event_category":305,"event_show_only_own_date":false,"_event_confirmed":true,"_event_public":true,"_event_free":true,"_event_price-min":"","_event_price-max":"","_event_web_ca":"https:\/\/www.lapanera.cat\/ca\/programacio\/exposicions\/dora-garcia-books-are-the-best-things-publicacions-i-edicions-1992-2024","_event_web_es":"https:\/\/www.lapanera.cat\/?set_language=es","_event_web_en":"","event_contact_email":"","event_apply_email":"","is_online_event":false,"is_art_nou_event":false,"is_bgw_event":false,"date_text":"","register_deadline":null,"altres_organitzadors":""},"abe_event_venue":"Centre d'art la Panera","abe_event_category":"Xerrada","start":"2024-10-19 18:00:00","end":"2024-10-19 19:30:00","schedule":"once","schedule_meta":"","frequency":1,"all_day":0,"until":"2024-10-19 18:00:00","include":[],"exclude":[],"_links":{"self":[{"href":"https:\/\/graf.cat\/en\/wp-json\/wp\/v2\/events\/42477","targetHints":{"allow":["GET"]}}],"collection":[{"href":"https:\/\/graf.cat\/en\/wp-json\/wp\/v2\/events"}],"about":[{"href":"https:\/\/graf.cat\/en\/wp-json\/wp\/v2\/types\/event"}],"author":[{"embeddable":true,"href":"https:\/\/graf.cat\/en\/wp-json\/wp\/v2\/users\/5"}],"occurrences":[{"embeddable":true,"href":"https:\/\/graf.cat\/en\/wp-json\/wp\/v2\/events\/42477\/occurrences"}],"acf:term":[{"embeddable":true,"taxonomy":"event-category","href":"https:\/\/graf.cat\/en\/wp-json\/wp\/v2\/event-category\/305"}],"wp:featuredmedia":[{"embeddable":true,"href":"https:\/\/graf.cat\/en\/wp-json\/wp\/v2\/media\/42473"}],"wp:attachment":[{"href":"https:\/\/graf.cat\/en\/wp-json\/wp\/v2\/media?parent=42477"}],"wp:term":[{"taxonomy":"event-venue","embeddable":true,"href":"https:\/\/graf.cat\/en\/wp-json\/wp\/v2\/event-venues?post=42477"},{"taxonomy":"event-tag","embeddable":true,"href":"https:\/\/graf.cat\/en\/wp-json\/wp\/v2\/event-tags?post=42477"}],"curies":[{"name":"wp","href":"https:\/\/api.w.org\/{rel}","templated":true}]}}

Books are the best things, amb Frederic Montornés, Àlex Gifreu i Dora García

Books are the best things, with Frederic Montornés, Àlex Gifreu and Dora García

Conversa al voltant de la mostra

Dora García, artista, amb especial passió i atenció per tot tipus de material imprés, ha treballat en múltiples ocasions tant amb l'Àlex Gifreu, dissenyador gràfic, com amb Frederic Montornés, comissari i crític d'art.

En motiu de la mostra que es presenta al centre de documentació parlaran del treball que han fet junts, dels seus interessos, i de les edicions i publicacions que podrem trobar en l'exposició.

Centre de documentació de La Panera

Conversación alrededor de la muestra

Dora García, artista, con especial pasión y atención por todo tipo de material impreso, ha trabajado en múltiples ocasiones tanto con Àlex Gifreu, diseñador gráfico, como con Frederic Montornés, comisario y crítico de arte.

Con motivo de la muestra que se presenta en el centro de documentación hablarán del trabajo que han realizado juntos, de sus intereses, y de las ediciones y publicaciones que podremos encontrar en la exposición.

Centro de documentación de La Panera
