{"id":43644,"guid":{"rendered":"https:\/\/graf.cat\/?post_type=event&#038;p=43644"},"modified":"2024-11-29T13:09:56","modified_gmt":"2024-11-29T11:09:56","slug":"empieza-donde-termina-el-miedo-proyeccion-de-el-taxista-ful-jo-sol","status":"publish","type":"event","link":"https:\/\/graf.cat\/en\/events\/event\/empieza-donde-termina-el-miedo-proyeccion-de-el-taxista-ful-jo-sol\/","title":{"rendered":"Comen\u00e7a on acaba la por: projecci\u00f3 d&#8217; &#8220;El taxista ful&#8221; (Jo Sol)"},"content":{"rendered":"","protected":false},"excerpt":{"rendered":"","protected":false},"author":30,"featured_media":43645,"template":"","meta":{"_acf_changed":false,"_monsterinsights_skip_tracking":false,"_monsterinsights_sitenote_active":false,"_monsterinsights_sitenote_note":"","_monsterinsights_sitenote_category":0},"event-venues":[70],"event-tags":[],"class_list":["post-43644","event","type-event","status-publish","has-post-thumbnail","hentry","event-venue-centre-darts-de-santa-monica","event-category-screening"],"acf":{"title_ca":" Comen\u00e7a on acaba la por: projecci\u00f3 d' \"El taxista ful\" (Jo Sol)","title_es":"Empieza donde termina el miedo: proyecci\u00f3n de \"El taxista ful\" (Jo Sol)","title_en":"Empieza donde termina el miedo: proyecci\u00f3n de \"El taxista ful\" (Jo Sol)","desc_ca":"<div class=\"newspaper col-sm-9\">\r\n\r\n<em><strong>El taxista ful<\/strong><\/em> (2005) \u00e9s una pel\u00b7l\u00edcula sobre el personatge Jose R., qui desenvolupa la seva rutina de conductor de taxi pels carrers de Barcelona. La seva vida seria igual a la de qualsevol taxista de 52 anys, de no ser perqu\u00e8 els taxis que condueix s\u00f3n robats. Jose roba per a poder treballar. Com es pot arribar a una situaci\u00f3 tan absurda? Es tracta d'un boig o d'un treballador sense treball a qui la l\u00f2gica del sistema ha abocat sense remei a semblant paradoxa?\r\n\r\nTanquem el programa <em><strong>Com continuar creient en el poder de la gent<\/strong><\/em> amb una sessi\u00f3 centrada en aquesta pel\u00b7l\u00edcula de <strong>Jo Sol<\/strong> on la solitud, les xarxes militants, les mis\u00e8ries, les esperances, les contradiccions i la cerca d'esperances s'embullen, exposant les q\u00fcestions m\u00e9s espinoses d'un moment pol\u00edtic passat que, durant les \u00faltimes d\u00e8cades, s'ha complicat encara m\u00e9s.\r\n\r\n<strong>Jo Sol<\/strong> \u00e9s guionista, director de cinema i artista visual. \u00c9s autor d'una filmografia heterodoxa, coneguda per t\u00edtols com <em>El taxista Ful<\/em>, <em>Vivir y otras ficciones<\/em>, <em>Fake Orgasm<\/em>, <em>Noes queda la noche<\/em> o <em>Armugan<\/em>, llargmetratges artesanals produ\u00efts de forma aut\u00f2noma i en col\u00b7laboraci\u00f3 amb col\u00b7lectius militants. Les seves produccions han obtingut un considerable impacte internacional, sent exhibides i premiades en alguns dels principals festivals de cinema. La cont\u00ednua reposici\u00f3 d'aquests t\u00edtols, tant en cercles d'activisme pol\u00edtic com en filmoteques i \u00e0mbits acad\u00e8mics, situa la seva obra com un referent del g\u00e8nere que ell mateix defineix com a \u00abcinema urgent\u00bb.\r\n\r\n<strong>Lloc:<\/strong> Santa M\u00f2nica, Espai Bar\r\n<strong>Data i horari: <\/strong>10 de desembre, 19:00 h\r\nPreu gratu\u00eft, entrada lliure fins a completar aforament.\r\n\r\n<em>Comen\u00e7a on acaba pa por <\/em>\u00e9s part del programa<strong><em> Com continuar creient en el poder de la gent<\/em><\/strong>.\r\n\r\nAquesta sessi\u00f3 forma part del programa anual <a href=\"https:\/\/artssantamonica.gencat.cat\/ca\/detall\/Dimarts-de-video-00036\"><em>Dimarts de v\u00eddeo<\/em><\/a> en el Santa M\u00f2nica.\r\n\r\n<\/div>","desc_es":"<div class=\"newspaper col-sm-9\">\r\n\r\n<em><strong>El taxista ful<\/strong><\/em> (2005) es una pel\u00edcula sobre el personaje Jose R., alguien que desarrolla su rutina de conductor de taxi por las calles de Barcelona. Su vida ser\u00eda igual a la de cualquier taxista de 52 a\u00f1os, de no ser porque los taxis que conduce son robados. Jose roba para poder trabajar. \u00bfC\u00f3mo se puede llegar a una situaci\u00f3n tan absurda? \u00bfSe trata de un loco o de un trabajador sin trabajo a quien la l\u00f3gica del sistema ha abocado sin remedio a semejante paradoja?\r\n\r\nCerramos el programa <em><strong>C\u00f3mo seguir creyendo en el poder de la gente<\/strong><\/em> con una sesi\u00f3n centrada en esta pel\u00edcula de <strong>Jo Sol<\/strong> donde la soledad, las redes militantes, las miserias, las esperanzas, las contradicciones y la b\u00fasqueda de esperanzas se enredan, exponiendo las cuestiones m\u00e1s espinosas de un momento pol\u00edtico pasado que, durante las \u00faltimas d\u00e9cadas, se ha complicado a\u00fan m\u00e1s.\r\n\r\n<strong>Jo Sol<\/strong> es guionista, director de cine y artista visual. Es autor de una filmograf\u00eda heterodoxa, conocida por t\u00edtulos como <em>El taxista Ful<\/em>, <em>Vivir y otras ficciones<\/em>, <em>Fake Orgasm<\/em>, <em>Noes queda la noche<\/em> o <em>Armugan<\/em>, largometrajes artesanales producidos de forma aut\u00f3noma en colaboraci\u00f3n con colectivos militantes. Sus producciones han obtenido un considerable impacto internacional, siendo exhibidas y premiadas en algunos de los principales festivales de cine. La continua reposici\u00f3n de estos t\u00edtulos, tanto en c\u00edrculos de activismo pol\u00edtico como en filmotecas y \u00e1mbitos acad\u00e9micos, sit\u00faa su obra como un referente del g\u00e9nero que \u00e9l mismo define como \u00abcine urgente\u00bb.\r\n\r\n<strong>Lugar:<\/strong> Santa M\u00f2nica, Espai Bar\r\n<strong>Fecha y hora:<\/strong> 10 de diciembre, 19:00 h\r\nPrecio gratuito, entrada libre hasta completar aforo\r\n\r\n<em>Empieza cuando termina el miedo<\/em> es parte del programa <a href=\"https:\/\/hamacaonline.net\/projects\/com-continuar-primavera-estiu\/\"><strong><em>C\u00f3mo seguir creyendo en el poder de la gente<\/em><\/strong><\/a>.\r\n\r\nEsta sesi\u00f3n forma parte del programa anual <a href=\"https:\/\/artssantamonica.gencat.cat\/ca\/detall\/Dimarts-de-video-00036\"><em>Martes de v\u00eddeo<\/em><\/a> en el Centro Santa M\u00f2nica.\r\n\r\n<\/div>","desc_en":"","event_category":219,"event_show_only_own_date":true,"_event_confirmed":true,"_event_public":true,"_event_free":true,"_event_price-min":"","_event_price-max":"","_event_web_ca":"https:\/\/hamacaonline.net\/projects\/comenca-on-acaba-la-por\/","_event_web_es":"https:\/\/hamacaonline.net\/projects\/comenca-on-acaba-la-por\/","_event_web_en":"https:\/\/hamacaonline.net\/projects\/comenca-on-acaba-la-por\/","event_contact_email":"info@hamacaonline.net","event_apply_email":"","is_online_event":false,"is_art_nou_event":false,"is_bgw_event":false,"date_text":"10 de desembre, 19:00 h","register_deadline":null,"altres_organitzadors":""},"abe_event_venue":"Centre d'Arts de Santa M\u00f2nica","abe_event_category":"Screening","start":"2024-12-10 19:00:00","end":"2024-12-10 20:15:00","schedule":"once","schedule_meta":"","frequency":1,"all_day":0,"until":"2024-12-10 19:00:00","include":[],"exclude":[],"_links":{"self":[{"href":"https:\/\/graf.cat\/en\/wp-json\/wp\/v2\/events\/43644","targetHints":{"allow":["GET"]}}],"collection":[{"href":"https:\/\/graf.cat\/en\/wp-json\/wp\/v2\/events"}],"about":[{"href":"https:\/\/graf.cat\/en\/wp-json\/wp\/v2\/types\/event"}],"author":[{"embeddable":true,"href":"https:\/\/graf.cat\/en\/wp-json\/wp\/v2\/users\/30"}],"occurrences":[{"embeddable":true,"href":"https:\/\/graf.cat\/en\/wp-json\/wp\/v2\/events\/43644\/occurrences"}],"acf:term":[{"embeddable":true,"taxonomy":"event-category","href":"https:\/\/graf.cat\/en\/wp-json\/wp\/v2\/event-category\/219"}],"wp:featuredmedia":[{"embeddable":true,"href":"https:\/\/graf.cat\/en\/wp-json\/wp\/v2\/media\/43645"}],"wp:attachment":[{"href":"https:\/\/graf.cat\/en\/wp-json\/wp\/v2\/media?parent=43644"}],"wp:term":[{"taxonomy":"event-venue","embeddable":true,"href":"https:\/\/graf.cat\/en\/wp-json\/wp\/v2\/event-venues?post=43644"},{"taxonomy":"event-tag","embeddable":true,"href":"https:\/\/graf.cat\/en\/wp-json\/wp\/v2\/event-tags?post=43644"}],"curies":[{"name":"wp","href":"https:\/\/api.w.org\/{rel}","templated":true}]}}

Comença on acaba la por: projecció d&#8217; &#8220;El taxista ful&#8221; (Jo Sol)

Comença on acaba la por: projecció d' "El taxista ful" (Jo Sol)

Empieza donde termina el miedo: proyección de "El taxista ful" (Jo Sol)

<div class="newspaper col-sm-9">

<em><strong>El taxista ful</strong></em> (2005) és una pel·lícula sobre el personatge Jose R., qui desenvolupa la seva rutina de conductor de taxi pels carrers de Barcelona. La seva vida seria igual a la de qualsevol taxista de 52 anys, de no ser perquè els taxis que condueix són robats. Jose roba per a poder treballar. Com es pot arribar a una situació tan absurda? Es tracta d'un boig o d'un treballador sense treball a qui la lògica del sistema ha abocat sense remei a semblant paradoxa?

Tanquem el programa <em><strong>Com continuar creient en el poder de la gent</strong></em> amb una sessió centrada en aquesta pel·lícula de <strong>Jo Sol</strong> on la solitud, les xarxes militants, les misèries, les esperances, les contradiccions i la cerca d'esperances s'embullen, exposant les qüestions més espinoses d'un moment polític passat que, durant les últimes dècades, s'ha complicat encara més.

<strong>Jo Sol</strong> és guionista, director de cinema i artista visual. És autor d'una filmografia heterodoxa, coneguda per títols com <em>El taxista Ful</em>, <em>Vivir y otras ficciones</em>, <em>Fake Orgasm</em>, <em>Noes queda la noche</em> o <em>Armugan</em>, llargmetratges artesanals produïts de forma autònoma i en col·laboració amb col·lectius militants. Les seves produccions han obtingut un considerable impacte internacional, sent exhibides i premiades en alguns dels principals festivals de cinema. La contínua reposició d'aquests títols, tant en cercles d'activisme polític com en filmoteques i àmbits acadèmics, situa la seva obra com un referent del gènere que ell mateix defineix com a «cinema urgent».

<strong>Lloc:</strong> Santa Mònica, Espai Bar
<strong>Data i horari: </strong>10 de desembre, 19:00 h
Preu gratuït, entrada lliure fins a completar aforament.

<em>Comença on acaba pa por </em>és part del programa<strong><em> Com continuar creient en el poder de la gent</em></strong>.

Aquesta sessió forma part del programa anual <a href="https://artssantamonica.gencat.cat/ca/detall/Dimarts-de-video-00036"><em>Dimarts de vídeo</em></a> en el Santa Mònica.

</div>

<div class="newspaper col-sm-9">

<em><strong>El taxista ful</strong></em> (2005) es una película sobre el personaje Jose R., alguien que desarrolla su rutina de conductor de taxi por las calles de Barcelona. Su vida sería igual a la de cualquier taxista de 52 años, de no ser porque los taxis que conduce son robados. Jose roba para poder trabajar. ¿Cómo se puede llegar a una situación tan absurda? ¿Se trata de un loco o de un trabajador sin trabajo a quien la lógica del sistema ha abocado sin remedio a semejante paradoja?

Cerramos el programa <em><strong>Cómo seguir creyendo en el poder de la gente</strong></em> con una sesión centrada en esta película de <strong>Jo Sol</strong> donde la soledad, las redes militantes, las miserias, las esperanzas, las contradicciones y la búsqueda de esperanzas se enredan, exponiendo las cuestiones más espinosas de un momento político pasado que, durante las últimas décadas, se ha complicado aún más.

<strong>Jo Sol</strong> es guionista, director de cine y artista visual. Es autor de una filmografía heterodoxa, conocida por títulos como <em>El taxista Ful</em>, <em>Vivir y otras ficciones</em>, <em>Fake Orgasm</em>, <em>Noes queda la noche</em> o <em>Armugan</em>, largometrajes artesanales producidos de forma autónoma en colaboración con colectivos militantes. Sus producciones han obtenido un considerable impacto internacional, siendo exhibidas y premiadas en algunos de los principales festivales de cine. La continua reposición de estos títulos, tanto en círculos de activismo político como en filmotecas y ámbitos académicos, sitúa su obra como un referente del género que él mismo define como «cine urgente».

<strong>Lugar:</strong> Santa Mònica, Espai Bar
<strong>Fecha y hora:</strong> 10 de diciembre, 19:00 h
Precio gratuito, entrada libre hasta completar aforo

<em>Empieza cuando termina el miedo</em> es parte del programa <a href="https://hamacaonline.net/projects/com-continuar-primavera-estiu/"><strong><em>Cómo seguir creyendo en el poder de la gente</em></strong></a>.

Esta sesión forma parte del programa anual <a href="https://artssantamonica.gencat.cat/ca/detall/Dimarts-de-video-00036"><em>Martes de vídeo</em></a> en el Centro Santa Mònica.

</div>

Centre d'Arts de Santa Mònica
