{"id":44072,"guid":{"rendered":"https:\/\/graf.cat\/?post_type=event&#038;p=44072"},"modified":"2024-12-16T10:59:53","modified_gmt":"2024-12-16T08:59:53","slug":"dimarts-de-video-la-pedra-de-salomo","status":"publish","type":"event","link":"https:\/\/graf.cat\/en\/events\/event\/dimarts-de-video-la-pedra-de-salomo\/","title":{"rendered":"Dimarts de v\u00eddeo \/ La pedra de Salom\u00f3"},"content":{"rendered":"","protected":false},"excerpt":{"rendered":"","protected":false},"author":19,"featured_media":44073,"template":"","meta":{"_acf_changed":false,"_monsterinsights_skip_tracking":false,"_monsterinsights_sitenote_active":false,"_monsterinsights_sitenote_note":"","_monsterinsights_sitenote_category":0},"event-venues":[560],"event-tags":[],"class_list":["post-44072","event","type-event","status-publish","has-post-thumbnail","hentry","event-venue-santa-monica","event-category-screening"],"acf":{"title_ca":"Dimarts de v\u00eddeo \/ La pedra de Salom\u00f3","title_es":"Martes de video \/ La pedra de Salom\u00f3","title_en":"Tuesday of video \/ La pedra de Salom\u00f3","desc_ca":"Despr\u00e9s de la projecci\u00f3 de\u00a0<em>La pedra de Salom\u00f3<\/em>\u00a0(2015), una adaptaci\u00f3 del relat \u201cLlum blava\u201d de Hussein Barghouty, conversarem amb el seu director i actor, Ramzi Maqdisi, sobre l\u2019\u00fas de la Hist\u00f2ria i la seva manipulaci\u00f3 en la colonitzaci\u00f3 de Palestina, i tamb\u00e9 sobre el recurs a la ironia i a l\u2019absurd en l\u2019\u00e0mbit de la ficci\u00f3 palestina, sigui cinematogr\u00e0fica o liter\u00e0ria a partir de la hist\u00f2ria de Hussein, un jove palest\u00ed que rep una notificaci\u00f3 de l\u2019oficina de correus israeliana, en qu\u00e8 l\u2019informen que hi t\u00e9 un paquet que ha de recollir en persona. Abans de retirar el paquet, per\u00f2, ha de pagar 20 mil d\u00f2lars USA sense saber que hi cont\u00e9. La curiositat del jove li dur\u00e0 a vendre\u2019s totes les seves pertinences, malgrat els recels de la seva mare.","desc_es":"Despu\u00e9s de la proyecci\u00f3n de\u00a0<em>La pedra de Salom\u00f3<\/em>\u00a0(2015), una adaptaci\u00f3n del relato \u201cLuz azul\u201d de Hussein Barghouty, conversaremos con su director y actor, Ramzi Maqdisi, sobre el uso de la Historia y su manipulaci\u00f3n en la colonizaci\u00f3n de Palestina, y tambi\u00e9n sobre el recurso a la iron\u00eda y al absurdo en el \u00e1mbito de la ficci\u00f3n palestina, sea cinematogr\u00e1fica o literaria a partir de la historia de Hussein, un joven palestino que recibe una notificaci\u00f3n de la oficina de correos israel\u00ed, en la que lo informan que tiene un paquete que tiene que recoger en persona. Antes de retirar el paquete, sin embargo, tiene que pagar 20 mil d\u00f3lares USA sin saber qu\u00e9 contiene. La curiosidad del joven le llevar\u00e1 a vender todas sus pertenencias, a pesar de los recelos de su madre.","desc_en":"After the screening of\u00a0<em>La pedra de Salom\u00f3 (<\/em>\u00a02015), an adaptation of the story \u2018Blue Light\u2019 by Hussein Barghouty, we will talk with its director and actor, Ramzi Maqdisi, about the use of history and its manipulation in the colonisation of Palestine, and also about the use of irony and absurdity in Palestinian fiction, whether cinematographic or literary, through the story of Hussein, a young Palestinian who receives a notification from the Israeli post office, informing him that he has a parcel that he has to collect in person. Before picking up the package, however, he has to pay 20,000 US dollars without knowing what it contains. The young man's curiosity leads him to sell all his belongings, despite his mother's misgivings.","event_category":219,"event_show_only_own_date":false,"_event_confirmed":true,"_event_public":true,"_event_free":true,"_event_price-min":"","_event_price-max":"","_event_web_ca":"https:\/\/artssantamonica.gencat.cat\/ca\/detall\/Dimarts-de-video-00122","_event_web_es":"https:\/\/artssantamonica.gencat.cat\/es\/detall\/Dimarts-de-video-00122","_event_web_en":"https:\/\/artssantamonica.gencat.cat\/en\/detall\/Dimarts-de-video-00122","event_contact_email":"santamonica@gencat.cat","event_apply_email":"","is_online_event":false,"is_art_nou_event":false,"is_bgw_event":false,"date_text":"","register_deadline":null,"altres_organitzadors":""},"abe_event_venue":"Santa M\u00f2nica","abe_event_category":"Screening","start":"2025-02-18 19:00:00","end":"2025-02-18 20:00:00","schedule":"once","schedule_meta":"","frequency":1,"all_day":0,"until":"2025-02-18 19:00:00","include":[],"exclude":[],"_links":{"self":[{"href":"https:\/\/graf.cat\/en\/wp-json\/wp\/v2\/events\/44072","targetHints":{"allow":["GET"]}}],"collection":[{"href":"https:\/\/graf.cat\/en\/wp-json\/wp\/v2\/events"}],"about":[{"href":"https:\/\/graf.cat\/en\/wp-json\/wp\/v2\/types\/event"}],"author":[{"embeddable":true,"href":"https:\/\/graf.cat\/en\/wp-json\/wp\/v2\/users\/19"}],"occurrences":[{"embeddable":true,"href":"https:\/\/graf.cat\/en\/wp-json\/wp\/v2\/events\/44072\/occurrences"}],"acf:term":[{"embeddable":true,"taxonomy":"event-category","href":"https:\/\/graf.cat\/en\/wp-json\/wp\/v2\/event-category\/219"}],"wp:featuredmedia":[{"embeddable":true,"href":"https:\/\/graf.cat\/en\/wp-json\/wp\/v2\/media\/44073"}],"wp:attachment":[{"href":"https:\/\/graf.cat\/en\/wp-json\/wp\/v2\/media?parent=44072"}],"wp:term":[{"taxonomy":"event-venue","embeddable":true,"href":"https:\/\/graf.cat\/en\/wp-json\/wp\/v2\/event-venues?post=44072"},{"taxonomy":"event-tag","embeddable":true,"href":"https:\/\/graf.cat\/en\/wp-json\/wp\/v2\/event-tags?post=44072"}],"curies":[{"name":"wp","href":"https:\/\/api.w.org\/{rel}","templated":true}]}}

Dimarts de vídeo / La pedra de Salomó

Martes de video / La pedra de Salomó

Tuesday of video / La pedra de Salomó

Després de la projecció de <em>La pedra de Salomó</em> (2015), una adaptació del relat “Llum blava” de Hussein Barghouty, conversarem amb el seu director i actor, Ramzi Maqdisi, sobre l’ús de la Història i la seva manipulació en la colonització de Palestina, i també sobre el recurs a la ironia i a l’absurd en l’àmbit de la ficció palestina, sigui cinematogràfica o literària a partir de la història de Hussein, un jove palestí que rep una notificació de l’oficina de correus israeliana, en què l’informen que hi té un paquet que ha de recollir en persona. Abans de retirar el paquet, però, ha de pagar 20 mil dòlars USA sense saber que hi conté. La curiositat del jove li durà a vendre’s totes les seves pertinences, malgrat els recels de la seva mare.

Después de la proyección de <em>La pedra de Salomó</em> (2015), una adaptación del relato “Luz azul” de Hussein Barghouty, conversaremos con su director y actor, Ramzi Maqdisi, sobre el uso de la Historia y su manipulación en la colonización de Palestina, y también sobre el recurso a la ironía y al absurdo en el ámbito de la ficción palestina, sea cinematográfica o literaria a partir de la historia de Hussein, un joven palestino que recibe una notificación de la oficina de correos israelí, en la que lo informan que tiene un paquete que tiene que recoger en persona. Antes de retirar el paquete, sin embargo, tiene que pagar 20 mil dólares USA sin saber qué contiene. La curiosidad del joven le llevará a vender todas sus pertenencias, a pesar de los recelos de su madre.

After the screening of <em>La pedra de Salomó (</em> 2015), an adaptation of the story ‘Blue Light’ by Hussein Barghouty, we will talk with its director and actor, Ramzi Maqdisi, about the use of history and its manipulation in the colonisation of Palestine, and also about the use of irony and absurdity in Palestinian fiction, whether cinematographic or literary, through the story of Hussein, a young Palestinian who receives a notification from the Israeli post office, informing him that he has a parcel that he has to collect in person. Before picking up the package, however, he has to pay 20,000 US dollars without knowing what it contains. The young man's curiosity leads him to sell all his belongings, despite his mother's misgivings.

Santa Mònica
