{"id":44847,"guid":{"rendered":"https:\/\/graf.cat\/?post_type=event&#038;p=44847"},"modified":"2025-04-04T18:41:46","modified_gmt":"2025-04-04T16:41:46","slug":"lidiota-3-2-2","status":"publish","type":"event","link":"https:\/\/graf.cat\/en\/events\/event\/lidiota-3-2-2\/","title":{"rendered":"L\u2019aperitiu amb\u2026 Mart\u00ed Peran i el fil\u00f2sof Juan Evaristo Valls Boix"},"content":{"rendered":"","protected":false},"excerpt":{"rendered":"","protected":false},"author":159,"featured_media":44690,"template":"","meta":{"_acf_changed":false,"_monsterinsights_skip_tracking":false,"_monsterinsights_sitenote_active":false,"_monsterinsights_sitenote_note":"","_monsterinsights_sitenote_category":0},"event-venues":[635],"event-tags":[],"class_list":["post-44847","event","type-event","status-publish","has-post-thumbnail","hentry","event-venue-mac-preso","event-category-xerrada"],"acf":{"title_ca":"L\u2019aperitiu amb\u2026 Mart\u00ed Peran i el fil\u00f2sof Juan Evaristo Valls Boix","title_es":"L\u2019aperitiu amb\u2026 Mart\u00ed Peran i el fil\u00f2sof Juan Evaristo Valls Boix","title_en":"L\u2019aperitiu amb\u2026 Mart\u00ed Peran i el fil\u00f2sof Juan Evaristo Valls Boix","desc_ca":"Conversa i presentaci\u00f3 del llibre de Mart\u00ed Peran\u00a0<em>El idiota. Ensayo sobre cualquiera y, a ratos, sobre arte.<\/em>\r\nI acci\u00f3 de l\u2019artista\u00a0<strong>Jaume Clotet<\/strong>\u00a0<em>jaujeje. Suite Num. 03<\/em>.\r\n\r\nHi haur\u00e0\u00a0<strong>servei de cangur per a infants<\/strong> a partir de 5 anys, per tal que els acompanyants puguin gaudir de l'activitat programada.\r\n\r\nL'activitat s'emmarca dintre de l'exposici\u00f3\u00a0<a href=\"https:\/\/www.mataroartcontemporani.cat\/posts_exposicions\/lidiota\/\"><strong>L'Idiota<\/strong><\/a>, comissariada per\u00a0<strong>Mart\u00ed Peran<\/strong>\u00a0amb la col\u00b7laboraci\u00f3 de\u00a0<strong>Rafa Ruiz<\/strong>.\r\nLa mostra es pot visitar fins al 27 d'abril.\r\n\r\n&nbsp;\r\n\r\nAquesta exposici\u00f3 ha estat produ\u00efda pel\u00a0<a href=\"https:\/\/web.girona.cat\/bolit\"><strong>B\u00f2lit. Centre d\u2019Art Contemporani de Girona<\/strong><\/a>\u00a0i adaptada pel <strong><a href=\"https:\/\/www.mataroartcontemporani.cat\/\">M|A|C<\/a>.<\/strong>\r\n\r\n&nbsp;","desc_es":"","desc_en":"","event_category":305,"event_show_only_own_date":true,"_event_confirmed":true,"_event_public":true,"_event_free":true,"_event_price-min":"","_event_price-max":"","_event_web_ca":"https:\/\/www.mataroartcontemporani.cat\/posts_exposicions\/lidiota\/","_event_web_es":"","_event_web_en":"","event_contact_email":"","event_apply_email":"","is_online_event":false,"is_art_nou_event":false,"is_bgw_event":false,"date_text":"","register_deadline":null,"altres_organitzadors":""},"abe_event_venue":"M|A|C Pres\u00f3","abe_event_category":"Xerrada","start":"2025-04-05 12:00:00","end":"2025-04-05 14:00:00","schedule":"once","schedule_meta":"","frequency":1,"all_day":0,"until":"2025-04-05 12:00:00","include":[],"exclude":[],"_links":{"self":[{"href":"https:\/\/graf.cat\/en\/wp-json\/wp\/v2\/events\/44847","targetHints":{"allow":["GET"]}}],"collection":[{"href":"https:\/\/graf.cat\/en\/wp-json\/wp\/v2\/events"}],"about":[{"href":"https:\/\/graf.cat\/en\/wp-json\/wp\/v2\/types\/event"}],"author":[{"embeddable":true,"href":"https:\/\/graf.cat\/en\/wp-json\/wp\/v2\/users\/159"}],"occurrences":[{"embeddable":true,"href":"https:\/\/graf.cat\/en\/wp-json\/wp\/v2\/events\/44847\/occurrences"}],"acf:term":[{"embeddable":true,"taxonomy":"event-category","href":"https:\/\/graf.cat\/en\/wp-json\/wp\/v2\/event-category\/305"}],"wp:featuredmedia":[{"embeddable":true,"href":"https:\/\/graf.cat\/en\/wp-json\/wp\/v2\/media\/44690"}],"wp:attachment":[{"href":"https:\/\/graf.cat\/en\/wp-json\/wp\/v2\/media?parent=44847"}],"wp:term":[{"taxonomy":"event-venue","embeddable":true,"href":"https:\/\/graf.cat\/en\/wp-json\/wp\/v2\/event-venues?post=44847"},{"taxonomy":"event-tag","embeddable":true,"href":"https:\/\/graf.cat\/en\/wp-json\/wp\/v2\/event-tags?post=44847"}],"curies":[{"name":"wp","href":"https:\/\/api.w.org\/{rel}","templated":true}]}}

L’aperitiu amb… Martí Peran i el filòsof Juan Evaristo Valls Boix

Conversa i presentació del llibre de Martí Peran <em>El idiota. Ensayo sobre cualquiera y, a ratos, sobre arte.</em>
I acció de l’artista <strong>Jaume Clotet</strong> <em>jaujeje. Suite Num. 03</em>.

Hi haurà <strong>servei de cangur per a infants</strong> a partir de 5 anys, per tal que els acompanyants puguin gaudir de l'activitat programada.

L'activitat s'emmarca dintre de l'exposició <a href="https://www.mataroartcontemporani.cat/posts_exposicions/lidiota/"><strong>L'Idiota</strong></a>, comissariada per <strong>Martí Peran</strong> amb la col·laboració de <strong>Rafa Ruiz</strong>.
La mostra es pot visitar fins al 27 d'abril.

&nbsp;

Aquesta exposició ha estat produïda pel <a href="https://web.girona.cat/bolit"><strong>Bòlit. Centre d’Art Contemporani de Girona</strong></a> i adaptada pel <strong><a href="https://www.mataroartcontemporani.cat/">M|A|C</a>.</strong>

&nbsp;

M|A|C Presó
