{"id":45142,"guid":{"rendered":"https:\/\/graf.cat\/?post_type=event&#038;p=45142"},"modified":"2025-01-28T11:58:04","modified_gmt":"2025-01-28T09:58:04","slug":"taller-adrecat-a-infants-mediacio-2-2-2","status":"publish","type":"event","link":"https:\/\/graf.cat\/en\/events\/event\/taller-adrecat-a-infants-mediacio-2-2-2\/","title":{"rendered":"Taller adre\u00e7at a infants + mediaci\u00f3."},"content":{"rendered":"","protected":false},"excerpt":{"rendered":"","protected":false},"author":159,"featured_media":45137,"template":"","meta":{"_acf_changed":false,"_monsterinsights_skip_tracking":false,"_monsterinsights_sitenote_active":false,"_monsterinsights_sitenote_note":"","_monsterinsights_sitenote_category":0},"event-venues":[635],"event-tags":[],"class_list":["post-45142","event","type-event","status-publish","has-post-thumbnail","hentry","event-venue-mac-preso","event-category-taller"],"acf":{"title_ca":"Taller adre\u00e7at a infants + mediaci\u00f3.","title_es":"","title_en":"","desc_ca":"El taller, a c\u00e0rrec de l\u2019artista\u00a0<strong>Carla Aledo<\/strong>, est\u00e0 adre\u00e7at a nens i joves d\u2019entre 5 i 13 anys. Gira al voltant de l\u2019exposici\u00f3 actual,\u00a0<em>L\u2019idiota.<\/em>\r\n\r\nA continuaci\u00f3, de 12 a 14 h, hi ha servei de mediaci\u00f3 tamb\u00e9 a c\u00e0rrec de l\u2019artista\u00a0Carla Aledo, que us pot explicar de manera individualitzada l\u2019exposici\u00f3 en curs.\r\n\r\nL\u2019exposici\u00f3\u00a0<em>L\u2019Idiota<\/em>\u00a0ha estat comissariada per\u00a0<strong>Mart\u00ed Peran<\/strong>, amb la col\u00b7laboraci\u00f3 de\u00a0<strong>Rafa Ruiz<\/strong>.\r\nLa mostra es pot visitar fins al 27 d\u2019abril.\r\n\r\n\u00c9s una exposici\u00f3 produ\u00efda pel B\u00f2lit. Centre d\u2019Art Contemporani de Girona, adaptada a Matar\u00f3 pel M|A|C.\r\n\r\nM\u00e9s informaci\u00f3 al\u00a0<a class=\"button secondary\" href=\"https:\/\/www.mataroartcontemporani.cat\/\" target=\"_blank\" rel=\"noopener noreferrer\">web del M|A|C<\/a>","desc_es":"","desc_en":"","event_category":235,"event_show_only_own_date":false,"_event_confirmed":true,"_event_public":false,"_event_free":true,"_event_price-min":"","_event_price-max":"","_event_web_ca":"https:\/\/www.mataroartcontemporani.cat\/seccio\/activitats-al-voltant-de-lexposicio-27\/","_event_web_es":"","_event_web_en":"","event_contact_email":"","event_apply_email":"","is_online_event":false,"is_art_nou_event":false,"is_bgw_event":false,"date_text":"","register_deadline":null,"altres_organitzadors":""},"abe_event_venue":"M|A|C Pres\u00f3","abe_event_category":"Taller","start":"2025-04-27 11:00:00","end":"2025-04-27 14:00:00","schedule":"once","schedule_meta":"","frequency":1,"all_day":0,"until":"2025-04-27 11:00:00","include":[],"exclude":[],"_links":{"self":[{"href":"https:\/\/graf.cat\/en\/wp-json\/wp\/v2\/events\/45142","targetHints":{"allow":["GET"]}}],"collection":[{"href":"https:\/\/graf.cat\/en\/wp-json\/wp\/v2\/events"}],"about":[{"href":"https:\/\/graf.cat\/en\/wp-json\/wp\/v2\/types\/event"}],"author":[{"embeddable":true,"href":"https:\/\/graf.cat\/en\/wp-json\/wp\/v2\/users\/159"}],"occurrences":[{"embeddable":true,"href":"https:\/\/graf.cat\/en\/wp-json\/wp\/v2\/events\/45142\/occurrences"}],"acf:term":[{"embeddable":true,"taxonomy":"event-category","href":"https:\/\/graf.cat\/en\/wp-json\/wp\/v2\/event-category\/235"}],"wp:featuredmedia":[{"embeddable":true,"href":"https:\/\/graf.cat\/en\/wp-json\/wp\/v2\/media\/45137"}],"wp:attachment":[{"href":"https:\/\/graf.cat\/en\/wp-json\/wp\/v2\/media?parent=45142"}],"wp:term":[{"taxonomy":"event-venue","embeddable":true,"href":"https:\/\/graf.cat\/en\/wp-json\/wp\/v2\/event-venues?post=45142"},{"taxonomy":"event-tag","embeddable":true,"href":"https:\/\/graf.cat\/en\/wp-json\/wp\/v2\/event-tags?post=45142"}],"curies":[{"name":"wp","href":"https:\/\/api.w.org\/{rel}","templated":true}]}}

Taller adreçat a infants + mediació.

El taller, a càrrec de l’artista <strong>Carla Aledo</strong>, està adreçat a nens i joves d’entre 5 i 13 anys. Gira al voltant de l’exposició actual, <em>L’idiota.</em>

A continuació, de 12 a 14 h, hi ha servei de mediació també a càrrec de l’artista Carla Aledo, que us pot explicar de manera individualitzada l’exposició en curs.

L’exposició <em>L’Idiota</em> ha estat comissariada per <strong>Martí Peran</strong>, amb la col·laboració de <strong>Rafa Ruiz</strong>.
La mostra es pot visitar fins al 27 d’abril.

És una exposició produïda pel Bòlit. Centre d’Art Contemporani de Girona, adaptada a Mataró pel M|A|C.

Més informació al <a class="button secondary" href="https://www.mataroartcontemporani.cat/" target="_blank" rel="noopener noreferrer">web del M|A|C</a>

M|A|C Presó
