{"id":45247,"guid":{"rendered":"https:\/\/graf.cat\/?post_type=event&#038;p=45247"},"modified":"2025-03-21T18:37:57","modified_gmt":"2025-03-21T16:37:57","slug":"de-masson-a-plensa-dibuixant-una-colleccio-iv","status":"publish","type":"event","link":"https:\/\/graf.cat\/en\/events\/event\/de-masson-a-plensa-dibuixant-una-colleccio-iv\/","title":{"rendered":"De Masson a Plensa. Dibuixant una col\u00b7lecci\u00f3 IV"},"content":{"rendered":"","protected":false},"excerpt":{"rendered":"","protected":false},"author":132,"featured_media":45251,"template":"","meta":{"_acf_changed":false,"_monsterinsights_skip_tracking":false,"_monsterinsights_sitenote_active":false,"_monsterinsights_sitenote_note":"","_monsterinsights_sitenote_category":0},"event-venues":[595],"event-tags":[],"class_list":["post-45247","event","type-event","status-publish","has-post-thumbnail","hentry","event-venue-galeria-marc-domenech","event-category-exposicio"],"acf":{"title_ca":"De Masson a Plensa. Dibuixant una col\u00b7lecci\u00f3 IV","title_es":"De Masson a Plensa. Dibuixant una col\u00b7lecci\u00f3 IV","title_en":"De Masson a Plensa. Dibuixant una col\u00b7lecci\u00f3 IV","desc_ca":"Artistes seleccionats\r\n\r\nMiquel Barcel\u00f3\u00a0<strong>|\u00a0<\/strong>Antoni Clav\u00e9\u00a0<strong>|\u00a0<\/strong>Salvador Dal\u00ed | Albert Gleizes | Julio Gonz\u00e1lez | Fernand L\u00e9ger | Alberto Magnelli | Andr\u00e9 Masson | Henri Michaux | Joan Mir\u00f3 | Jaume Plensa | Antoni T\u00e0pies","desc_es":"Artistas seleccionados\r\n\r\nMiquel Barcel\u00f3\u00a0<strong>|\u00a0<\/strong>Antoni Clav\u00e9\u00a0<strong>|\u00a0<\/strong>Salvador Dal\u00ed | Albert Gleizes | Julio Gonz\u00e1lez | Fernand L\u00e9ger | Alberto Magnelli | Andr\u00e9 Masson | Henri Michaux | Joan Mir\u00f3 | Jaume Plensa | Antoni T\u00e0pies","desc_en":"Selected artists\r\n\r\nMiquel Barcel\u00f3\u00a0<strong>|\u00a0<\/strong>Antoni Clav\u00e9\u00a0<strong>|\u00a0<\/strong>Salvador Dal\u00ed | Albert Gleizes | Julio Gonz\u00e1lez | Fernand L\u00e9ger | Alberto Magnelli | Andr\u00e9 Masson | Henri Michaux | Joan Mir\u00f3 | Jaume Plensa | Antoni T\u00e0piesa","event_category":103,"event_show_only_own_date":true,"_event_confirmed":true,"_event_public":true,"_event_free":true,"_event_price-min":"","_event_price-max":"","_event_web_ca":"https:\/\/galeriamarcdomenech.com\/ca\/exhibitions\/de-masson-a-plensa-dibuixant-una-col%c2%b7leccio-iv\/","_event_web_es":"https:\/\/galeriamarcdomenech.com\/es\/exhibitions\/de-masson-a-plensa-dibuixant-una-col%c2%b7leccio-iv\/","_event_web_en":"https:\/\/galeriamarcdomenech.com\/exhibitions\/de-masson-a-plensa-dibuixant-una-col%c2%b7leccio-iv\/","event_contact_email":"","event_apply_email":"","is_online_event":false,"is_art_nou_event":false,"is_bgw_event":false,"date_text":"","register_deadline":null,"altres_organitzadors":""},"abe_event_venue":"Galeria Marc Dom\u00e8nech","abe_event_category":"Exposici\u00f3","start":"2025-02-06 00:00:00","end":"2025-04-30 23:59:00","schedule":"once","schedule_meta":"","frequency":1,"all_day":1,"until":"2025-02-06 00:00:00","include":[],"exclude":[],"_links":{"self":[{"href":"https:\/\/graf.cat\/en\/wp-json\/wp\/v2\/events\/45247","targetHints":{"allow":["GET"]}}],"collection":[{"href":"https:\/\/graf.cat\/en\/wp-json\/wp\/v2\/events"}],"about":[{"href":"https:\/\/graf.cat\/en\/wp-json\/wp\/v2\/types\/event"}],"author":[{"embeddable":true,"href":"https:\/\/graf.cat\/en\/wp-json\/wp\/v2\/users\/132"}],"occurrences":[{"embeddable":true,"href":"https:\/\/graf.cat\/en\/wp-json\/wp\/v2\/events\/45247\/occurrences"}],"acf:term":[{"embeddable":true,"taxonomy":"event-category","href":"https:\/\/graf.cat\/en\/wp-json\/wp\/v2\/event-category\/103"}],"wp:featuredmedia":[{"embeddable":true,"href":"https:\/\/graf.cat\/en\/wp-json\/wp\/v2\/media\/45251"}],"wp:attachment":[{"href":"https:\/\/graf.cat\/en\/wp-json\/wp\/v2\/media?parent=45247"}],"wp:term":[{"taxonomy":"event-venue","embeddable":true,"href":"https:\/\/graf.cat\/en\/wp-json\/wp\/v2\/event-venues?post=45247"},{"taxonomy":"event-tag","embeddable":true,"href":"https:\/\/graf.cat\/en\/wp-json\/wp\/v2\/event-tags?post=45247"}],"curies":[{"name":"wp","href":"https:\/\/api.w.org\/{rel}","templated":true}]}}

De Masson a Plensa. Dibuixant una col·lecció IV

Artistes seleccionats

Miquel Barceló <strong>| </strong>Antoni Clavé <strong>| </strong>Salvador Dalí | Albert Gleizes | Julio González | Fernand Léger | Alberto Magnelli | André Masson | Henri Michaux | Joan Miró | Jaume Plensa | Antoni Tàpies

Artistas seleccionados

Miquel Barceló <strong>| </strong>Antoni Clavé <strong>| </strong>Salvador Dalí | Albert Gleizes | Julio González | Fernand Léger | Alberto Magnelli | André Masson | Henri Michaux | Joan Miró | Jaume Plensa | Antoni Tàpies

Selected artists

Miquel Barceló <strong>| </strong>Antoni Clavé <strong>| </strong>Salvador Dalí | Albert Gleizes | Julio González | Fernand Léger | Alberto Magnelli | André Masson | Henri Michaux | Joan Miró | Jaume Plensa | Antoni Tàpiesa

Galeria Marc Domènech

Exposició
