{"id":45371,"guid":{"rendered":"https:\/\/graf.cat\/?post_type=event&#038;p=45371"},"modified":"2025-02-07T11:42:06","modified_gmt":"2025-02-07T09:42:06","slug":"la-cultura-declara-lemergencia-cde-assemblea-oberta","status":"publish","type":"event","link":"https:\/\/graf.cat\/en\/events\/event\/la-cultura-declara-lemergencia-cde-assemblea-oberta\/","title":{"rendered":"La cultura declara l&#8217;emerg\u00e8ncia (CDE) Assemblea oberta"},"content":{"rendered":"","protected":false},"excerpt":{"rendered":"","protected":false},"author":102,"featured_media":45372,"template":"","meta":{"_acf_changed":false,"_monsterinsights_skip_tracking":false,"_monsterinsights_sitenote_active":false,"_monsterinsights_sitenote_note":"","_monsterinsights_sitenote_category":0},"event-venues":[502],"event-tags":[],"class_list":["post-45371","event","type-event","status-publish","has-post-thumbnail","hentry","event-venue-bolit_pourodo","event-category-trobada"],"acf":{"title_ca":"La cultura declara l'emerg\u00e8ncia (CDE) Assemblea oberta","title_es":"La cultura declara la emergencia (CDE) Asamblea abierta","title_en":"Culture declares emergency (CDE) Open assembly","desc_ca":"La cultura declara l\u2019emerg\u00e8ncia (CDE) \u00e9s un espai format per agents culturals com a resposta a l\u2019emerg\u00e8ncia clim\u00e0tica i ecol\u00f2gica que vol lluitar per a transformar el paradigma necrocapitalista. \u00c9s un espai que ofereix recursos i trobades des de l\u2019acci\u00f3 col\u00b7lectiva. L\u2019objectiu \u00e9s que els agents del m\u00f3n de la cultura reflexionin sobre el seu paper en la crisi ecosocial i defineixin quines accions, grans o petites, poden dur a terme.\r\n\r\nAquesta \u00e9s una assemblea cultural que girar\u00e0 al voltant de la pregunta: \u201cL\u2019art i la cultura, com ens poden ajudar a repensar els espais que habitem en pro del benestar per a tothom?\u201d","desc_es":"La cultura declara la emergencia (CDE) es un espacio formado por agentes culturales como respuesta a la emergencia clim\u00e1tica y ecol\u00f3gica que quiere luchar por transformar el paradigma necrocapitalista. Es un espacio que ofrece recursos y encuentros desde la acci\u00f3n colectiva. El objetivo es que los agentes del mundo de la cultura reflexionen sobre su papel en la crisis ecosocial y definan qu\u00e9 acciones, grandes o peque\u00f1as, pueden llevar a cabo.\r\n\r\n\u00c9sta es una asamblea cultural que girar\u00e1 en torno a la pregunta: \u201cEl arte y la cultura, \u00bfc\u00f3mo pueden ayudarnos a repensar los espacios que habitamos en pro del bienestar para todos?\u201d.","desc_en":"Culture declares emergency (CDE) is a space formed by cultural agents in response to the climate and ecological emergency that wants to fight to transform the necrocapitalist paradigm. It is a space that offers resources and encounters from collective action. The objective is for agents in the world of culture to reflect on their role in the ecosocial crisis and define what actions, large or small, they can carry out.\r\n\r\nThis is a cultural assembly that will revolve around the question: \u201cHow can art and culture help us rethink the spaces we inhabit for the benefit of everyone?\u201d","event_category":306,"event_show_only_own_date":false,"_event_confirmed":true,"_event_public":true,"_event_free":true,"_event_price-min":"","_event_price-max":"","_event_web_ca":"https:\/\/web.girona.cat\/bolit","_event_web_es":"","_event_web_en":"","event_contact_email":"bolit@ajgirona.cat","event_apply_email":"bolit@ajgirona.cat","is_online_event":false,"is_art_nou_event":false,"is_bgw_event":false,"date_text":"","register_deadline":null,"altres_organitzadors":""},"abe_event_venue":"B\u00f2lit_PouRod\u00f3","abe_event_category":"Trobada","start":"2025-04-16 18:30:00","end":"2025-04-16 20:00:00","schedule":"once","schedule_meta":"","frequency":1,"all_day":0,"until":"2025-04-16 18:30:00","include":[],"exclude":[],"_links":{"self":[{"href":"https:\/\/graf.cat\/en\/wp-json\/wp\/v2\/events\/45371","targetHints":{"allow":["GET"]}}],"collection":[{"href":"https:\/\/graf.cat\/en\/wp-json\/wp\/v2\/events"}],"about":[{"href":"https:\/\/graf.cat\/en\/wp-json\/wp\/v2\/types\/event"}],"author":[{"embeddable":true,"href":"https:\/\/graf.cat\/en\/wp-json\/wp\/v2\/users\/102"}],"occurrences":[{"embeddable":true,"href":"https:\/\/graf.cat\/en\/wp-json\/wp\/v2\/events\/45371\/occurrences"}],"acf:term":[{"embeddable":true,"taxonomy":"event-category","href":"https:\/\/graf.cat\/en\/wp-json\/wp\/v2\/event-category\/306"}],"wp:featuredmedia":[{"embeddable":true,"href":"https:\/\/graf.cat\/en\/wp-json\/wp\/v2\/media\/45372"}],"wp:attachment":[{"href":"https:\/\/graf.cat\/en\/wp-json\/wp\/v2\/media?parent=45371"}],"wp:term":[{"taxonomy":"event-venue","embeddable":true,"href":"https:\/\/graf.cat\/en\/wp-json\/wp\/v2\/event-venues?post=45371"},{"taxonomy":"event-tag","embeddable":true,"href":"https:\/\/graf.cat\/en\/wp-json\/wp\/v2\/event-tags?post=45371"}],"curies":[{"name":"wp","href":"https:\/\/api.w.org\/{rel}","templated":true}]}}

La cultura declara l&#8217;emergència (CDE) Assemblea oberta

La cultura declara l'emergència (CDE) Assemblea oberta

La cultura declara l’emergència (CDE) és un espai format per agents culturals com a resposta a l’emergència climàtica i ecològica que vol lluitar per a transformar el paradigma necrocapitalista. És un espai que ofereix recursos i trobades des de l’acció col·lectiva. L’objectiu és que els agents del món de la cultura reflexionin sobre el seu paper en la crisi ecosocial i defineixin quines accions, grans o petites, poden dur a terme.

Aquesta és una assemblea cultural que girarà al voltant de la pregunta: “L’art i la cultura, com ens poden ajudar a repensar els espais que habitem en pro del benestar per a tothom?”

La cultura declara la emergencia (CDE) es un espacio formado por agentes culturales como respuesta a la emergencia climática y ecológica que quiere luchar por transformar el paradigma necrocapitalista. Es un espacio que ofrece recursos y encuentros desde la acción colectiva. El objetivo es que los agentes del mundo de la cultura reflexionen sobre su papel en la crisis ecosocial y definan qué acciones, grandes o pequeñas, pueden llevar a cabo.

Ésta es una asamblea cultural que girará en torno a la pregunta: “El arte y la cultura, ¿cómo pueden ayudarnos a repensar los espacios que habitamos en pro del bienestar para todos?”.

Bòlit_PouRodó
