{"id":45376,"guid":{"rendered":"https:\/\/graf.cat\/?post_type=event&#038;p=45376"},"modified":"2025-02-07T11:48:57","modified_gmt":"2025-02-07T09:48:57","slug":"brutal-moods-i-salvaxe-salvaxe-amb-marta-bisbal-i-andres-hispano","status":"publish","type":"event","link":"https:\/\/graf.cat\/en\/events\/event\/brutal-moods-i-salvaxe-salvaxe-amb-marta-bisbal-i-andres-hispano\/","title":{"rendered":"Brutal moods i Salvaxe, salvaxe Amb Marta Bisbal i Andr\u00e9s Hispano"},"content":{"rendered":"","protected":false},"excerpt":{"rendered":"","protected":false},"author":102,"featured_media":45380,"template":"","meta":{"_acf_changed":false,"_monsterinsights_skip_tracking":false,"_monsterinsights_sitenote_active":false,"_monsterinsights_sitenote_note":"","_monsterinsights_sitenote_category":0},"event-venues":[632],"event-tags":[],"class_list":["post-45376","event","type-event","status-publish","has-post-thumbnail","hentry","event-venue-cinema-truffaut","event-category-screening"],"acf":{"title_ca":"Brutal moods i Salvaxe, salvaxe Amb Marta Bisbal i Andr\u00e9s Hispano","title_es":"Brutal moods i Salvaxe, salvaxe Con Marta Bisbal i Andr\u00e9s Hispano","title_en":"Brutal moods i Salvaxe, salvaxe With Marta Bisbal i Andr\u00e9s Hispano","desc_ca":"Projecci\u00f3 i presentaci\u00f3:\r\nBrutal moods (58\u2019 2022) de Marta Bisbal\r\nSalvaxe, salvaxe (86\u2019 2024) d'Emilio Fonseca\r\n\r\n'Brutal Moods' \u00e9s un assaig audiovisual que reuneix multitud de fragments sobre la manera en qu\u00e8 l\u2019arquitectura brutalista ha estat referida en el cinema contemporani. En aquesta instal\u00b7laci\u00f3, la pel\u00b7l\u00edcula ha estat expandida al costat d\u2019altres pantalles que la descomponen i completen.\r\n\r\n'Salvaxe, salvaxe' \u00e9s un assaig f\u00edlmic travessa una hist\u00f2ria relacional carregada de sotmetiment i extermini i s'enfronta a una hist\u00f2ria audiovisual feta d'imatges-simulacre d\u2019all\u00f2 natural salvatge. Sorgeix un antidocumental de naturalesa: llops que miren a cambra terroritzats i humans que udolen. Totes les criatures deixem rastres en aquest ball cur\u00f3s de rastrejadors rastrejats.","desc_es":"Proyecci\u00f3n y presentaci\u00f3n:\r\nBrutal moods (58\u2019 2022) de Marta Bisbal\r\nSalvaxe, salvaxe (86\u2019 2024) de Emilio Fonseca\r\n\r\n'Brutal Moods' es un ensayo audiovisual que re\u00fane multitud de fragmentos sobre la forma en que la arquitectura brutalista ha sido referida en el cine contempor\u00e1neo. En esta instalaci\u00f3n, la pel\u00edcula ha sido expandida junto a otras pantallas que la descomponen y completan.\r\n\r\n'Salvaxe, salvaxe' es un ensayo f\u00edlmico atraviesa una historia relacional cargada de sometimiento y exterminio y se enfrenta a una historia audiovisual hecha de im\u00e1genes-simulacro de lo natural salvaje. Surge un antidocumental de naturaleza: lobos que miran a c\u00e1mara aterrorizados y humanos que a\u00fallan. Todas las criaturas dejamos rastros en este cuidado baile de rastreadores rastreados.","desc_en":"Screening and presentation:\r\nBrutal moods (58\u2019 2022) by Marta Bisbal\r\nSalvaxe, salvaxe (86\u2019 2024) by Emilio Fonseca\r\n\r\n'Brutal Moods' is an audiovisual essay that brings together a multitude of fragments on the way in which brutalist architecture has been referred to in contemporary cinema. In this installation, the film has been expanded alongside other screens that decompose and complete it.\r\n\r\n'Salvaxe, salvaxe' is a film essay that traverses a relational history full of submission and extermination and confronts an audiovisual history made of simulacrum-images of wild nature. An anti-documentary of nature emerges: wolves that look at the camera terrified and humans that howl. All creatures leave traces in this careful dance of tracked trackers.","event_category":219,"event_show_only_own_date":false,"_event_confirmed":true,"_event_public":true,"_event_free":true,"_event_price-min":"","_event_price-max":"","_event_web_ca":"https:\/\/web.girona.cat\/bolit","_event_web_es":"","_event_web_en":"","event_contact_email":"bolit@ajgirona.cat","event_apply_email":"bolit@ajgirona.cat","is_online_event":false,"is_art_nou_event":false,"is_bgw_event":false,"date_text":"","register_deadline":null,"altres_organitzadors":""},"abe_event_venue":"Cinema Truffaut","abe_event_category":"Screening","start":"2025-05-03 11:00:00","end":"2025-05-03 12:30:00","schedule":"once","schedule_meta":"","frequency":1,"all_day":0,"until":"2025-05-03 11:00:00","include":[],"exclude":[],"_links":{"self":[{"href":"https:\/\/graf.cat\/en\/wp-json\/wp\/v2\/events\/45376","targetHints":{"allow":["GET"]}}],"collection":[{"href":"https:\/\/graf.cat\/en\/wp-json\/wp\/v2\/events"}],"about":[{"href":"https:\/\/graf.cat\/en\/wp-json\/wp\/v2\/types\/event"}],"author":[{"embeddable":true,"href":"https:\/\/graf.cat\/en\/wp-json\/wp\/v2\/users\/102"}],"occurrences":[{"embeddable":true,"href":"https:\/\/graf.cat\/en\/wp-json\/wp\/v2\/events\/45376\/occurrences"}],"acf:term":[{"embeddable":true,"taxonomy":"event-category","href":"https:\/\/graf.cat\/en\/wp-json\/wp\/v2\/event-category\/219"}],"wp:featuredmedia":[{"embeddable":true,"href":"https:\/\/graf.cat\/en\/wp-json\/wp\/v2\/media\/45380"}],"wp:attachment":[{"href":"https:\/\/graf.cat\/en\/wp-json\/wp\/v2\/media?parent=45376"}],"wp:term":[{"taxonomy":"event-venue","embeddable":true,"href":"https:\/\/graf.cat\/en\/wp-json\/wp\/v2\/event-venues?post=45376"},{"taxonomy":"event-tag","embeddable":true,"href":"https:\/\/graf.cat\/en\/wp-json\/wp\/v2\/event-tags?post=45376"}],"curies":[{"name":"wp","href":"https:\/\/api.w.org\/{rel}","templated":true}]}}

Brutal moods i Salvaxe, salvaxe Amb Marta Bisbal i Andrés Hispano

Brutal moods i Salvaxe, salvaxe Con Marta Bisbal i Andrés Hispano

Brutal moods i Salvaxe, salvaxe With Marta Bisbal i Andrés Hispano

Projecció i presentació:
Brutal moods (58’ 2022) de Marta Bisbal
Salvaxe, salvaxe (86’ 2024) d'Emilio Fonseca

'Brutal Moods' és un assaig audiovisual que reuneix multitud de fragments sobre la manera en què l’arquitectura brutalista ha estat referida en el cinema contemporani. En aquesta instal·lació, la pel·lícula ha estat expandida al costat d’altres pantalles que la descomponen i completen.

'Salvaxe, salvaxe' és un assaig fílmic travessa una història relacional carregada de sotmetiment i extermini i s'enfronta a una història audiovisual feta d'imatges-simulacre d’allò natural salvatge. Sorgeix un antidocumental de naturalesa: llops que miren a cambra terroritzats i humans que udolen. Totes les criatures deixem rastres en aquest ball curós de rastrejadors rastrejats.

Proyección y presentación:
Brutal moods (58’ 2022) de Marta Bisbal
Salvaxe, salvaxe (86’ 2024) de Emilio Fonseca

'Brutal Moods' es un ensayo audiovisual que reúne multitud de fragmentos sobre la forma en que la arquitectura brutalista ha sido referida en el cine contemporáneo. En esta instalación, la película ha sido expandida junto a otras pantallas que la descomponen y completan.

'Salvaxe, salvaxe' es un ensayo fílmico atraviesa una historia relacional cargada de sometimiento y exterminio y se enfrenta a una historia audiovisual hecha de imágenes-simulacro de lo natural salvaje. Surge un antidocumental de naturaleza: lobos que miran a cámara aterrorizados y humanos que aúllan. Todas las criaturas dejamos rastros en este cuidado baile de rastreadores rastreados.
