{"id":45617,"guid":{"rendered":"https:\/\/graf.cat\/?post_type=event&#038;p=45617"},"modified":"2025-03-04T16:36:57","modified_gmt":"2025-03-04T14:36:57","slug":"de-les-trepitjades-se-nestampen-les-paraules-2","status":"publish","type":"event","link":"https:\/\/graf.cat\/en\/events\/event\/de-les-trepitjades-se-nestampen-les-paraules-2\/","title":{"rendered":"De les trepitjades se n&#8217;estampen les paraules"},"content":{"rendered":"","protected":false},"excerpt":{"rendered":"","protected":false},"author":188,"featured_media":45618,"template":"","meta":{"_acf_changed":false,"_monsterinsights_skip_tracking":false,"_monsterinsights_sitenote_active":false,"_monsterinsights_sitenote_note":"","_monsterinsights_sitenote_category":0},"event-venues":[64],"event-tags":[],"class_list":["post-45617","event","type-event","status-publish","has-post-thumbnail","hentry","event-venue-centre-civic-barceloneta","event-category-exposicio"],"acf":{"title_ca":"De les trepitjades se n'estampen les paraules","title_es":"De les trepitjades se n'estampen les paraules","title_en":"De les trepitjades se n'estampen les paraules","desc_ca":"<section class=\"elementor-section elementor-top-section elementor-element elementor-element-3efdb01 elementor-section-boxed elementor-section-height-default elementor-section-height-default\" data-id=\"3efdb01\" data-element_type=\"section\">\r\n<div class=\"elementor-container elementor-column-gap-default\">\r\n<div class=\"elementor-column elementor-col-66 elementor-top-column elementor-element elementor-element-e1869c4\" data-id=\"e1869c4\" data-element_type=\"column\">\r\n<div class=\"elementor-widget-wrap elementor-element-populated\">\r\n<div class=\"elementor-element elementor-element-4d076d2 elementor-widget elementor-widget-text-editor\" data-id=\"4d076d2\" data-element_type=\"widget\" data-widget_type=\"text-editor.default\">\r\n<div class=\"elementor-widget-container\">\r\n\r\nEl seu t\u00edtol est\u00e0 inspirat en l\u2019obra de Fina Miralles, Petjades (1976). Aquest projecte explora els mecanismes amb qu\u00e8 percebem la mem\u00f2ria, des del gest de trepitjar fins a l\u2019acte profund de deixar rastre. Aqu\u00ed, la petjada esdev\u00e9 un gest po\u00e8tic, una met\u00e0fora de l\u2019ef\u00edmer que, en el seu registre, transita entre la mem\u00f2ria individual i la col\u00b7lectiva, creant una apropiaci\u00f3 subtil i alhora poderosa de l\u2019espai. L\u2019exposici\u00f3 proposa la mem\u00f2ria com un ens viu, un regulador subtil dels nostres comportaments. La trepitjada, com a acci\u00f3 i com a record, esdev\u00e9 una eina per recuperar el passat i entendre el present. En aquest acte ef\u00edmer i tangible es revela el mateix constituent de la mem\u00f2ria: una const\u00e0ncia fugissera per\u00f2 significativa.\r\n\r\n<\/div>\r\n<\/div>\r\n<\/div>\r\n<\/div>\r\n<div class=\"elementor-column elementor-col-33 elementor-top-column elementor-element elementor-element-50b2abf\" data-id=\"50b2abf\" data-element_type=\"column\">\r\n<div class=\"elementor-widget-wrap elementor-element-populated\">\r\n<div class=\"elementor-element elementor-element-ffb5fbc elementor-widget elementor-widget-image\" data-id=\"ffb5fbc\" data-element_type=\"widget\" data-widget_type=\"image.default\">\r\n<div class=\"elementor-widget-container\"><\/div>\r\n<\/div>\r\n<\/div>\r\n<\/div>\r\n<\/div>\r\n<\/section><section class=\"elementor-section elementor-top-section elementor-element elementor-element-7dc4652 elementor-section-boxed elementor-section-height-default elementor-section-height-default\" data-id=\"7dc4652\" data-element_type=\"section\">\r\n<div class=\"elementor-container elementor-column-gap-narrow\">\r\n<div class=\"elementor-column elementor-col-100 elementor-top-column elementor-element elementor-element-4805d4a\" data-id=\"4805d4a\" data-element_type=\"column\">\r\n<div class=\"elementor-widget-wrap elementor-element-populated\">\r\n<div class=\"elementor-element elementor-element-9b64135 elementor-widget elementor-widget-text-editor\" data-id=\"9b64135\" data-element_type=\"widget\" data-widget_type=\"text-editor.default\">\r\n<div class=\"elementor-widget-container\">\r\n\r\nLa petjada, materialitzada en el terra, es presenta com un element sin\u00e8rgic que connecta l\u2019experi\u00e8ncia viscuda amb l\u2019acci\u00f3 po\u00e8tica del temps. A trav\u00e9s de l\u2019experimentaci\u00f3 i la pr\u00e0ctica art\u00edstica, les artistes de l\u2019exposici\u00f3 aprofundeixen en aquesta acci\u00f3 del record i el seu vincle amb la paraula. Les seves obres dialoguen, generant converses que no nom\u00e9s exploren la dimensi\u00f3 ef\u00edmera del rastre, sin\u00f3 tamb\u00e9 la capacitat d\u2019aquest per obrir espais po\u00e8tics i reconfigurar la mem\u00f2ria en el temps. Aquesta \u00e9s una invitaci\u00f3 a observar com el gest m\u00e9s senzill pot contenir una complexitat infinita, una narrativa del moment viscut que transcendeix el present per trobar noves capes de significat.\r\n\r\nAquesta exposici\u00f3 s\u2019inscriu dins del projecte Mirada Pilot, un programa de comissariat emergent per a realitzar una exposici\u00f3 que itinera pel Centre C\u00edvic Barceloneta, l\u2019Espai Jove Boca Nord i el Centre C\u00edvic Sant Andreu. Aquests vasos comunicants actuen com a plataformes de suport per a curadores emergents, oferint espais i recursos per al desenvolupament de noves propostes art\u00edstiques i culturals.\r\nEl discurs curatorial presentat ha d\u2019estar compost per quatre propostes art\u00edstiques participants del Festival Stripart del Centre C\u00edvic Guinard\u00f3.\r\n\r\n<strong>Comissariat:<\/strong>\u00a0Kike Ortega Romero\r\n\r\n<strong>Artistes:<\/strong>\u00a0\u00c0frica G\u00f3mez, Emma Clap\u00e9s, Ver\u00f3nica Cerna, Rub\u00e9n Gonz\u00e1lez i Montserrat Ar\u00e0nega.\r\n\r\n<strong>-Del 6 al 28 de Febrer al Centre C\u00edvic Barceloneta.<\/strong>\r\n<strong>-Del 6 de Mar\u00e7 al 2 d\u2019Abril a l\u2019Espai Jove Boca Nord.<\/strong>\r\n<strong>-Del 9 d\u2019Abril al 7 de Maig al Centre C\u00edvic Sant Andreu.<\/strong>\r\n\r\n\u2022 Consultar la p\u00e0gina de cada centre per a veure les activitats complement\u00e0ries a l\u2019exposici\u00f3.\r\n\r\n<\/div>\r\n<\/div>\r\n<\/div>\r\n<\/div>\r\n<\/div>\r\n<\/section>","desc_es":"<p data-start=\"15\" data-end=\"778\">Su t\u00edtulo est\u00e1 inspirado en la obra de Fina Miralles, <em data-start=\"69\" data-end=\"79\">Petjades<\/em> (1976). Este proyecto explora los mecanismos con los que percibimos la memoria, desde el gesto de pisar hasta el acto profundo de dejar huella. Aqu\u00ed, la huella se convierte en un gesto po\u00e9tico, una met\u00e1fora de lo ef\u00edmero que, en su registro, transita entre la memoria individual y la colectiva, creando una apropiaci\u00f3n sutil y a la vez poderosa del espacio. La exposici\u00f3n propone la memoria como un ser vivo, un regulador sutil de nuestros comportamientos. La pisada, como acci\u00f3n y como recuerdo, se convierte en una herramienta para recuperar el pasado y entender el presente. En este acto ef\u00edmero y tangible se revela el mismo constituyente de la memoria: una constancia fugaz pero significativa.<\/p>\r\n<p data-start=\"780\" data-end=\"1487\">La huella, materializada en el suelo, se presenta como un elemento sin\u00e9rgico que conecta la experiencia vivida con la acci\u00f3n po\u00e9tica del tiempo. A trav\u00e9s de la experimentaci\u00f3n y la pr\u00e1ctica art\u00edstica, las artistas de la exposici\u00f3n profundizan en esta acci\u00f3n del recuerdo y su v\u00ednculo con la palabra. Sus obras dialogan, generando conversaciones que no solo exploran la dimensi\u00f3n ef\u00edmera del rastro, sino tambi\u00e9n la capacidad de este para abrir espacios po\u00e9ticos y reconfigurar la memoria en el tiempo. Esta es una invitaci\u00f3n a observar c\u00f3mo el gesto m\u00e1s sencillo puede contener una complejidad infinita, una narrativa del momento vivido que trasciende el presente para encontrar nuevas capas de significado.<\/p>\r\n<p data-start=\"1489\" data-end=\"2059\">Esta exposici\u00f3n se enmarca dentro del proyecto <em data-start=\"1536\" data-end=\"1550\">Mirada Pilot<\/em>, un programa de comisariado emergente para realizar una exposici\u00f3n que itinera por el Centro C\u00edvico Barceloneta, el Espacio Joven Boca Norte y el Centro C\u00edvico Sant Andreu. Estos vasos comunicantes act\u00faan como plataformas de apoyo para comisarios emergentes, ofreciendo espacios y recursos para el desarrollo de nuevas propuestas art\u00edsticas y culturales.<br data-start=\"1905\" data-end=\"1908\" \/>El discurso curatorial presentado debe estar compuesto por cuatro propuestas art\u00edsticas participantes del Festival Stripart del Centro C\u00edvico Guinard\u00f3.<\/p>\r\n<p data-start=\"2061\" data-end=\"2186\"><strong>Comisariado:<\/strong> Kike Ortega Romero<br data-start=\"2092\" data-end=\"2095\" \/><strong>Artistas:<\/strong> \u00c1frica G\u00f3mez, Emma Clap\u00e9s, Ver\u00f3nica Cerna, Rub\u00e9n Gonz\u00e1lez y Montserrat Ar\u00e0nega.<\/p>\r\n\r\n<ul data-start=\"2188\" data-end=\"2377\">\r\n \t<li data-start=\"2188\" data-end=\"2247\"><strong>Del 6 al 28 de febrero en el Centro C\u00edvico Barceloneta.<\/strong><\/li>\r\n \t<li data-start=\"2248\" data-end=\"2312\"><strong>Del 6 de marzo al 2 de abril en el Espacio Joven Boca Norte.<\/strong><\/li>\r\n \t<li data-start=\"2313\" data-end=\"2377\"><strong>Del 9 de abril al 7 de mayo en el Centro C\u00edvico Sant Andreu.<\/strong><\/li>\r\n<\/ul>\r\n<p data-start=\"2379\" data-end=\"2473\">\u2022 Consultar la p\u00e1gina de cada centro para ver las actividades complementarias a la exposici\u00f3n.<\/p>","desc_en":"<p data-start=\"2493\" data-end=\"3223\">Its title is inspired by the work of Fina Miralles, <em data-start=\"2545\" data-end=\"2555\">Petjades<\/em> (1976). This project explores the mechanisms through which we perceive memory, from the act of stepping to the deep act of leaving a trace. Here, the footprint becomes a poetic gesture, a metaphor for the ephemeral that, in its register, transitions between individual and collective memory, creating a subtle yet powerful appropriation of space. The exhibition proposes memory as a living entity, a subtle regulator of our behaviors. The footprint, as an action and as a memory, becomes a tool for recovering the past and understanding the present. In this ephemeral and tangible act, the very constituent of memory is revealed: a fleeting yet significant constancy.<\/p>\r\n<p data-start=\"3225\" data-end=\"3887\">The footprint, materialized on the floor, is presented as a synergistic element that connects the lived experience with the poetic action of time. Through experimentation and artistic practice, the artists in the exhibition delve into this act of remembering and its link to the word. Their works engage in dialogue, generating conversations that not only explore the ephemeral dimension of the trace but also its ability to open poetic spaces and reconfigure memory over time. This is an invitation to observe how the simplest gesture can contain infinite complexity, a narrative of the lived moment that transcends the present to uncover new layers of meaning.<\/p>\r\n<p data-start=\"3889\" data-end=\"4433\">This exhibition is part of the <em data-start=\"3920\" data-end=\"3934\">Mirada Pilot<\/em> project, an emerging curatorial program to create an exhibition that will travel through the Centro C\u00edvico Barceloneta, the Espacio Joven Boca Norte, and the Centro C\u00edvico Sant Andreu. These interconnected spaces serve as support platforms for emerging curators, offering spaces and resources for the development of new artistic and cultural proposals.<br data-start=\"4287\" data-end=\"4290\" \/>The curatorial discourse presented is composed of four artistic proposals participating in the Stripart Festival at the Centro C\u00edvico Guinard\u00f3.<\/p>\r\n<p data-start=\"4435\" data-end=\"4558\"><strong>Curator:<\/strong> Kike Ortega Romero<br data-start=\"4462\" data-end=\"4465\" \/><strong>Artists:<\/strong> \u00c1frica G\u00f3mez, Emma Clap\u00e9s, Ver\u00f3nica Cerna, Rub\u00e9n Gonz\u00e1lez, and Montserrat Ar\u00e0nega.<\/p>\r\n\r\n<ul data-start=\"4560\" data-end=\"4740\">\r\n \t<li data-start=\"4560\" data-end=\"4619\"><strong>From February 6 to 28 at the Centro C\u00edvico Barceloneta.<\/strong><\/li>\r\n \t<li data-start=\"4620\" data-end=\"4680\"><strong>From March 6 to April 2 at the Espacio Joven Boca Norte.<\/strong><\/li>\r\n \t<li data-start=\"4681\" data-end=\"4740\"><strong>From April 9 to May 7 at the Centro C\u00edvico Sant Andreu.<\/strong><\/li>\r\n<\/ul>\r\n<p data-start=\"4742\" data-end=\"4821\" data-is-last-node=\"\">\u2022 Check the page of each center for complementary activities to the exhibition<\/p>","event_category":103,"event_show_only_own_date":true,"_event_confirmed":true,"_event_public":true,"_event_free":true,"_event_price-min":"","_event_price-max":"","_event_web_ca":"https:\/\/stripart.cat\/festival\/mirada-pilot-2\/","_event_web_es":"https:\/\/stripart.cat\/festival\/mirada-pilot-2\/","_event_web_en":"https:\/\/stripart.cat\/festival\/mirada-pilot-2\/","event_contact_email":"info@stripart.cat","event_apply_email":"","is_online_event":false,"is_art_nou_event":false,"is_bgw_event":false,"date_text":"Del 6 al 28 de Febrer al Centre C\u00edvic Barceloneta","register_deadline":null,"altres_organitzadors":""},"abe_event_venue":"Centre C\u00edvic Barceloneta","abe_event_category":"Exposici\u00f3","start":"2025-02-06 00:00:00","end":"2025-02-28 23:59:00","schedule":"once","schedule_meta":"","frequency":1,"all_day":1,"until":"2025-02-06 00:00:00","include":[],"exclude":[],"_links":{"self":[{"href":"https:\/\/graf.cat\/en\/wp-json\/wp\/v2\/events\/45617","targetHints":{"allow":["GET"]}}],"collection":[{"href":"https:\/\/graf.cat\/en\/wp-json\/wp\/v2\/events"}],"about":[{"href":"https:\/\/graf.cat\/en\/wp-json\/wp\/v2\/types\/event"}],"author":[{"embeddable":true,"href":"https:\/\/graf.cat\/en\/wp-json\/wp\/v2\/users\/188"}],"occurrences":[{"embeddable":true,"href":"https:\/\/graf.cat\/en\/wp-json\/wp\/v2\/events\/45617\/occurrences"}],"acf:term":[{"embeddable":true,"taxonomy":"event-category","href":"https:\/\/graf.cat\/en\/wp-json\/wp\/v2\/event-category\/103"}],"wp:featuredmedia":[{"embeddable":true,"href":"https:\/\/graf.cat\/en\/wp-json\/wp\/v2\/media\/45618"}],"wp:attachment":[{"href":"https:\/\/graf.cat\/en\/wp-json\/wp\/v2\/media?parent=45617"}],"wp:term":[{"taxonomy":"event-venue","embeddable":true,"href":"https:\/\/graf.cat\/en\/wp-json\/wp\/v2\/event-venues?post=45617"},{"taxonomy":"event-tag","embeddable":true,"href":"https:\/\/graf.cat\/en\/wp-json\/wp\/v2\/event-tags?post=45617"}],"curies":[{"name":"wp","href":"https:\/\/api.w.org\/{rel}","templated":true}]}}

<section class="elementor-section elementor-top-section elementor-element elementor-element-3efdb01 elementor-section-boxed elementor-section-height-default elementor-section-height-default" data-id="3efdb01" data-element_type="section">
<div class="elementor-container elementor-column-gap-default">
<div class="elementor-column elementor-col-66 elementor-top-column elementor-element elementor-element-e1869c4" data-id="e1869c4" data-element_type="column">
<div class="elementor-widget-wrap elementor-element-populated">
<div class="elementor-element elementor-element-4d076d2 elementor-widget elementor-widget-text-editor" data-id="4d076d2" data-element_type="widget" data-widget_type="text-editor.default">
<div class="elementor-widget-container">

El seu títol està inspirat en l’obra de Fina Miralles, Petjades (1976). Aquest projecte explora els mecanismes amb què percebem la memòria, des del gest de trepitjar fins a l’acte profund de deixar rastre. Aquí, la petjada esdevé un gest poètic, una metàfora de l’efímer que, en el seu registre, transita entre la memòria individual i la col·lectiva, creant una apropiació subtil i alhora poderosa de l’espai. L’exposició proposa la memòria com un ens viu, un regulador subtil dels nostres comportaments. La trepitjada, com a acció i com a record, esdevé una eina per recuperar el passat i entendre el present. En aquest acte efímer i tangible es revela el mateix constituent de la memòria: una constància fugissera però significativa.

</div>
</div>
</div>
</div>
<div class="elementor-column elementor-col-33 elementor-top-column elementor-element elementor-element-50b2abf" data-id="50b2abf" data-element_type="column">
<div class="elementor-widget-wrap elementor-element-populated">
<div class="elementor-element elementor-element-ffb5fbc elementor-widget elementor-widget-image" data-id="ffb5fbc" data-element_type="widget" data-widget_type="image.default">
<div class="elementor-widget-container"></div>
</div>
</div>
</div>
</div>
</section><section class="elementor-section elementor-top-section elementor-element elementor-element-7dc4652 elementor-section-boxed elementor-section-height-default elementor-section-height-default" data-id="7dc4652" data-element_type="section">
<div class="elementor-container elementor-column-gap-narrow">
<div class="elementor-column elementor-col-100 elementor-top-column elementor-element elementor-element-4805d4a" data-id="4805d4a" data-element_type="column">
<div class="elementor-widget-wrap elementor-element-populated">
<div class="elementor-element elementor-element-9b64135 elementor-widget elementor-widget-text-editor" data-id="9b64135" data-element_type="widget" data-widget_type="text-editor.default">
<div class="elementor-widget-container">

La petjada, materialitzada en el terra, es presenta com un element sinèrgic que connecta l’experiència viscuda amb l’acció poètica del temps. A través de l’experimentació i la pràctica artística, les artistes de l’exposició aprofundeixen en aquesta acció del record i el seu vincle amb la paraula. Les seves obres dialoguen, generant converses que no només exploren la dimensió efímera del rastre, sinó també la capacitat d’aquest per obrir espais poètics i reconfigurar la memòria en el temps. Aquesta és una invitació a observar com el gest més senzill pot contenir una complexitat infinita, una narrativa del moment viscut que transcendeix el present per trobar noves capes de significat.

Aquesta exposició s’inscriu dins del projecte Mirada Pilot, un programa de comissariat emergent per a realitzar una exposició que itinera pel Centre Cívic Barceloneta, l’Espai Jove Boca Nord i el Centre Cívic Sant Andreu. Aquests vasos comunicants actuen com a plataformes de suport per a curadores emergents, oferint espais i recursos per al desenvolupament de noves propostes artístiques i culturals.
El discurs curatorial presentat ha d’estar compost per quatre propostes artístiques participants del Festival Stripart del Centre Cívic Guinardó.

<strong>Comissariat:</strong> Kike Ortega Romero

<strong>Artistes:</strong> Àfrica Gómez, Emma Clapés, Verónica Cerna, Rubén González i Montserrat Arànega.

<strong>-Del 6 al 28 de Febrer al Centre Cívic Barceloneta.</strong>
<strong>-Del 6 de Març al 2 d’Abril a l’Espai Jove Boca Nord.</strong>
<strong>-Del 9 d’Abril al 7 de Maig al Centre Cívic Sant Andreu.</strong>

• Consultar la pàgina de cada centre per a veure les activitats complementàries a l’exposició.

</div>
</div>
</div>
</div>
</div>
</section>

<p data-start="15" data-end="778">Su título está inspirado en la obra de Fina Miralles, <em data-start="69" data-end="79">Petjades</em> (1976). Este proyecto explora los mecanismos con los que percibimos la memoria, desde el gesto de pisar hasta el acto profundo de dejar huella. Aquí, la huella se convierte en un gesto poético, una metáfora de lo efímero que, en su registro, transita entre la memoria individual y la colectiva, creando una apropiación sutil y a la vez poderosa del espacio. La exposición propone la memoria como un ser vivo, un regulador sutil de nuestros comportamientos. La pisada, como acción y como recuerdo, se convierte en una herramienta para recuperar el pasado y entender el presente. En este acto efímero y tangible se revela el mismo constituyente de la memoria: una constancia fugaz pero significativa.</p>
<p data-start="780" data-end="1487">La huella, materializada en el suelo, se presenta como un elemento sinérgico que conecta la experiencia vivida con la acción poética del tiempo. A través de la experimentación y la práctica artística, las artistas de la exposición profundizan en esta acción del recuerdo y su vínculo con la palabra. Sus obras dialogan, generando conversaciones que no solo exploran la dimensión efímera del rastro, sino también la capacidad de este para abrir espacios poéticos y reconfigurar la memoria en el tiempo. Esta es una invitación a observar cómo el gesto más sencillo puede contener una complejidad infinita, una narrativa del momento vivido que trasciende el presente para encontrar nuevas capas de significado.</p>
<p data-start="1489" data-end="2059">Esta exposición se enmarca dentro del proyecto <em data-start="1536" data-end="1550">Mirada Pilot</em>, un programa de comisariado emergente para realizar una exposición que itinera por el Centro Cívico Barceloneta, el Espacio Joven Boca Norte y el Centro Cívico Sant Andreu. Estos vasos comunicantes actúan como plataformas de apoyo para comisarios emergentes, ofreciendo espacios y recursos para el desarrollo de nuevas propuestas artísticas y culturales.<br data-start="1905" data-end="1908" />El discurso curatorial presentado debe estar compuesto por cuatro propuestas artísticas participantes del Festival Stripart del Centro Cívico Guinardó.</p>
<p data-start="2061" data-end="2186"><strong>Comisariado:</strong> Kike Ortega Romero<br data-start="2092" data-end="2095" /><strong>Artistas:</strong> África Gómez, Emma Clapés, Verónica Cerna, Rubén González y Montserrat Arànega.</p>

<ul data-start="2188" data-end="2377">
 	<li data-start="2188" data-end="2247"><strong>Del 6 al 28 de febrero en el Centro Cívico Barceloneta.</strong></li>
 	<li data-start="2248" data-end="2312"><strong>Del 6 de marzo al 2 de abril en el Espacio Joven Boca Norte.</strong></li>
 	<li data-start="2313" data-end="2377"><strong>Del 9 de abril al 7 de mayo en el Centro Cívico Sant Andreu.</strong></li>
</ul>
<p data-start="2379" data-end="2473">• Consultar la página de cada centro para ver las actividades complementarias a la exposición.</p>

<p data-start="2493" data-end="3223">Its title is inspired by the work of Fina Miralles, <em data-start="2545" data-end="2555">Petjades</em> (1976). This project explores the mechanisms through which we perceive memory, from the act of stepping to the deep act of leaving a trace. Here, the footprint becomes a poetic gesture, a metaphor for the ephemeral that, in its register, transitions between individual and collective memory, creating a subtle yet powerful appropriation of space. The exhibition proposes memory as a living entity, a subtle regulator of our behaviors. The footprint, as an action and as a memory, becomes a tool for recovering the past and understanding the present. In this ephemeral and tangible act, the very constituent of memory is revealed: a fleeting yet significant constancy.</p>
<p data-start="3225" data-end="3887">The footprint, materialized on the floor, is presented as a synergistic element that connects the lived experience with the poetic action of time. Through experimentation and artistic practice, the artists in the exhibition delve into this act of remembering and its link to the word. Their works engage in dialogue, generating conversations that not only explore the ephemeral dimension of the trace but also its ability to open poetic spaces and reconfigure memory over time. This is an invitation to observe how the simplest gesture can contain infinite complexity, a narrative of the lived moment that transcends the present to uncover new layers of meaning.</p>
<p data-start="3889" data-end="4433">This exhibition is part of the <em data-start="3920" data-end="3934">Mirada Pilot</em> project, an emerging curatorial program to create an exhibition that will travel through the Centro Cívico Barceloneta, the Espacio Joven Boca Norte, and the Centro Cívico Sant Andreu. These interconnected spaces serve as support platforms for emerging curators, offering spaces and resources for the development of new artistic and cultural proposals.<br data-start="4287" data-end="4290" />The curatorial discourse presented is composed of four artistic proposals participating in the Stripart Festival at the Centro Cívico Guinardó.</p>
<p data-start="4435" data-end="4558"><strong>Curator:</strong> Kike Ortega Romero<br data-start="4462" data-end="4465" /><strong>Artists:</strong> África Gómez, Emma Clapés, Verónica Cerna, Rubén González, and Montserrat Arànega.</p>

<ul data-start="4560" data-end="4740">
 	<li data-start="4560" data-end="4619"><strong>From February 6 to 28 at the Centro Cívico Barceloneta.</strong></li>
 	<li data-start="4620" data-end="4680"><strong>From March 6 to April 2 at the Espacio Joven Boca Norte.</strong></li>
 	<li data-start="4681" data-end="4740"><strong>From April 9 to May 7 at the Centro Cívico Sant Andreu.</strong></li>
</ul>
<p data-start="4742" data-end="4821" data-is-last-node="">• Check the page of each center for complementary activities to the exhibition</p>

Del 6 al 28 de Febrer al Centre Cívic Barceloneta

Centre Cívic Barceloneta

Exposició
