{"id":45856,"guid":{"rendered":"https:\/\/graf.cat\/?post_type=event&#038;p=45856"},"modified":"2025-03-01T19:08:01","modified_gmt":"2025-03-01T17:08:01","slug":"filmar-reivindicar-les-memories-exiliades","status":"publish","type":"event","link":"https:\/\/graf.cat\/en\/events\/event\/filmar-reivindicar-les-memories-exiliades\/","title":{"rendered":"Filmar\/reivindicar les mem\u00f2ries exiliades"},"content":{"rendered":"","protected":false},"excerpt":{"rendered":"","protected":false},"author":8,"featured_media":45857,"template":"","meta":{"_acf_changed":false,"_monsterinsights_skip_tracking":false,"_monsterinsights_sitenote_active":false,"_monsterinsights_sitenote_note":"","_monsterinsights_sitenote_category":0},"event-venues":[734],"event-tags":[],"class_list":["post-45856","event","type-event","status-publish","has-post-thumbnail","hentry","event-venue-museu-tapies","event-category-screening"],"acf":{"title_ca":"Filmar\/reivindicar les mem\u00f2ries exiliades","title_es":"Filmar\/reivindicar las memorias exiliadas","title_en":"Filmar\/reivindicar las memorias exiliadas","desc_ca":"La primera sessi\u00f3 del\u00a0<a href=\"https:\/\/museutapies.org\/event\/els-exilis-invisibles\/\">cicle de cinema \u201cEls exilis (in)visibles\u201d<\/a>\u00a0compta amb la pres\u00e8ncia de les cineastes T\u00e0nia Ball\u00f3 i Meritxell Colell. Totes dues han abordat en algunes de les seves produccions audiovisuals el tema de desarrelament i l\u2019exili femen\u00ed.\r\n\r\nPer a l\u2019ocasi\u00f3, es projectar\u00e0\u00a0<em>Las exiliadas. Las Sinsombrero 3<\/em>\u00a0(T\u00e0nia Ball\u00f3, Serrana Torres, Manuel Jim\u00e9nez N\u00fa\u00f1ez, 2021, 53\u2019) i, en acabar, tindr\u00e0 lloc una conversa entre Ball\u00f3 i Colell en qu\u00e8 s\u2019abordaran els reptes, els avantatges i les dificultats, creatives i de producci\u00f3, que suposen aquest tipus de projectes de mem\u00f2ria i reivindicaci\u00f3, alhora que se n\u2019analitzar\u00e0 l\u2019impacte social i cultural.\r\n\r\n<strong>\u00a0<\/strong>\r\n\r\n<strong>Sinopsis\u00a0<\/strong><em>Las exiliadas. Las Sinsombrero 3<\/em>\r\n\r\nEl documental aborda la vida i obra de Luisa Carn\u00e9s, Mada Carre\u00f1o, Margarita Nelken, Silvia Mistral, Victorina Dur\u00e1n, Mar\u00eda Dolores Arana i Carlota O\u2019Neill, artistes i intel\u00b7lectuals espanyoles que es van veure obligades a fugir d\u2019Espanya despr\u00e9s de la Guerra Civil i que van iniciar un viatge cap a l\u2019exili on van haver de comen\u00e7ar de nou, tant en l\u2019\u00e0mbit personal com en el professional.\r\n\r\n&nbsp;\r\n\r\n<strong>Apunt biogr\u00e0fic de Meritxell Colell<\/strong>\r\n\r\nLlicenciada en Comunicaci\u00f3 Audiovisual (UPF). Com a directora, el 2015 \u00e9s seleccionada a l\u2019Atelier de la Cin\u00e9fondation del Festival de Cannes amb la seva Opera Prima; \u2018Con el viento\u2019 s\u2019estrena a la 68\u00ba Berlinale, rep el premi a Millor Pel\u00edcula al Festival de M\u00e1laga. El 2020 estrena\u00a0<em>Transceo\u00e1nicas,\u00a0<\/em>codirigida amb Luc\u00eda Vassallo. El 2022 rep el premi a Millor Direcci\u00f3 al Festival de M\u00e1laga amb el seu segon llargmetratge de ficci\u00f3,\u00a0<em>D\u00fao<\/em>. Tamb\u00e9 estrena tamb\u00e9\u00a0<em>La Ciutat a la vora<\/em>\u00a0en el marc de\u00a0<em>Simfonies de ciutat<\/em>\u00a0del CCCB i \u00e9s seleccionada al programa Ikusmira Berriak (Festival de San Sebasti\u00e1n) amb la pel\u00b7l\u00edcula que est\u00e0 desenvolupant actualment:\u00a0<em>Lejos de los \u00e1rboles<\/em>. Com a muntadora, firma 14 llargmetratges. Forma part del projecte \u2018Cinema en curs\u2019 (A Bao A Qu) des de 2007 i \u00e9s profesora associada a la UPF.\r\n\r\n&nbsp;\r\n\r\nFotograma\u00a0<em>Las Exiliadas. Las Sinsombrero 3<\/em>","desc_es":"La primera sesi\u00f3n del\u00a0<a href=\"https:\/\/museutapies.org\/es\/event\/los-exilios-invisibles\/\">ciclo de cine \u201cLos exilios (in)visibles\u201d<\/a>\u00a0cuenta con la presencia de las cineastas T\u00e0nia Ball\u00f3 y Meritxell Colell. Ambas abordaron en algunas de sus producciones audiovisuales el tema de desarraigo y el exilio femenino.\r\n\r\nPara la ocasi\u00f3n, se proyectar\u00e1\u00a0<i>Las exiliadas. Las Sinsombrero 3<\/i>\u00a0(Tania Ball\u00f3, Serrana Torres, Manuel Jim\u00e9nez N\u00fa\u00f1ez, 2021, 53\u2032) y, al finalizar, tendr\u00e1 lugar una conversaci\u00f3n entre Ball\u00f3 y Colell en la que se abordar\u00e1n los retos, las ventajas y las dificultades, creativas y de producci\u00f3n,\u00a0que suponen este tipo de proyectos de memoria y reivindicaci\u00f3n, al tiempo que se analizar\u00e1 su impacto social y cultural.\r\n\r\n&nbsp;\r\n\r\n<b>Sinopsis\u00a0<\/b><i>Las exiliadas. Las Sinsombrero 3<\/i>\r\n\r\nEl documental aborda la vida y obra de Luisa Carn\u00e9s, Mada Carre\u00f1o, Margarita Nelken, Silvia Mistral, Victorina Dur\u00e1n, Mar\u00eda Dolores Arana y Carlota O\u2019Neill, artistas e intelectuales espa\u00f1olas que se vieron obligadas a huir de Espa\u00f1a despu\u00e9s de la Guerra Civil y que iniciaron un viaje hacia el exilio donde tuvieron que empezar de nuevo.\r\n\r\n&nbsp;\r\n\r\n<b>Apunte biogr\u00e1fico Meritxell Colell<\/b>\r\n\r\nLicenciada en Comunicaci\u00f3n Audiovisual (UPF). Como directora, en 2015 es seleccionada en el Atelier de la Cinefondation del Festival de Cannes con su Opera Prima; \u2018Con el viento\u2019 se estrena en la 68\u00ba Berlinale, recibe el premio a Mejor Pel\u00edcula en el Festival de M\u00e1laga. En 2020 estreno\u00a0<i>Transceo\u00e1nicas,\u00a0<\/i>codirigida con Luc\u00eda Vassallo. En 2022 recibe el premio a Mejor Direcci\u00f3n en el Festival de M\u00e1laga con su segundo largometraje de ficci\u00f3n,\u00a0<i>D\u00fao<\/i>. Tambi\u00e9n estrena tambi\u00e9n\u00a0<i>La Ciudad cerca<\/i>\u00a0en el marc de\u00a0<i>Sinfon\u00edas de ciudad<\/i>\u00a0del CCCB y es seleccionada en el programa Ikusmira Berriak (Festival de San Sebasti\u00e1n) con la pel\u00edcula que est\u00e1 desarrollando actualmente:\u00a0<i>Lejos de los \u00e1rboles<\/i>. Como montadora, firma 14 largometrajes. Forma parte del proyecto \u2018Cine en curso\u2019 (A Bao A Qu) desde 2007 y es profesora asociada en la UPF.\r\n\r\n&nbsp;\r\n\r\nFotograma\u00a0<em>Las Exiliadas. Las Sinsombrero 3<\/em>","desc_en":"","event_category":219,"event_show_only_own_date":true,"_event_confirmed":true,"_event_public":true,"_event_free":false,"_event_price-min":0,"_event_price-max":3,"_event_web_ca":"https:\/\/museutapies.org\/event\/filmar-reivindicar-les-memories-exiliades\/","_event_web_es":"https:\/\/museutapies.org\/es\/event\/filmar-reivindicar-las-memorias-exiliadas\/","_event_web_en":"","event_contact_email":"","event_apply_email":"","is_online_event":false,"is_art_nou_event":false,"is_bgw_event":false,"date_text":"","register_deadline":null,"altres_organitzadors":""},"abe_event_venue":"Museu T\u00e0pies","abe_event_category":"Screening","start":"2025-03-04 18:00:00","end":"2025-03-04 20:00:00","schedule":"once","schedule_meta":"","frequency":1,"all_day":0,"until":"2025-03-04 18:00:00","include":[],"exclude":[],"_links":{"self":[{"href":"https:\/\/graf.cat\/en\/wp-json\/wp\/v2\/events\/45856","targetHints":{"allow":["GET"]}}],"collection":[{"href":"https:\/\/graf.cat\/en\/wp-json\/wp\/v2\/events"}],"about":[{"href":"https:\/\/graf.cat\/en\/wp-json\/wp\/v2\/types\/event"}],"author":[{"embeddable":true,"href":"https:\/\/graf.cat\/en\/wp-json\/wp\/v2\/users\/8"}],"occurrences":[{"embeddable":true,"href":"https:\/\/graf.cat\/en\/wp-json\/wp\/v2\/events\/45856\/occurrences"}],"acf:term":[{"embeddable":true,"taxonomy":"event-category","href":"https:\/\/graf.cat\/en\/wp-json\/wp\/v2\/event-category\/219"}],"wp:featuredmedia":[{"embeddable":true,"href":"https:\/\/graf.cat\/en\/wp-json\/wp\/v2\/media\/45857"}],"wp:attachment":[{"href":"https:\/\/graf.cat\/en\/wp-json\/wp\/v2\/media?parent=45856"}],"wp:term":[{"taxonomy":"event-venue","embeddable":true,"href":"https:\/\/graf.cat\/en\/wp-json\/wp\/v2\/event-venues?post=45856"},{"taxonomy":"event-tag","embeddable":true,"href":"https:\/\/graf.cat\/en\/wp-json\/wp\/v2\/event-tags?post=45856"}],"curies":[{"name":"wp","href":"https:\/\/api.w.org\/{rel}","templated":true}]}}

Filmar/reivindicar les memòries exiliades

La primera sessió del <a href="https://museutapies.org/event/els-exilis-invisibles/">cicle de cinema “Els exilis (in)visibles”</a> compta amb la presència de les cineastes Tània Balló i Meritxell Colell. Totes dues han abordat en algunes de les seves produccions audiovisuals el tema de desarrelament i l’exili femení.

Per a l’ocasió, es projectarà <em>Las exiliadas. Las Sinsombrero 3</em> (Tània Balló, Serrana Torres, Manuel Jiménez Núñez, 2021, 53’) i, en acabar, tindrà lloc una conversa entre Balló i Colell en què s’abordaran els reptes, els avantatges i les dificultats, creatives i de producció, que suposen aquest tipus de projectes de memòria i reivindicació, alhora que se n’analitzarà l’impacte social i cultural.

<strong> </strong>

<strong>Sinopsis </strong><em>Las exiliadas. Las Sinsombrero 3</em>

El documental aborda la vida i obra de Luisa Carnés, Mada Carreño, Margarita Nelken, Silvia Mistral, Victorina Durán, María Dolores Arana i Carlota O’Neill, artistes i intel·lectuals espanyoles que es van veure obligades a fugir d’Espanya després de la Guerra Civil i que van iniciar un viatge cap a l’exili on van haver de començar de nou, tant en l’àmbit personal com en el professional.

&nbsp;

<strong>Apunt biogràfic de Meritxell Colell</strong>

Llicenciada en Comunicació Audiovisual (UPF). Com a directora, el 2015 és seleccionada a l’Atelier de la Cinéfondation del Festival de Cannes amb la seva Opera Prima; ‘Con el viento’ s’estrena a la 68º Berlinale, rep el premi a Millor Película al Festival de Málaga. El 2020 estrena <em>Transceoánicas, </em>codirigida amb Lucía Vassallo. El 2022 rep el premi a Millor Direcció al Festival de Málaga amb el seu segon llargmetratge de ficció, <em>Dúo</em>. També estrena també <em>La Ciutat a la vora</em> en el marc de <em>Simfonies de ciutat</em> del CCCB i és seleccionada al programa Ikusmira Berriak (Festival de San Sebastián) amb la pel·lícula que està desenvolupant actualment: <em>Lejos de los árboles</em>. Com a muntadora, firma 14 llargmetratges. Forma part del projecte ‘Cinema en curs’ (A Bao A Qu) des de 2007 i és profesora associada a la UPF.

&nbsp;

Fotograma <em>Las Exiliadas. Las Sinsombrero 3</em>

La primera sesión del <a href="https://museutapies.org/es/event/los-exilios-invisibles/">ciclo de cine “Los exilios (in)visibles”</a> cuenta con la presencia de las cineastas Tània Balló y Meritxell Colell. Ambas abordaron en algunas de sus producciones audiovisuales el tema de desarraigo y el exilio femenino.

Para la ocasión, se proyectará <i>Las exiliadas. Las Sinsombrero 3</i> (Tania Balló, Serrana Torres, Manuel Jiménez Núñez, 2021, 53′) y, al finalizar, tendrá lugar una conversación entre Balló y Colell en la que se abordarán los retos, las ventajas y las dificultades, creativas y de producción, que suponen este tipo de proyectos de memoria y reivindicación, al tiempo que se analizará su impacto social y cultural.

&nbsp;

<b>Sinopsis </b><i>Las exiliadas. Las Sinsombrero 3</i>

El documental aborda la vida y obra de Luisa Carnés, Mada Carreño, Margarita Nelken, Silvia Mistral, Victorina Durán, María Dolores Arana y Carlota O’Neill, artistas e intelectuales españolas que se vieron obligadas a huir de España después de la Guerra Civil y que iniciaron un viaje hacia el exilio donde tuvieron que empezar de nuevo.

&nbsp;

<b>Apunte biográfico Meritxell Colell</b>

Licenciada en Comunicación Audiovisual (UPF). Como directora, en 2015 es seleccionada en el Atelier de la Cinefondation del Festival de Cannes con su Opera Prima; ‘Con el viento’ se estrena en la 68º Berlinale, recibe el premio a Mejor Película en el Festival de Málaga. En 2020 estreno <i>Transceoánicas, </i>codirigida con Lucía Vassallo. En 2022 recibe el premio a Mejor Dirección en el Festival de Málaga con su segundo largometraje de ficción, <i>Dúo</i>. También estrena también <i>La Ciudad cerca</i> en el marc de <i>Sinfonías de ciudad</i> del CCCB y es seleccionada en el programa Ikusmira Berriak (Festival de San Sebastián) con la película que está desarrollando actualmente: <i>Lejos de los árboles</i>. Como montadora, firma 14 largometrajes. Forma parte del proyecto ‘Cine en curso’ (A Bao A Qu) desde 2007 y es profesora asociada en la UPF.

&nbsp;

Fotograma <em>Las Exiliadas. Las Sinsombrero 3</em>

Museu Tàpies
