{"id":48505,"guid":{"rendered":"https:\/\/graf.cat\/?post_type=event&#038;p=48505"},"modified":"2025-05-16T12:28:35","modified_gmt":"2025-05-16T10:28:35","slug":"cineclub-4","status":"publish","type":"event","link":"https:\/\/graf.cat\/en\/events\/event\/cineclub-4\/","title":{"rendered":"cineclub"},"content":{"rendered":"","protected":false},"excerpt":{"rendered":"","protected":false},"author":65,"featured_media":48506,"template":"","meta":{"_acf_changed":false,"_monsterinsights_skip_tracking":false,"_monsterinsights_sitenote_active":false,"_monsterinsights_sitenote_note":"","_monsterinsights_sitenote_category":0},"event-venues":[304],"event-tags":[],"class_list":["post-48505","event","type-event","status-publish","has-post-thumbnail","hentry","event-venue-la-escocesa","event-category-screening"],"acf":{"title_ca":"cineclub","title_es":"cineclub","title_en":"cineclub","desc_ca":"Segueix l'any i amb ell el nostre cineclub, una trobada on mensualment presentarem una cuidada selecci\u00f3 de pel\u00b7l\u00edcules. Cada sessi\u00f3 inclour\u00e0 la projecci\u00f3\u00a0i un sopar vegetari\u00e0 preparat per una artista convidada, inspirada en l'obra projectada.\r\n\r\nA la sessi\u00f3 de juny veurem\u00a0<em>Haru, Island of the Solitary<\/em>\u00a0de Kanerva Cederstr\u00f6m i\u00a0Riikka Tanner.\r\n\r\n&nbsp;\r\n<h5><strong>Dimecres\u00a018 de juny<\/strong><\/h5>\r\n<strong>20:30h<\/strong>\r\n\r\n<strong><em>Haru, Island of the Solitary<\/em><\/strong>\u00a0de Kanerva Cederstr\u00f6m i\u00a0Riikka Tanner |\u00a01998 | 43min\r\n\r\nDurant 25 estius, entre el 1964 i el 1990, l\u2019escriptora Tove Jansson i la seva parella, l\u2019artista gr\u00e0fica Tuulikki Pietil\u00e4, van viure a l\u2019illa de Klovharu, al golf de Finl\u00e0ndia. D\u2019aquestes estades en va sorgir un documental constru\u00eft a partir de 20 hores de filmacions en Super 8, enregistrades per Pietil\u00e4 entre 1970 i 1991, amb textos i comentaris escrits per la mateixa Jansson.Aquest documental mostra la relaci\u00f3 \u00edntima i po\u00e8tica entre les dues artistes i l'illa. Jansson la descriu com un \u00e9sser viu amb emocions pr\u00f2pies, capa\u00e7 de rebutjar-les o compadir-les. A\u00efllades, celebren la vida amb danses a l\u2019ombra, observacions de n\u00favols, diaris personals com\u00a0<em>Landscape Changes<\/em>, i fins i tot converses amb gavines, com la Pellura.\r\n\r\n&nbsp;\r\n\r\n<strong>21:30h<\/strong>\r\n\r\nPica-pica estiuenc.\r\n\r\n&nbsp;\r\n\r\n<strong>Activitat p\u00fablica i gratu\u00efta.<\/strong>\r\n\r\nPer a assistir al cineclub, has d'inscriure't enviant un mail a\u00a0<strong>catarinabotelho@gmail.com<\/strong>\r\n\r\n&nbsp;\r\n\r\n<hr \/>\r\n\r\nActivitat coordinada per\u00a0<a href=\"https:\/\/laescocesa.org\/ca\/view\/catarinabotelho\/3141\">Catarina Botelho<\/a>,\u00a0<a href=\"https:\/\/laescocesa.org\/ca\/view\/CarlosVasquezMendez\/3132\">Carlos V\u00e1squez<\/a>,\u00a0<a href=\"https:\/\/laescocesa.org\/ca\/view\/MarlaJacarilla\/3154\">Marla Jacarilla<\/a>,\u00a0<a href=\"https:\/\/laescocesa.org\/ca\/view\/ValentinaAlvaradoMatos\/3140\">Valentina Alvarado Matos<\/a>\u00a0i\u00a0<a href=\"https:\/\/laescocesa.org\/ca\/view\/elenamaravillas\/3807\" target=\"_blank\" rel=\"noopener\">Elena Maravillas<\/a>.\r\n\r\n&nbsp;\r\n\r\n<hr \/>\r\n\r\nSi tens alguna necessitat o pregunta en relaci\u00f3 a l'accessibilitat d'aquesta activitat, visita la nostra p\u00e0gina d\"acc\u00e9s a La Escocesa\"\u00a0<a href=\"https:\/\/laescocesa.org\/ca\/La%20Escocesa\/accessibilitat\">fent clic aqui<\/a>","desc_es":"Sigue el a\u00f1o y con \u00e9l nuestro cineclub, un encuentro donde mensualmente presentaremos una cuidada selecci\u00f3n de pel\u00edculas. Cada sesi\u00f3n incluir\u00e1 la proyecci\u00f3n\u00a0y una cena vegetariana preparada por una artista invitada, inspirada en la obra proyectada.\r\n\r\nEn la sesi\u00f3n de junio veremos\u00a0<em>Haru, Island of the Solitary<\/em>\u00a0de Kanerva Cederstr\u00f6m y Riikka Tanner.\r\n\r\n&nbsp;\r\n<h5><strong>Mi\u00e9rcoles 18 de junio<\/strong><\/h5>\r\n<strong>20:30h<\/strong>\r\n\r\n<strong><em>Haru, Island of the Solitary<\/em><\/strong>\u00a0de Kanerva Cederstr\u00f6m y Riikka Tanner |\u00a01998 | 43min\r\n\r\nDurante 25 veranos, entre el 1964 y el 1990, la escritora Tove Jansson y su pareja, la artista gr\u00e1fica Tuulikki Pietil\u00e4, vivieron en la isla de Klovharu, al golf de Finlandia. De estas estancias surgi\u00f3 un documental construido a partir de 20 horas de filmaciones en Super 8, grabadas por Pietil\u00e4 entre 1970 y 1991, con textos y comentarios escritos por la misma Jansson. Este documental muestra la relaci\u00f3n \u00edntima y po\u00e9tica entre las dos artistas y la isla. Jansson la describe como un ser vivo con emociones propias, capaz de rechazarlas o compadecerlas. Aisladas, celebran la vida con danzas en la sombra, observaciones de nubes, diarios personales como\u00a0<em>Landscape Changes<\/em>, e incluso conversas con gaviotas, como la Pellura.\r\n\r\n&nbsp;\r\n\r\n<strong>21:30h<\/strong>\r\n\r\nPica-pica veraniego.\r\n\r\n&nbsp;\r\n\r\n<strong>Actividad p\u00fablica y gratuita.<\/strong>\r\n\r\nPara asistir al cineclub, debes inscribirte mandando un mail a\u00a0<strong>catarinabotelho@gmail.com<\/strong>\r\n\r\n&nbsp;\r\n\r\n<hr \/>\r\n\r\nActividad coordinada por\u00a0<a href=\"https:\/\/laescocesa.org\/es\/view\/catarinabotelho\/3141\">Catarina Botelho<\/a>,\u00a0<a href=\"https:\/\/laescocesa.org\/es\/view\/CarlosVasquezMendez\/3132\">Carlos V\u00e1squez<\/a>,\u00a0<a href=\"https:\/\/laescocesa.org\/es\/view\/MarlaJacarilla\/3154\">Marla Jacarilla<\/a>,\u00a0<a href=\"https:\/\/laescocesa.org\/es\/view\/ValentinaAlvaradoMatos\/3140\">Valentina Alvarado Matos<\/a>\u00a0y\u00a0<a href=\"https:\/\/laescocesa.org\/ca\/view\/elenamaravillas\/3807\" target=\"_blank\" rel=\"noopener\">Elena Maravillas<\/a>.\r\n\r\n&nbsp;\r\n\r\n<hr \/>\r\n\r\nSi tienes alguna necesidad o pregunta en relaci\u00f3n a la accesibilidad de esta actividad, visita nuestra p\u00e1gina d\"acceso a La Escocesa\" haciendo clic\u00a0<a href=\"https:\/\/laescocesa.org\/es\/La%20Escocesa\/accesibilidad\">aqui<\/a>","desc_en":"The year continues and with it our cineclub, a monthly meeting where we will present a careful selection of films. Each session will include the screening and a vegetarian dinner prepared by a guest artist, inspired by the work screened.\r\n\r\nIn the June\u00a0session we will see<em>\u00a0Haru, Island of the Solitary<\/em>\u00a0de Kanerva Cederstr\u00f6m and\u00a0Riikka Tanner.\r\n\r\n&nbsp;\r\n<h5><strong>Wednesday 18th\u00a0of\u00a0June<\/strong><\/h5>\r\n<strong>20:30h<\/strong>\r\n\r\n<strong><em>Haru, Island of the Solitary<\/em><\/strong>\u00a0de Kanerva Cederstr\u00f6m and\u00a0Riikka Tanner |\u00a01998 | 43min\r\n\r\nDuring 25 summers, between 1964 and 1990, the writer Tove Jansson and her partner, the graphic artist Tuulikki Pietil\u00e4, lived on the island of Klovharu, in the golf of Finland. From these stays, a documentary was made from 20 hours of Super 8 footage shot by Pietil\u00e4 between 1970 and 1991, with texts and commentaries written by Jansson herself. This documentary shows the intimate and poetic relationship between the two artists and the island. Jansson describes it as a living being with emotions of its own, capable of rejecting or pitying them. Isolated, they celebrate life with shadow dances, cloud observations, personal journals such as\u00a0<em>Landscape Changes<\/em>, and even conversations with seagulls, such as Pellura.\r\n\r\n&nbsp;\r\n\r\n<strong>21:30h<\/strong>\r\n\r\nSummertime Pica-pica.\r\n\r\n&nbsp;\r\n\r\n<strong>Free and public activity.<\/strong>\r\n\r\nTo attend the cineclub, you must register by sending an email to\u00a0<strong>catarinabotelho@gmail.com<\/strong>\r\n\r\n&nbsp;\r\n\r\n&nbsp;\r\n\r\n<hr \/>\r\n\r\nActivity coordinated by\u00a0<a href=\"https:\/\/laescocesa.org\/en\/view\/catarinabotelho\/3141\">Catarina Botelho<\/a>,\u00a0<a href=\"https:\/\/laescocesa.org\/en\/view\/CarlosVasquezMendez\/3132\">Carlos V\u00e1squez<\/a>,\u00a0<a href=\"https:\/\/laescocesa.org\/en\/view\/MarlaJacarilla\/3154\">Marla Jacarilla<\/a>,\u00a0<a href=\"https:\/\/laescocesa.org\/en\/view\/ValentinaAlvaradoMatos\/3140\">Valentina Alvarado Matos<\/a>\u00a0and\u00a0<a href=\"https:\/\/laescocesa.org\/ca\/view\/elenamaravillas\/3807\">Elena Maravillas<\/a>.\r\n\r\n&nbsp;\r\n\r\n<hr \/>\r\n\r\nIf you have any needs or questions regarding the accessibility of this activity, please visit our page on \"access to La Escocesa\" by clicking\u00a0<a href=\"https:\/\/laescocesa.org\/en\/La%20Escocesa\/accessibility\">here<\/a>.","event_category":219,"event_show_only_own_date":false,"_event_confirmed":true,"_event_public":true,"_event_free":true,"_event_price-min":"","_event_price-max":"","_event_web_ca":"https:\/\/laescocesa.org\/ca\/view\/cineclub\/3912","_event_web_es":"https:\/\/laescocesa.org\/es\/view\/cineclub\/3912","_event_web_en":"https:\/\/laescocesa.org\/en\/view\/cineclub\/3912","event_contact_email":"","event_apply_email":"catarinabotelho@gmail.com","is_online_event":false,"is_art_nou_event":false,"is_bgw_event":false,"date_text":"","register_deadline":null,"altres_organitzadors":""},"abe_event_venue":"La Escocesa","abe_event_category":"Screening","start":"2025-06-18 20:30:00","end":"2025-06-18 23:00:00","schedule":"once","schedule_meta":"","frequency":1,"all_day":0,"until":"2025-06-18 20:30:00","include":[],"exclude":[],"_links":{"self":[{"href":"https:\/\/graf.cat\/en\/wp-json\/wp\/v2\/events\/48505","targetHints":{"allow":["GET"]}}],"collection":[{"href":"https:\/\/graf.cat\/en\/wp-json\/wp\/v2\/events"}],"about":[{"href":"https:\/\/graf.cat\/en\/wp-json\/wp\/v2\/types\/event"}],"author":[{"embeddable":true,"href":"https:\/\/graf.cat\/en\/wp-json\/wp\/v2\/users\/65"}],"occurrences":[{"embeddable":true,"href":"https:\/\/graf.cat\/en\/wp-json\/wp\/v2\/events\/48505\/occurrences"}],"acf:term":[{"embeddable":true,"taxonomy":"event-category","href":"https:\/\/graf.cat\/en\/wp-json\/wp\/v2\/event-category\/219"}],"wp:featuredmedia":[{"embeddable":true,"href":"https:\/\/graf.cat\/en\/wp-json\/wp\/v2\/media\/48506"}],"wp:attachment":[{"href":"https:\/\/graf.cat\/en\/wp-json\/wp\/v2\/media?parent=48505"}],"wp:term":[{"taxonomy":"event-venue","embeddable":true,"href":"https:\/\/graf.cat\/en\/wp-json\/wp\/v2\/event-venues?post=48505"},{"taxonomy":"event-tag","embeddable":true,"href":"https:\/\/graf.cat\/en\/wp-json\/wp\/v2\/event-tags?post=48505"}],"curies":[{"name":"wp","href":"https:\/\/api.w.org\/{rel}","templated":true}]}}

Segueix l'any i amb ell el nostre cineclub, una trobada on mensualment presentarem una cuidada selecció de pel·lícules. Cada sessió inclourà la projecció i un sopar vegetarià preparat per una artista convidada, inspirada en l'obra projectada.

A la sessió de juny veurem <em>Haru, Island of the Solitary</em> de Kanerva Cederström i Riikka Tanner.

&nbsp;
<h5><strong>Dimecres 18 de juny</strong></h5>
<strong>20:30h</strong>

<strong><em>Haru, Island of the Solitary</em></strong> de Kanerva Cederström i Riikka Tanner | 1998 | 43min

Durant 25 estius, entre el 1964 i el 1990, l’escriptora Tove Jansson i la seva parella, l’artista gràfica Tuulikki Pietilä, van viure a l’illa de Klovharu, al golf de Finlàndia. D’aquestes estades en va sorgir un documental construït a partir de 20 hores de filmacions en Super 8, enregistrades per Pietilä entre 1970 i 1991, amb textos i comentaris escrits per la mateixa Jansson.Aquest documental mostra la relació íntima i poètica entre les dues artistes i l'illa. Jansson la descriu com un ésser viu amb emocions pròpies, capaç de rebutjar-les o compadir-les. Aïllades, celebren la vida amb danses a l’ombra, observacions de núvols, diaris personals com <em>Landscape Changes</em>, i fins i tot converses amb gavines, com la Pellura.

&nbsp;

<strong>21:30h</strong>

Pica-pica estiuenc.

&nbsp;

<strong>Activitat pública i gratuïta.</strong>

Per a assistir al cineclub, has d'inscriure't enviant un mail a <strong>catarinabotelho@gmail.com</strong>

&nbsp;

<hr />

Activitat coordinada per <a href="https://laescocesa.org/ca/view/catarinabotelho/3141">Catarina Botelho</a>, <a href="https://laescocesa.org/ca/view/CarlosVasquezMendez/3132">Carlos Vásquez</a>, <a href="https://laescocesa.org/ca/view/MarlaJacarilla/3154">Marla Jacarilla</a>, <a href="https://laescocesa.org/ca/view/ValentinaAlvaradoMatos/3140">Valentina Alvarado Matos</a> i <a href="https://laescocesa.org/ca/view/elenamaravillas/3807" target="_blank" rel="noopener">Elena Maravillas</a>.

&nbsp;

<hr />

Si tens alguna necessitat o pregunta en relació a l'accessibilitat d'aquesta activitat, visita la nostra pàgina d"accés a La Escocesa" <a href="https://laescocesa.org/ca/La%20Escocesa/accessibilitat">fent clic aqui</a>

Sigue el año y con él nuestro cineclub, un encuentro donde mensualmente presentaremos una cuidada selección de películas. Cada sesión incluirá la proyección y una cena vegetariana preparada por una artista invitada, inspirada en la obra proyectada.

En la sesión de junio veremos <em>Haru, Island of the Solitary</em> de Kanerva Cederström y Riikka Tanner.

&nbsp;
<h5><strong>Miércoles 18 de junio</strong></h5>
<strong>20:30h</strong>

<strong><em>Haru, Island of the Solitary</em></strong> de Kanerva Cederström y Riikka Tanner | 1998 | 43min

Durante 25 veranos, entre el 1964 y el 1990, la escritora Tove Jansson y su pareja, la artista gráfica Tuulikki Pietilä, vivieron en la isla de Klovharu, al golf de Finlandia. De estas estancias surgió un documental construido a partir de 20 horas de filmaciones en Super 8, grabadas por Pietilä entre 1970 y 1991, con textos y comentarios escritos por la misma Jansson. Este documental muestra la relación íntima y poética entre las dos artistas y la isla. Jansson la describe como un ser vivo con emociones propias, capaz de rechazarlas o compadecerlas. Aisladas, celebran la vida con danzas en la sombra, observaciones de nubes, diarios personales como <em>Landscape Changes</em>, e incluso conversas con gaviotas, como la Pellura.

&nbsp;

<strong>21:30h</strong>

Pica-pica veraniego.

&nbsp;

<strong>Actividad pública y gratuita.</strong>

Para asistir al cineclub, debes inscribirte mandando un mail a <strong>catarinabotelho@gmail.com</strong>

&nbsp;

<hr />

Actividad coordinada por <a href="https://laescocesa.org/es/view/catarinabotelho/3141">Catarina Botelho</a>, <a href="https://laescocesa.org/es/view/CarlosVasquezMendez/3132">Carlos Vásquez</a>, <a href="https://laescocesa.org/es/view/MarlaJacarilla/3154">Marla Jacarilla</a>, <a href="https://laescocesa.org/es/view/ValentinaAlvaradoMatos/3140">Valentina Alvarado Matos</a> y <a href="https://laescocesa.org/ca/view/elenamaravillas/3807" target="_blank" rel="noopener">Elena Maravillas</a>.

&nbsp;

<hr />

Si tienes alguna necesidad o pregunta en relación a la accesibilidad de esta actividad, visita nuestra página d"acceso a La Escocesa" haciendo clic <a href="https://laescocesa.org/es/La%20Escocesa/accesibilidad">aqui</a>

The year continues and with it our cineclub, a monthly meeting where we will present a careful selection of films. Each session will include the screening and a vegetarian dinner prepared by a guest artist, inspired by the work screened.

In the June session we will see<em> Haru, Island of the Solitary</em> de Kanerva Cederström and Riikka Tanner.

&nbsp;
<h5><strong>Wednesday 18th of June</strong></h5>
<strong>20:30h</strong>

<strong><em>Haru, Island of the Solitary</em></strong> de Kanerva Cederström and Riikka Tanner | 1998 | 43min

During 25 summers, between 1964 and 1990, the writer Tove Jansson and her partner, the graphic artist Tuulikki Pietilä, lived on the island of Klovharu, in the golf of Finland. From these stays, a documentary was made from 20 hours of Super 8 footage shot by Pietilä between 1970 and 1991, with texts and commentaries written by Jansson herself. This documentary shows the intimate and poetic relationship between the two artists and the island. Jansson describes it as a living being with emotions of its own, capable of rejecting or pitying them. Isolated, they celebrate life with shadow dances, cloud observations, personal journals such as <em>Landscape Changes</em>, and even conversations with seagulls, such as Pellura.

&nbsp;

<strong>21:30h</strong>

Summertime Pica-pica.

&nbsp;

<strong>Free and public activity.</strong>

To attend the cineclub, you must register by sending an email to <strong>catarinabotelho@gmail.com</strong>

&nbsp;

&nbsp;

<hr />

Activity coordinated by <a href="https://laescocesa.org/en/view/catarinabotelho/3141">Catarina Botelho</a>, <a href="https://laescocesa.org/en/view/CarlosVasquezMendez/3132">Carlos Vásquez</a>, <a href="https://laescocesa.org/en/view/MarlaJacarilla/3154">Marla Jacarilla</a>, <a href="https://laescocesa.org/en/view/ValentinaAlvaradoMatos/3140">Valentina Alvarado Matos</a> and <a href="https://laescocesa.org/ca/view/elenamaravillas/3807">Elena Maravillas</a>.

&nbsp;

<hr />

If you have any needs or questions regarding the accessibility of this activity, please visit our page on "access to La Escocesa" by clicking <a href="https://laescocesa.org/en/La%20Escocesa/accessibility">here</a>.
