{"id":48580,"guid":{"rendered":"https:\/\/graf.cat\/?post_type=event&#038;p=48580"},"modified":"2025-05-19T11:57:13","modified_gmt":"2025-05-19T09:57:13","slug":"dimarts-de-video-panoptic-greatest-hits","status":"publish","type":"event","link":"https:\/\/graf.cat\/en\/events\/event\/dimarts-de-video-panoptic-greatest-hits\/","title":{"rendered":"Dimarts de v\u00eddeo \/ Pan\u00f2ptic Greatest Hits"},"content":{"rendered":"","protected":false},"excerpt":{"rendered":"","protected":false},"author":19,"featured_media":48581,"template":"","meta":{"_acf_changed":false,"_monsterinsights_skip_tracking":false,"_monsterinsights_sitenote_active":false,"_monsterinsights_sitenote_note":"","_monsterinsights_sitenote_category":0},"event-venues":[560],"event-tags":[],"class_list":["post-48580","event","type-event","status-publish","has-post-thumbnail","hentry","event-venue-santa-monica","event-category-screening"],"acf":{"title_ca":"Dimarts de v\u00eddeo \/ Pan\u00f2ptic Greatest Hits","title_es":"Martes de video \/ Pan\u00f2ptic Greatest Hits","title_en":"Tuesday of video \/ Pan\u00f2ptic Greatest Hits","desc_ca":"La revoluci\u00f3 digital est\u00e0 transformant radicalment els fonaments sobre els quals s\u2019estructuren les societats modernes, a una velocitat tal, que gaireb\u00e9 no ens permet dedicar el temps necessari a entendre el que vivim i analitzar les conseq\u00fc\u00e8ncies \u2014negatives i positives\u2014 que aquest canvi de paradigma implica.\r\n\r\nCada any el Festival Pan\u00f2ptic organitza una convocat\u00f2ria internacional de curtmetratges per configurar part de la seva programaci\u00f3. Es busquen treballs audiovisuals que abordin, des d\u2019una perspectiva oberta i cr\u00edtica, els efectes de la tecnologia en les societats contempor\u00e0nies, en qualsevol format i llenguatge, des de la ficci\u00f3, el documental, l\u2019animaci\u00f3 i l\u2019experimental. En els darrers anys han passat pel festival molts curtmetratges de qualitat, que agrupats ens ajuden a veure les tensions i potencialitats en torn la cultura digital.\r\n\r\nEn aquesta sessi\u00f3 visionarem una selecci\u00f3 d\u2019aquests curtmetratges que millor retraten el paradigma contemporani. Ho farem a resguard de la calor, amb refrigeris, i en companyia de l\u2019equip que organitza el Festival Pan\u00f2ptic.\r\n\r\nEls curtmetratges que es projectaran en aquesta sessi\u00f3 de Dimarts de V\u00eddeo s\u00f3n els seg\u00fcents:\r\n\r\n<i>Blood Like Water<\/i>\u00a0(Dima Hamdan, Palestina, 2023, 14 min)\r\n<i>N\u00e0dia\u00a0<\/i>(Sofia Farr\u00e9 Flotats, Catalu\u00f1a, 2022, 19 min.)\r\n<i>All we had to do was follow the damn train CJ\u00a0<\/i>(Flesh.Webm, Espa\u00f1a, 2023, 4 min)\r\n<i>En el futuro\u2026 Predicciones para un presente extremo\u00a0<\/i>(Mar\u00eda Ca\u00f1as, Espa\u00f1a, 2022, 13 min)\r\n<i>March 8, 2020: A Memoir\u00a0<\/i>(F\u0131rat Y\u00fccel, Turqu\u00eda, 2023, 15 min)\r\n<i>Joselito\u00a0<\/i>(Jos\u00e9 Carlos Jim\u00e9nez Revuelta i Marta Jim\u00e9nez Revuelta, Andaluc\u00eda, 2021, 9 min.)","desc_es":"La revoluci\u00f3n digital est\u00e1 transformando radicalmente los fundamentos sobre los cuales se estructuran las sociedades modernas, a una velocidad tal, que casi no nos permite dedicar el tiempo necesario a entender lo que vivimos y analizar las consecuencias \u2014negativas y positivas\u2014 que este cambio de paradigma implica.\r\n\r\nCada a\u00f1o el Festival Pan\u00f2ptic organiza una convocatoria anual de cortometrajes para configurar parte de su programaci\u00f3n. Se buscan trabajos audiovisuales que aborden, desde una perspectiva abierta y cr\u00edtica, los efectos de la tecnolog\u00eda en las sociedades contempor\u00e1neas, en cualquier formato y lenguaje, desde la ficci\u00f3n, el documental, la animaci\u00f3n y lo experimental. En los \u00faltimos a\u00f1os han pasado por el festival muchos cortometrajes de calidad, que agrupados nos ayudan a ver las tensiones y potencialidades sobre la cultura digital.\r\n\r\nEn esta sesi\u00f3n visionaremos una selecci\u00f3n de estos cortometrajes que mejor retratan el paradigma contempor\u00e1neo. Lo haremos a resguardo del calor, con refrigerios , y en compa\u00f1\u00eda del equipo que organiza el Festival Pan\u00f2ptic.\r\n\r\nLos cortometrajes que se proyectar\u00e1n en esta sesi\u00f3n de Martes de V\u00eddeo son los siguientes:\r\n<i>Blood Like Water<\/i>\u00a0(Dima Hamdan, Palestina, 2023, 14 min)\r\n<i>N\u00e0dia\u00a0<\/i>(Sofia Farr\u00e9 Flotats, Catalu\u00f1a, 2022, 19 min)\r\n<i>All we had to do was follow the damn train CJ\u00a0<\/i>(Flesh.Webm, Espa\u00f1a, 2023, 4 min)\r\n<i>En el futuro\u2026 Predicciones para un presente extremo<\/i>\u00a0(Mar\u00eda Ca\u00f1as, Espa\u00f1a, 2022, 13 min)\r\n<i>March 8, 2020: A Memoir\u00a0<\/i>(F\u0131rat Y\u00fccel, Turqu\u00eda, 2023, 15 min)\r\n<i>Joselito\u00a0<\/i>(Jos\u00e9 Carlos Jim\u00e9nez Revuelta y Marta Jim\u00e9nez Revuelta, Andaluc\u00eda, 2021, 9 min)","desc_en":"The digital revolution is radically transforming the foundations on which modern societies are structured, at such a speed that we hardly have enough time to understand what we are experiencing and to analyse the consequences - negative and positive - that this paradigm shift entails.\r\n\r\nEvery year, the Pan\u00f2ptic Festival organises an annual call for short films to form part of its programme. The festival is looking for audiovisual works that address, from an open and critical perspective, the effects of technology on contemporary societies, in any format and language, from fiction, documentary, animation and experimental. In recent years, many quality short films have passed through the festival, which together help us to see the tensions and potential of digital culture.\r\n\r\nIn this session we will watch a selection of these short films that best portray the contemporary paradigm. We will do so in the heat, with refreshments, and in the company of the team that organises the Pan\u00f2ptic Festival.\r\n\r\nThe short films to be screened in this Video Tuesday session are the following:\r\n<i>Blood Like Water<\/i>\u00a0(Dima Hamdan, Palestine, 2023, 14 min)\r\n<i>N\u00e0dia\u00a0<\/i>(Sofia Farr\u00e9 Flotats, Catalonia, 2022, 19 min)\r\n<i>All we had to do was follow the damn train CJ<\/i>\u00a0(Flesh.Webm, Spain, 2023, 4 min)\r\n<i>In the Future... Predictions for an Extreme Present\u00a0<\/i>(Mar\u00eda Ca\u00f1as, Spain, 2022, 13 min)\r\n<i>March 8, 2020: A Memoir<\/i>\u00a0(F\u0131rat Y\u00fccel, Turkey, 2023, 15 min)\r\n<i>Joselito<\/i> (Jos\u00e9 Carlos Jim\u00e9nez Revuelta and Marta Jim\u00e9nez Revuelta, Andaluc\u00eda, 2021, 9 min)","event_category":219,"event_show_only_own_date":false,"_event_confirmed":true,"_event_public":true,"_event_free":true,"_event_price-min":"","_event_price-max":"","_event_web_ca":"https:\/\/www.santamonica.cat\/ca\/exposicions-i-activitats\/dimarts-de-video\/2025\/Pan%C3%B2ptic%20Greatest%20Hits","_event_web_es":"https:\/\/www.santamonica.cat\/es\/exposicions-i-activitats\/dimarts-de-video\/2025\/Pan%C3%B2ptic%20Greatest%20Hits","_event_web_en":"https:\/\/www.santamonica.cat\/en\/exposicions-i-activitats\/dimarts-de-video\/2025\/Pan%C3%B2ptic%20Greatest%20Hits","event_contact_email":"santamonica@gencat.cat","event_apply_email":"","is_online_event":false,"is_art_nou_event":false,"is_bgw_event":false,"date_text":"","register_deadline":null,"altres_organitzadors":""},"abe_event_venue":"Santa M\u00f2nica","abe_event_category":"Screening","start":"2025-07-01 19:00:00","end":"2025-07-01 20:15:00","schedule":"once","schedule_meta":"","frequency":1,"all_day":0,"until":"2025-07-01 19:00:00","include":[],"exclude":[],"_links":{"self":[{"href":"https:\/\/graf.cat\/en\/wp-json\/wp\/v2\/events\/48580","targetHints":{"allow":["GET"]}}],"collection":[{"href":"https:\/\/graf.cat\/en\/wp-json\/wp\/v2\/events"}],"about":[{"href":"https:\/\/graf.cat\/en\/wp-json\/wp\/v2\/types\/event"}],"author":[{"embeddable":true,"href":"https:\/\/graf.cat\/en\/wp-json\/wp\/v2\/users\/19"}],"occurrences":[{"embeddable":true,"href":"https:\/\/graf.cat\/en\/wp-json\/wp\/v2\/events\/48580\/occurrences"}],"acf:term":[{"embeddable":true,"taxonomy":"event-category","href":"https:\/\/graf.cat\/en\/wp-json\/wp\/v2\/event-category\/219"}],"wp:featuredmedia":[{"embeddable":true,"href":"https:\/\/graf.cat\/en\/wp-json\/wp\/v2\/media\/48581"}],"wp:attachment":[{"href":"https:\/\/graf.cat\/en\/wp-json\/wp\/v2\/media?parent=48580"}],"wp:term":[{"taxonomy":"event-venue","embeddable":true,"href":"https:\/\/graf.cat\/en\/wp-json\/wp\/v2\/event-venues?post=48580"},{"taxonomy":"event-tag","embeddable":true,"href":"https:\/\/graf.cat\/en\/wp-json\/wp\/v2\/event-tags?post=48580"}],"curies":[{"name":"wp","href":"https:\/\/api.w.org\/{rel}","templated":true}]}}

Dimarts de vídeo / Panòptic Greatest Hits

Martes de video / Panòptic Greatest Hits

Tuesday of video / Panòptic Greatest Hits

La revolució digital està transformant radicalment els fonaments sobre els quals s’estructuren les societats modernes, a una velocitat tal, que gairebé no ens permet dedicar el temps necessari a entendre el que vivim i analitzar les conseqüències —negatives i positives— que aquest canvi de paradigma implica.

Cada any el Festival Panòptic organitza una convocatòria internacional de curtmetratges per configurar part de la seva programació. Es busquen treballs audiovisuals que abordin, des d’una perspectiva oberta i crítica, els efectes de la tecnologia en les societats contemporànies, en qualsevol format i llenguatge, des de la ficció, el documental, l’animació i l’experimental. En els darrers anys han passat pel festival molts curtmetratges de qualitat, que agrupats ens ajuden a veure les tensions i potencialitats en torn la cultura digital.

En aquesta sessió visionarem una selecció d’aquests curtmetratges que millor retraten el paradigma contemporani. Ho farem a resguard de la calor, amb refrigeris, i en companyia de l’equip que organitza el Festival Panòptic.

Els curtmetratges que es projectaran en aquesta sessió de Dimarts de Vídeo són els següents:

<i>Blood Like Water</i> (Dima Hamdan, Palestina, 2023, 14 min)
<i>Nàdia </i>(Sofia Farré Flotats, Cataluña, 2022, 19 min.)
<i>All we had to do was follow the damn train CJ </i>(Flesh.Webm, España, 2023, 4 min)
<i>En el futuro… Predicciones para un presente extremo </i>(María Cañas, España, 2022, 13 min)
<i>March 8, 2020: A Memoir </i>(Fırat Yücel, Turquía, 2023, 15 min)
<i>Joselito </i>(José Carlos Jiménez Revuelta i Marta Jiménez Revuelta, Andalucía, 2021, 9 min.)

La revolución digital está transformando radicalmente los fundamentos sobre los cuales se estructuran las sociedades modernas, a una velocidad tal, que casi no nos permite dedicar el tiempo necesario a entender lo que vivimos y analizar las consecuencias —negativas y positivas— que este cambio de paradigma implica.

Cada año el Festival Panòptic organiza una convocatoria anual de cortometrajes para configurar parte de su programación. Se buscan trabajos audiovisuales que aborden, desde una perspectiva abierta y crítica, los efectos de la tecnología en las sociedades contemporáneas, en cualquier formato y lenguaje, desde la ficción, el documental, la animación y lo experimental. En los últimos años han pasado por el festival muchos cortometrajes de calidad, que agrupados nos ayudan a ver las tensiones y potencialidades sobre la cultura digital.

En esta sesión visionaremos una selección de estos cortometrajes que mejor retratan el paradigma contemporáneo. Lo haremos a resguardo del calor, con refrigerios , y en compañía del equipo que organiza el Festival Panòptic.

Los cortometrajes que se proyectarán en esta sesión de Martes de Vídeo son los siguientes:
<i>Blood Like Water</i> (Dima Hamdan, Palestina, 2023, 14 min)
<i>Nàdia </i>(Sofia Farré Flotats, Cataluña, 2022, 19 min)
<i>All we had to do was follow the damn train CJ </i>(Flesh.Webm, España, 2023, 4 min)
<i>En el futuro… Predicciones para un presente extremo</i> (María Cañas, España, 2022, 13 min)
<i>March 8, 2020: A Memoir </i>(Fırat Yücel, Turquía, 2023, 15 min)
<i>Joselito </i>(José Carlos Jiménez Revuelta y Marta Jiménez Revuelta, Andalucía, 2021, 9 min)

The digital revolution is radically transforming the foundations on which modern societies are structured, at such a speed that we hardly have enough time to understand what we are experiencing and to analyse the consequences - negative and positive - that this paradigm shift entails.

Every year, the Panòptic Festival organises an annual call for short films to form part of its programme. The festival is looking for audiovisual works that address, from an open and critical perspective, the effects of technology on contemporary societies, in any format and language, from fiction, documentary, animation and experimental. In recent years, many quality short films have passed through the festival, which together help us to see the tensions and potential of digital culture.

In this session we will watch a selection of these short films that best portray the contemporary paradigm. We will do so in the heat, with refreshments, and in the company of the team that organises the Panòptic Festival.

The short films to be screened in this Video Tuesday session are the following:
<i>Blood Like Water</i> (Dima Hamdan, Palestine, 2023, 14 min)
<i>Nàdia </i>(Sofia Farré Flotats, Catalonia, 2022, 19 min)
<i>All we had to do was follow the damn train CJ</i> (Flesh.Webm, Spain, 2023, 4 min)
<i>In the Future... Predictions for an Extreme Present </i>(María Cañas, Spain, 2022, 13 min)
<i>March 8, 2020: A Memoir</i> (Fırat Yücel, Turkey, 2023, 15 min)
<i>Joselito</i> (José Carlos Jiménez Revuelta and Marta Jiménez Revuelta, Andalucía, 2021, 9 min)

Santa Mònica
