{"id":49169,"guid":{"rendered":"https:\/\/graf.cat\/?post_type=event&#038;p=49169"},"modified":"2025-06-16T17:10:47","modified_gmt":"2025-06-16T15:10:47","slug":"visita-a-lexposicio-la-romeria-de-los-cornudos-amb-maria-alcaide","status":"publish","type":"event","link":"https:\/\/graf.cat\/en\/events\/event\/visita-a-lexposicio-la-romeria-de-los-cornudos-amb-maria-alcaide\/","title":{"rendered":"Visita a l&#8217;exposici\u00f3 &#8216;La romer\u00eda de los cornudos&#8217; amb Mar\u00eda Alcaide"},"content":{"rendered":"","protected":false},"excerpt":{"rendered":"","protected":false},"author":10,"featured_media":49175,"template":"","meta":{"_acf_changed":false,"_monsterinsights_skip_tracking":false,"_monsterinsights_sitenote_active":false,"_monsterinsights_sitenote_note":"","_monsterinsights_sitenote_category":0},"event-venues":[146],"event-tags":[],"class_list":["post-49169","event","type-event","status-publish","has-post-thumbnail","hentry","event-venue-la-capella","event-category-visita-guiada"],"acf":{"title_ca":"Visita a l'exposici\u00f3 'La romer\u00eda de los cornudos' amb Mar\u00eda Alcaide","title_es":"Visita a la exposici\u00f3n 'La romer\u00eda de los cornudos' con Mar\u00eda Alcaide","title_en":"Visita a l'exposici\u00f3 'La romer\u00eda de los cornudos' amb Mar\u00eda Alcaide","desc_ca":"El dissabte 5 de juliol, a les 12:30h, Mar\u00eda Alcaide ofereix una visita especial a\u00a0<em><a href=\"https:\/\/graf.cat\/events\/event\/la-romeria-de-los-cornudos\/\" target=\"_blank\" rel=\"noopener\">La romer\u00eda de los cornudos<\/a>,\u00a0<\/em>una trobada informal on compartir els seus continguts, tot celebrant i acomiadant l'exposici\u00f3 en el seus darrers dies abans que finalitzi.","desc_es":"El s\u00e1bado 5 de julio, a las 12:30h, Mar\u00eda Alcaide ofrece una visita especial a <a href=\"https:\/\/graf.cat\/events\/event\/la-romeria-de-los-cornudos\/\" target=\"_blank\" rel=\"noopener\"><em>La romer\u00eda de los cornudos<\/em><\/a>, un encuentro informal donde compartir sus contenidos, celebrando y despidiendo la exposici\u00f3n en sus \u00faltimos d\u00edas.","desc_en":"This content is not available in English.\r\nYou can consult it in Catalan or Spanish.","event_category":245,"event_show_only_own_date":true,"_event_confirmed":true,"_event_public":true,"_event_free":true,"_event_price-min":"","_event_price-max":"","_event_web_ca":"https:\/\/www.lacapella.barcelona\/ca\/visita-lexposicio-la-romeria-de-los-cornudos-amb-maria-alcaide","_event_web_es":"","_event_web_en":"","event_contact_email":"","event_apply_email":"","is_online_event":false,"is_art_nou_event":false,"is_bgw_event":false,"date_text":"","register_deadline":null,"altres_organitzadors":""},"abe_event_venue":"La Capella","abe_event_category":"Visita guiada","start":"2025-07-05 12:30:00","end":"2025-07-05 13:30:00","schedule":"once","schedule_meta":"","frequency":1,"all_day":0,"until":"2025-07-05 12:30:00","include":[],"exclude":[],"_links":{"self":[{"href":"https:\/\/graf.cat\/en\/wp-json\/wp\/v2\/events\/49169","targetHints":{"allow":["GET"]}}],"collection":[{"href":"https:\/\/graf.cat\/en\/wp-json\/wp\/v2\/events"}],"about":[{"href":"https:\/\/graf.cat\/en\/wp-json\/wp\/v2\/types\/event"}],"author":[{"embeddable":true,"href":"https:\/\/graf.cat\/en\/wp-json\/wp\/v2\/users\/10"}],"occurrences":[{"embeddable":true,"href":"https:\/\/graf.cat\/en\/wp-json\/wp\/v2\/events\/49169\/occurrences"}],"acf:term":[{"embeddable":true,"taxonomy":"event-category","href":"https:\/\/graf.cat\/en\/wp-json\/wp\/v2\/event-category\/245"}],"wp:featuredmedia":[{"embeddable":true,"href":"https:\/\/graf.cat\/en\/wp-json\/wp\/v2\/media\/49175"}],"wp:attachment":[{"href":"https:\/\/graf.cat\/en\/wp-json\/wp\/v2\/media?parent=49169"}],"wp:term":[{"taxonomy":"event-venue","embeddable":true,"href":"https:\/\/graf.cat\/en\/wp-json\/wp\/v2\/event-venues?post=49169"},{"taxonomy":"event-tag","embeddable":true,"href":"https:\/\/graf.cat\/en\/wp-json\/wp\/v2\/event-tags?post=49169"}],"curies":[{"name":"wp","href":"https:\/\/api.w.org\/{rel}","templated":true}]}}

Visita a l&#8217;exposició &#8216;La romería de los cornudos&#8217; amb María Alcaide

Visita a l'exposició 'La romería de los cornudos' amb María Alcaide

Visita a la exposición 'La romería de los cornudos' con María Alcaide

El dissabte 5 de juliol, a les 12:30h, María Alcaide ofereix una visita especial a <em><a href="https://graf.cat/events/event/la-romeria-de-los-cornudos/" target="_blank" rel="noopener">La romería de los cornudos</a>, </em>una trobada informal on compartir els seus continguts, tot celebrant i acomiadant l'exposició en el seus darrers dies abans que finalitzi.

El sábado 5 de julio, a las 12:30h, María Alcaide ofrece una visita especial a <a href="https://graf.cat/events/event/la-romeria-de-los-cornudos/" target="_blank" rel="noopener"><em>La romería de los cornudos</em></a>, un encuentro informal donde compartir sus contenidos, celebrando y despidiendo la exposición en sus últimos días.
