{"id":49530,"guid":{"rendered":"https:\/\/graf.cat\/?post_type=event&#038;p=49530"},"modified":"2025-06-25T11:45:32","modified_gmt":"2025-06-25T09:45:32","slug":"taula-rodona-mapatge-daltres-circuits-artistics-per-a-artistes-emergents","status":"publish","type":"event","link":"https:\/\/graf.cat\/en\/events\/event\/taula-rodona-mapatge-daltres-circuits-artistics-per-a-artistes-emergents\/","title":{"rendered":"Taula rodona: Mapatge d&#8217;altres circuits art\u00edstics per a artistes emergents"},"content":{"rendered":"","protected":false},"excerpt":{"rendered":"","protected":false},"author":188,"featured_media":49531,"template":"","meta":{"_acf_changed":false,"_monsterinsights_skip_tracking":false,"_monsterinsights_sitenote_active":false,"_monsterinsights_sitenote_note":"","_monsterinsights_sitenote_category":0},"event-venues":[576],"event-tags":[],"class_list":["post-49530","event","type-event","status-publish","has-post-thumbnail","hentry","event-venue-cc-guinardo","event-category-altres"],"acf":{"title_ca":"Taula rodona: Mapatge d'altres circuits art\u00edstics per a artistes emergents","title_es":"Taula rodona: Mapatge d'altres circuits art\u00edstics per a artistes emergents","title_en":"Taula rodona: Mapatge d'altres circuits art\u00edstics per a artistes emergents","desc_ca":"Activitat enfocada a donar eines a artistes emergents, amb l\u2019objectiu de poder explorar altres circuits art\u00edstics. A trav\u00e9s de les diferents interlocucions de professionals, coneixerem espais de creaci\u00f3, convocat\u00f2ries i espais de resid\u00e8ncia allunyant-nos de recorreguts art\u00edstics convencionals. Posarem en com\u00fa diferents propostes interessants, accessibles i alternatives les quals puguin interpel\u00b7lar i donar suport a projectes emergents.\r\n\r\nA c\u00e0rrec de<b> Judith M\u00e9ndez, <\/b>historiadora de l\u2019art i coordinadora d\u2019exposicions a l\u2019Institut de Cultura de Barcelona, a trav\u00e9s de <i>Grisart<\/i> Lab. Amb la participaci\u00f3 de <b>Maragda Farr\u00e0s <\/b>d\u2019<b>Entorns; <\/b>l'artista<b> Joan<\/b><b> Morey <\/b>i <b>Sandra Costa <\/b>de <b>GRAF.<\/b>","desc_es":"","desc_en":"","event_category":191,"event_show_only_own_date":true,"_event_confirmed":true,"_event_public":true,"_event_free":true,"_event_price-min":"","_event_price-max":"","_event_web_ca":"https:\/\/stripart.cat\/festival\/portfolio-item\/artistes-emergents-arts-visuals-2\/","_event_web_es":"","_event_web_en":"","event_contact_email":"","event_apply_email":"https:\/\/guinardo.inscripcionscc.com\/MiramModular\/buscador\/buscador.jsp?g=1&c=37&a=3495","is_online_event":false,"is_art_nou_event":false,"is_bgw_event":false,"date_text":"","register_deadline":null,"altres_organitzadors":""},"abe_event_venue":"CC Guinard\u00f3","abe_event_category":"Altres","start":"2025-07-09 19:00:00","end":"2025-07-09 20:30:00","schedule":"once","schedule_meta":"","frequency":1,"all_day":0,"until":"2025-07-09 19:00:00","include":[],"exclude":[],"_links":{"self":[{"href":"https:\/\/graf.cat\/en\/wp-json\/wp\/v2\/events\/49530","targetHints":{"allow":["GET"]}}],"collection":[{"href":"https:\/\/graf.cat\/en\/wp-json\/wp\/v2\/events"}],"about":[{"href":"https:\/\/graf.cat\/en\/wp-json\/wp\/v2\/types\/event"}],"author":[{"embeddable":true,"href":"https:\/\/graf.cat\/en\/wp-json\/wp\/v2\/users\/188"}],"occurrences":[{"embeddable":true,"href":"https:\/\/graf.cat\/en\/wp-json\/wp\/v2\/events\/49530\/occurrences"}],"acf:term":[{"embeddable":true,"taxonomy":"event-category","href":"https:\/\/graf.cat\/en\/wp-json\/wp\/v2\/event-category\/191"}],"wp:featuredmedia":[{"embeddable":true,"href":"https:\/\/graf.cat\/en\/wp-json\/wp\/v2\/media\/49531"}],"wp:attachment":[{"href":"https:\/\/graf.cat\/en\/wp-json\/wp\/v2\/media?parent=49530"}],"wp:term":[{"taxonomy":"event-venue","embeddable":true,"href":"https:\/\/graf.cat\/en\/wp-json\/wp\/v2\/event-venues?post=49530"},{"taxonomy":"event-tag","embeddable":true,"href":"https:\/\/graf.cat\/en\/wp-json\/wp\/v2\/event-tags?post=49530"}],"curies":[{"name":"wp","href":"https:\/\/api.w.org\/{rel}","templated":true}]}}

Taula rodona: Mapatge d&#8217;altres circuits artístics per a artistes emergents

Taula rodona: Mapatge d'altres circuits artístics per a artistes emergents

Activitat enfocada a donar eines a artistes emergents, amb l’objectiu de poder explorar altres circuits artístics. A través de les diferents interlocucions de professionals, coneixerem espais de creació, convocatòries i espais de residència allunyant-nos de recorreguts artístics convencionals. Posarem en comú diferents propostes interessants, accessibles i alternatives les quals puguin interpel·lar i donar suport a projectes emergents.

A càrrec de<b> Judith Méndez, </b>historiadora de l’art i coordinadora d’exposicions a l’Institut de Cultura de Barcelona, a través de <i>Grisart</i> Lab. Amb la participació de <b>Maragda Farràs </b>d’<b>Entorns; </b>l'artista<b> Joan</b><b> Morey </b>i <b>Sandra Costa </b>de <b>GRAF.</b>

CC Guinardó
