{"id":50080,"guid":{"rendered":"https:\/\/graf.cat\/?post_type=event&#038;p=50080"},"modified":"2025-09-22T14:18:12","modified_gmt":"2025-09-22T12:18:12","slug":"estela-santos-break-time-salmon-festival-darts-vives-2-5-octubre-2025","status":"publish","type":"event","link":"https:\/\/graf.cat\/en\/events\/event\/estela-santos-break-time-salmon-festival-darts-vives-2-5-octubre-2025\/","title":{"rendered":"ESTELA SANTOS &#8211; BREAK TIME"},"content":{"rendered":"","protected":false},"excerpt":{"rendered":"","protected":false},"author":86,"featured_media":50081,"template":"","meta":{"_acf_changed":false,"_monsterinsights_skip_tracking":false,"_monsterinsights_sitenote_active":false,"_monsterinsights_sitenote_note":"","_monsterinsights_sitenote_category":0},"event-venues":[36],"event-tags":[],"class_list":["post-50080","event","type-event","status-publish","has-post-thumbnail","hentry","event-venue-antic-teatre","event-category-arts-in-viu"],"acf":{"title_ca":"ESTELA SANTOS - BREAK TIME","title_es":"ESTELA SANTOS - BREAK TIME","title_en":"ESTELA SANTOS - BREAK TIME","desc_ca":"<em>Break time <\/em>\u00e9s una audio-guia creada per ser escoltada a l\u2019espai p\u00fablic urb\u00e0. La pe\u00e7a proposa un passeig guiat en el qual es tracta de modificar la percepci\u00f3 del temps de cada espectador. La proposta es recolza en l\u2019\u00e0udio, la ciutat i la pres\u00e8ncia del p\u00fablic per obrir una experi\u00e8ncia individual i alhora col\u00b7lectiva sobre la nostra relaci\u00f3 amb el temps. Prenent com a suport estudis de f\u00edsica i utilitzant eines de percepci\u00f3 sensorial i d\u2019imaginaci\u00f3, <em>Break time<\/em> permet mirar el temps des d\u2019un punt de vista subjectiu i una concepci\u00f3 po\u00e8tica i col\u00b7lectiva de l\u2019espai urb\u00e0.\r\n\r\n<hr \/>\r\n\r\n<strong>Estela Santos<\/strong> explora maneres de desdibuixar els l\u00edmits entre qui mira i qui fa. La seua recerca camina cap a la simbiosi entre obra i espectadora, com a relaci\u00f3 bidireccional i \u00edntima, explorant dispositius subtils que combinen escolta i moviment. En els \u00faltims anys s\u2019ha enfocat en propostes que dialoguen amb l\u2019espai p\u00fablic urb\u00e0, concebent-lo com a interlocutor i lloc d\u2019afecci\u00f3 compartida. Aquestes preguntes han sigut cultivades prop d\u2019artistes com Juan Dom\u00ednguez, Alice Chauchat, Arantxa Mart\u00ednez, Sabine Zahn, Roger Bernat o Jes\u00fas Nieto; i tamb\u00e9 a trav\u00e9s del M\u00e0ster en Pensament i creaci\u00f3 esc\u00e8nica contempor\u00e0nia de la ESADCYL i el grup d\u2019estudi del Festival S\u00e2lmon 2023.\r\n<div class=\"entry-languages\"><span class=\"strong\">Idiomes: <\/span>castell\u00e0<\/div>\r\n<div class=\"entry-duration\"><span class=\"strong\">Durada: <\/span>50 minuts<\/div>\r\n<div class=\"recommended-age entry-duration\"><span class=\"strong\">Edat recomanada: <\/span>+16 anys<\/div>\r\n<div><\/div>\r\n<div>\r\n\r\n<strong>Creaci\u00f3: Estela Santos<\/strong>\r\n<strong>Acompanyament art\u00edstic: Paula Lloret, Jaume Agu\u0308es i Guillermo Carrasco<\/strong>\r\n<strong>Material audiovisual: Jaume Agu\u0308es<\/strong>\r\n\r\n<strong>Amb el suport de: Auditorio de Beniaj\u00e1n, Centre C\u00edvic Can Felipa, Fabra i Coats: F\u00e0brica de creaci\u00f3 de Barcelona, Teatre Nu i Teatro Pradillo.<\/strong>\r\n\r\n<\/div>\r\n<div><strong>ATENCI\u00d3:<\/strong> Aquesta \u00e9s una pe\u00e7a itinerant que surt des de la terrassa de l'Antic, per aix\u00f2 cal que porteu auriculars propis i tel\u00e8fon m\u00f2bil carregat per realitzar l'experi\u00e8ncia.<\/div>\r\n&nbsp;","desc_es":"<em>Break time<\/em> es una audio-gu\u00eda creada para ser escuchada en el espacio p\u00fablico urbano. La pieza propone un paseo guiado en el que se trata de modificar la percepci\u00f3n del tiempo de cada espectador, apoy\u00e1ndose en el audio, la ciudad y la presencia del p\u00fablico para abrir una experiencia individual y a la vez colectiva sobre nuestra relaci\u00f3n con la temporalidad. Tomando como apoyo estudios de f\u00edsica y utilizando herramientas de percepci\u00f3n sensorial y de imaginaci\u00f3n, la pieza permite mirar el tiempo desde un punto de vista subjetivo y una concepci\u00f3n po\u00e9tica y colectiva del espacio urbano.\r\n\r\n<hr \/>\r\n\r\n<strong>Estela Santos <\/strong>explora formas de desdibujar los l\u00edmites entre quien mira y quien hace. Su b\u00fasqueda camina hacia la simbiosis entre obra y espectadora, como relaci\u00f3n bidireccional e \u00edntima, explorando dispositivos sutiles que combinan escucha y movimiento. En los \u00faltimos a\u00f1os se ha enfocado en propuestas que dialogan con el espacio p\u00fablico urbano, concibi\u00e9ndolo como interlocutor y lugar de afecci\u00f3n compartida. Estas preguntas han sido cultivadas cerca de artistas como Juan Dom\u00ednguez, Alice Chauchat, Arantxa Mart\u00ednez, Sabine Zahn, Roger Bernat o Jes\u00fas Nieto; y tambi\u00e9n a trav\u00e9s del M\u00e1ster en Pensamiento y creaci\u00f3n esc\u00e9nica contempor\u00e1nea de la ESADCYL y el grupo de estudio del Festival S\u00e2lmon 2023.\r\n<div class=\"entry-languages\"><span class=\"strong\">Idiomas: <\/span>castellano<\/div>\r\n<div class=\"entry-duration\"><span class=\"strong\">Duraci\u00f3n: <\/span>50 minutos<\/div>\r\n<div class=\"recommended-age entry-duration\"><span class=\"strong\">Edad recomendada: <\/span>+16 a\u00f1os<\/div>\r\n<div><\/div>\r\n<div>\r\n\r\n<strong>Creaci\u00f3n: Estela Santos<\/strong>\r\n<strong>Acompa\u00f1amiento art\u00edstico: Paula Lloret, Jaume Agu\u0308es y Guillermo Carrasco<\/strong>\r\n<strong>Material audiovisual: Jaume Agu\u0308es<\/strong>\r\n\r\n<strong>Con el apoyo de: Auditorio de Beniaj\u00e1n, Centro C\u00edvico Can Felipa, Fabra i Coats: F\u00e0brica de creaci\u00f3 de Barcelona, Teatre Nu y Teatro Pradillo.<\/strong>\r\n<div class=\"entry-schedule\"><strong>ATENCI\u00d3N:<\/strong> Esta es una pieza itinerante que sale desde la terraza del Antic, por ello es necesario traer auriculares propios y tel\u00e9fono m\u00f3vil cargado para realizar la experiencia.<\/div>\r\n<\/div>","desc_en":"<em>Break time<\/em> is an audio guide created to be listened to in urban public spaces. The piece presents a guided walk that attempts to modify each spectator\u2019s perception of time, using audio, the city and the presence of the public to open up an individual and at the same time collective experience about our relationship with time. Based on physics studies and using tools of sensorial perception and imagination, <em>Break time<\/em> allows us to look at time from a subjective perspective and a poetic and collective conception of urban space.\r\n\r\n<hr \/>\r\n\r\n<strong>Estela Santos<\/strong> explores ways of blurring the boundaries between the viewer and the maker. Her research looks at the symbiosis between artwork and spectator, as a bidirectional and intimate relationship, exploring subtle devices that combine listening and movement. Lately she has focused on projects that interact with urban public spaces, perceiving the latter as both interlocutor and a place of shared affection. These questions have been tended in the vicinity of artists such as Juan Dom\u00ednguez, Alice Chauchat, Arantxa Mart\u00ednez, Sabine Zahn, Roger Bernat and Jes\u00fas Nieto; and also through the Master on \u2018Pensamiento y creaci\u00f3n esc\u00e9nica contempor\u00e1nea\u2019 from the ESADCYL and the study group from the S\u00e2lmon 2023 Festival.\r\n<div class=\"entry-languages\"><span class=\"strong\">Languages: <\/span>Spanish<\/div>\r\n<div class=\"entry-duration\"><span class=\"strong\">Duration: <\/span>50 minutes<\/div>\r\n<div class=\"recommended-age entry-duration\"><span class=\"strong\">Recommended age: <\/span>+16 years old<\/div>\r\n<div><\/div>\r\n<div>\r\n\r\n<strong>Created by: Estela Santos<\/strong>\r\n<strong>Artistic support: Paula Lloret, Jaume Agu\u0308es and Guillermo Carrasco<\/strong>\r\n<strong>Visual material: Jaume Agu\u0308es<\/strong>\r\n\r\n<strong>With the support of: Auditorio de Beniaj\u00e1n, Centre C\u00edvic Can Felipa, Fabra i Coats: F\u00e0brica de creaci\u00f3 de Barcelona, Teatre Nu and Teatro Pradillo.<\/strong>\r\n\r\n<strong>WARNING:<\/strong> This is a itinerant piece that leaves from the terrace of the Antic, therefore it is necessary to bring your own headphones and a charged mobile phone for the experience.\r\n\r\n<\/div>","event_category":440,"event_show_only_own_date":false,"_event_confirmed":true,"_event_public":true,"_event_free":false,"_event_price-min":3,"_event_price-max":3,"_event_web_ca":"https:\/\/www.anticteatre.com\/events\/event\/break-time-estela-santos\/","_event_web_es":"https:\/\/www.anticteatre.com\/events\/event\/break-time-estela-santos\/","_event_web_en":"https:\/\/www.anticteatre.com\/events\/event\/break-time-estela-santos\/","event_contact_email":"comunicacio@anticteatre.com","event_apply_email":"","is_online_event":false,"is_art_nou_event":false,"is_bgw_event":false,"date_text":"","register_deadline":null,"altres_organitzadors":[88]},"abe_event_venue":"Antic Teatre","abe_event_category":"Arts en Viu","start":"2025-10-02 18:00:00","end":"2025-10-05 18:00:00","schedule":"once","schedule_meta":"","frequency":1,"all_day":0,"until":"2025-10-02 18:00:00","include":[],"exclude":[],"_links":{"self":[{"href":"https:\/\/graf.cat\/en\/wp-json\/wp\/v2\/events\/50080","targetHints":{"allow":["GET"]}}],"collection":[{"href":"https:\/\/graf.cat\/en\/wp-json\/wp\/v2\/events"}],"about":[{"href":"https:\/\/graf.cat\/en\/wp-json\/wp\/v2\/types\/event"}],"author":[{"embeddable":true,"href":"https:\/\/graf.cat\/en\/wp-json\/wp\/v2\/users\/86"}],"occurrences":[{"embeddable":true,"href":"https:\/\/graf.cat\/en\/wp-json\/wp\/v2\/events\/50080\/occurrences"}],"acf:user":[{"embeddable":true,"href":"https:\/\/graf.cat\/en\/wp-json\/wp\/v2\/users\/88"}],"acf:term":[{"embeddable":true,"taxonomy":"event-category","href":"https:\/\/graf.cat\/en\/wp-json\/wp\/v2\/event-category\/440"}],"wp:featuredmedia":[{"embeddable":true,"href":"https:\/\/graf.cat\/en\/wp-json\/wp\/v2\/media\/50081"}],"wp:attachment":[{"href":"https:\/\/graf.cat\/en\/wp-json\/wp\/v2\/media?parent=50080"}],"wp:term":[{"taxonomy":"event-venue","embeddable":true,"href":"https:\/\/graf.cat\/en\/wp-json\/wp\/v2\/event-venues?post=50080"},{"taxonomy":"event-tag","embeddable":true,"href":"https:\/\/graf.cat\/en\/wp-json\/wp\/v2\/event-tags?post=50080"}],"curies":[{"name":"wp","href":"https:\/\/api.w.org\/{rel}","templated":true}]}}

<em>Break time </em>és una audio-guia creada per ser escoltada a l’espai públic urbà. La peça proposa un passeig guiat en el qual es tracta de modificar la percepció del temps de cada espectador. La proposta es recolza en l’àudio, la ciutat i la presència del públic per obrir una experiència individual i alhora col·lectiva sobre la nostra relació amb el temps. Prenent com a suport estudis de física i utilitzant eines de percepció sensorial i d’imaginació, <em>Break time</em> permet mirar el temps des d’un punt de vista subjectiu i una concepció poètica i col·lectiva de l’espai urbà.

<hr />

<strong>Estela Santos</strong> explora maneres de desdibuixar els límits entre qui mira i qui fa. La seua recerca camina cap a la simbiosi entre obra i espectadora, com a relació bidireccional i íntima, explorant dispositius subtils que combinen escolta i moviment. En els últims anys s’ha enfocat en propostes que dialoguen amb l’espai públic urbà, concebent-lo com a interlocutor i lloc d’afecció compartida. Aquestes preguntes han sigut cultivades prop d’artistes com Juan Domínguez, Alice Chauchat, Arantxa Martínez, Sabine Zahn, Roger Bernat o Jesús Nieto; i també a través del Màster en Pensament i creació escènica contemporània de la ESADCYL i el grup d’estudi del Festival Sâlmon 2023.
<div class="entry-languages"><span class="strong">Idiomes: </span>castellà</div>
<div class="entry-duration"><span class="strong">Durada: </span>50 minuts</div>
<div class="recommended-age entry-duration"><span class="strong">Edat recomanada: </span>+16 anys</div>
<div></div>
<div>

<strong>Creació: Estela Santos</strong>
<strong>Acompanyament artístic: Paula Lloret, Jaume Agües i Guillermo Carrasco</strong>
<strong>Material audiovisual: Jaume Agües</strong>

<strong>Amb el suport de: Auditorio de Beniaján, Centre Cívic Can Felipa, Fabra i Coats: Fàbrica de creació de Barcelona, Teatre Nu i Teatro Pradillo.</strong>

</div>
<div><strong>ATENCIÓ:</strong> Aquesta és una peça itinerant que surt des de la terrassa de l'Antic, per això cal que porteu auriculars propis i telèfon mòbil carregat per realitzar l'experiència.</div>
&nbsp;

<em>Break time</em> es una audio-guía creada para ser escuchada en el espacio público urbano. La pieza propone un paseo guiado en el que se trata de modificar la percepción del tiempo de cada espectador, apoyándose en el audio, la ciudad y la presencia del público para abrir una experiencia individual y a la vez colectiva sobre nuestra relación con la temporalidad. Tomando como apoyo estudios de física y utilizando herramientas de percepción sensorial y de imaginación, la pieza permite mirar el tiempo desde un punto de vista subjetivo y una concepción poética y colectiva del espacio urbano.

<hr />

<strong>Estela Santos </strong>explora formas de desdibujar los límites entre quien mira y quien hace. Su búsqueda camina hacia la simbiosis entre obra y espectadora, como relación bidireccional e íntima, explorando dispositivos sutiles que combinan escucha y movimiento. En los últimos años se ha enfocado en propuestas que dialogan con el espacio público urbano, concibiéndolo como interlocutor y lugar de afección compartida. Estas preguntas han sido cultivadas cerca de artistas como Juan Domínguez, Alice Chauchat, Arantxa Martínez, Sabine Zahn, Roger Bernat o Jesús Nieto; y también a través del Máster en Pensamiento y creación escénica contemporánea de la ESADCYL y el grupo de estudio del Festival Sâlmon 2023.
<div class="entry-languages"><span class="strong">Idiomas: </span>castellano</div>
<div class="entry-duration"><span class="strong">Duración: </span>50 minutos</div>
<div class="recommended-age entry-duration"><span class="strong">Edad recomendada: </span>+16 años</div>
<div></div>
<div>

<strong>Creación: Estela Santos</strong>
<strong>Acompañamiento artístico: Paula Lloret, Jaume Agües y Guillermo Carrasco</strong>
<strong>Material audiovisual: Jaume Agües</strong>

<strong>Con el apoyo de: Auditorio de Beniaján, Centro Cívico Can Felipa, Fabra i Coats: Fàbrica de creació de Barcelona, Teatre Nu y Teatro Pradillo.</strong>
<div class="entry-schedule"><strong>ATENCIÓN:</strong> Esta es una pieza itinerante que sale desde la terraza del Antic, por ello es necesario traer auriculares propios y teléfono móvil cargado para realizar la experiencia.</div>
</div>

<em>Break time</em> is an audio guide created to be listened to in urban public spaces. The piece presents a guided walk that attempts to modify each spectator’s perception of time, using audio, the city and the presence of the public to open up an individual and at the same time collective experience about our relationship with time. Based on physics studies and using tools of sensorial perception and imagination, <em>Break time</em> allows us to look at time from a subjective perspective and a poetic and collective conception of urban space.

<hr />

<strong>Estela Santos</strong> explores ways of blurring the boundaries between the viewer and the maker. Her research looks at the symbiosis between artwork and spectator, as a bidirectional and intimate relationship, exploring subtle devices that combine listening and movement. Lately she has focused on projects that interact with urban public spaces, perceiving the latter as both interlocutor and a place of shared affection. These questions have been tended in the vicinity of artists such as Juan Domínguez, Alice Chauchat, Arantxa Martínez, Sabine Zahn, Roger Bernat and Jesús Nieto; and also through the Master on ‘Pensamiento y creación escénica contemporánea’ from the ESADCYL and the study group from the Sâlmon 2023 Festival.
<div class="entry-languages"><span class="strong">Languages: </span>Spanish</div>
<div class="entry-duration"><span class="strong">Duration: </span>50 minutes</div>
<div class="recommended-age entry-duration"><span class="strong">Recommended age: </span>+16 years old</div>
<div></div>
<div>

<strong>Created by: Estela Santos</strong>
<strong>Artistic support: Paula Lloret, Jaume Agües and Guillermo Carrasco</strong>
<strong>Visual material: Jaume Agües</strong>

<strong>With the support of: Auditorio de Beniaján, Centre Cívic Can Felipa, Fabra i Coats: Fàbrica de creació de Barcelona, Teatre Nu and Teatro Pradillo.</strong>

<strong>WARNING:</strong> This is a itinerant piece that leaves from the terrace of the Antic, therefore it is necessary to bring your own headphones and a charged mobile phone for the experience.

</div>
