{"id":50347,"guid":{"rendered":"https:\/\/graf.cat\/?post_type=event&#038;p=50347"},"modified":"2025-09-16T08:25:20","modified_gmt":"2025-09-16T06:25:20","slug":"kris-ubach-quan-no-son-santes-3-2","status":"publish","type":"event","link":"https:\/\/graf.cat\/en\/events\/event\/kris-ubach-quan-no-son-santes-3-2\/","title":{"rendered":"Rafel G. Bianchi + Regina Gim\u00e9nez | Una exposici\u00f3 sentimental"},"content":{"rendered":"<p><img loading=\"lazy\" decoding=\"async\" class=\"alignnone size-full wp-image-50344\" src=\"https:\/\/graf.cat\/wp-content\/uploads\/2025\/08\/S0_10x15.jpg\" alt=\"\" width=\"1280\" height=\"960\" srcset=\"https:\/\/graf.cat\/wp-content\/uploads\/2025\/08\/S0_10x15.jpg 1280w, https:\/\/graf.cat\/wp-content\/uploads\/2025\/08\/S0_10x15-150x113.jpg 150w, https:\/\/graf.cat\/wp-content\/uploads\/2025\/08\/S0_10x15-768x576.jpg 768w\" sizes=\"auto, (max-width: 1280px) 100vw, 1280px\" \/><\/p>\n","protected":false},"excerpt":{"rendered":"","protected":false},"author":159,"featured_media":50344,"template":"","meta":{"_acf_changed":false,"_monsterinsights_skip_tracking":false,"_monsterinsights_sitenote_active":false,"_monsterinsights_sitenote_note":"","_monsterinsights_sitenote_category":0},"event-venues":[635],"event-tags":[],"class_list":["post-50347","event","type-event","status-publish","has-post-thumbnail","hentry","event-venue-mac-preso","event-category-exposicio"],"acf":{"title_ca":" Rafel G. Bianchi + Regina Gim\u00e9nez | Una exposici\u00f3 sentimental","title_es":"Rafel G. Bianchi + Regina Gim\u00e9nez | Una exposici\u00f3n sentimental","title_en":"Rafel G. Bianchi + Regina Gim\u00e9nez | A sentimental exhibition","desc_ca":"<div class=\"detail-section-main\">\r\n\r\nAmb la participaci\u00f3 de Dar\u00edo Aguilar, Mart\u00ed Anson,\u00a0 Eduard Arb\u00f3s, Olivia Armengol Iturralde, David Armengol, Joaquim Chancho, Alain Chardon, Olga Capdevila, L\u00faa Coderch, Enric Farr\u00e9s Duran, Alex Gifreu, Guri Casajuana Arquitectes, David Guti\u00e9rrez, Andr\u00e9s Hispano, Pere Llobera, Josep Maynou, Dani Montlle\u00f3, Sergi Opisso, Antonio Ortega, Xavier Pladellorens i America Sanchez.\r\n20.09.25 | 30.11.25\r\n\r\nUna producci\u00f3 del M|A|C\r\n\r\nEl desembre de 2023\u00a0 vam convidar la Gina i en Rafel a fer la Nadala del M|A|C: una intervenci\u00f3 a la C\u00fapula del Cementiri dels Caputxins de Matar\u00f3. La seva proposta, de nom<em> Tam, pa-tam tam, planta una fava i fema el camp<\/em>, va consistir en produir un caganer de pessebre que va resultar ser el gegant emblem\u00e0tic de la ciutat, en Robafaves, del qual se\u2019n van fer 155 unitats que van ser regalades als visitants.\r\n\r\nAquest va ser el principi d\u2019aquest projecte, <em>Una exposici\u00f3 sentimental<\/em>,\u00a0 que no \u00e9s res m\u00e9s que un compendi exhaustiu dels treballs que ells dos han fet en col\u00b7laboraci\u00f3, i tamb\u00e9 dels treballs que cada un d\u2019ells ha realitzat amb la col\u00b7laboraci\u00f3 d\u2019altres artistes.\r\n\r\nNaturalment, la condici\u00f3 ha perdurat durant el proc\u00e9s i, per tant, podem restar expectants a noves exploracions.\r\n\r\nPer a m\u00e9s informaci\u00f3 <a href=\"https:\/\/www.mataroartcontemporani.cat\/posts_exposicions\/rafel-g-bianchi-regina-gimenez-una-exposicio-sentimental\/\">aqu\u00ed<\/a>\r\n\r\nNo us la podeu perdre! Agendeu els dissabtes a les 12 del migdia del 20 de setembre (inauguraci\u00f3) i el 4 i 25 d\u2019octubre (L\u2019aperitiu amb\u2026).\r\n\r\n<\/div>","desc_es":"Con la participaci\u00f3n de Dar\u00edo Aguilar, Mart\u00ed Anson,\u00a0 Eduard Arb\u00f3s, Olivia Armengol Iturralde, David Armengol, Joaquim Chancho, Alain Chardon, Olga Capdevila, L\u00faa Coderch, Enric Farr\u00e9s Duran, Alex Gifreu, Guri Casajuana Arquitectes, David Guti\u00e9rrez, Andr\u00e9s Hispano, Pere Llobera, Josep Maynou, Dani Montlle\u00f3, Sergi Opisso, Antonio Ortega, Xavier Pladellorens y America Sanchez.\r\n20.09.25 | 30.11.25\r\n\r\nUna producci\u00f3n del M|A|C\r\n\r\nEn diciembre de 2023 invitamos a Gina ya Rafel a hacer el villancico del M|A|C: una intervenci\u00f3n en la C\u00fapula del Cementerio de los Capuchinos de Matar\u00f3. Su propuesta, de nombre Tam, patam tam, planta una haba y hembra el campo, consisti\u00f3 en producir un caganer de pesebre que result\u00f3 ser el gigante emblem\u00e1tico de la ciudad, en Robafaves, del que se hicieron 155 unidades que fueron regaladas a los visitantes.\r\n\r\n\u00c9ste fue el principio de este proyecto, Una exposici\u00f3n sentimental, que no es m\u00e1s que un compendio exhaustivo de los trabajos que ellos dos han hecho en colaboraci\u00f3n, y tambi\u00e9n de los trabajos que cada uno de ellos ha realizado con la colaboraci\u00f3n de otros artistas.\r\n\r\nNaturalmente, la condici\u00f3n ha perdurado durante el proceso y, por tanto, podemos restar expectantes a nuevas exploraciones.\r\n\r\n\u00a1No se la puede perder! Agenda los s\u00e1bados a las 12 del mediod\u00eda del 20 de septiembre (inauguraci\u00f3n) y el 4 y 25 de octubre (El aperitivo con\u2026).","desc_en":"With the participation of Dar\u00edo Aguilar, Mart\u00ed Anson,\u00a0 Eduard Arb\u00f3s, Olivia Armengol Iturralde, David Armengol, Joaquim Chancho, Alain Chardon, Olga Capdevila, L\u00faa Coderch, Enric Farr\u00e9s Duran, Alex Gifreu, Guri Casajuana Arquitectes, David Guti\u00e9rrez, Andr\u00e9s Hispano, Pere Llobera, Josep Maynou, Dani Montlle\u00f3, Sergi Opisso, Antonio Ortega, Xavier Pladellorens and America Sanchez.\r\n20.09.25 | 30.11.25\r\n\r\nA M|A|C production\r\n\r\nIn December 2023 we invited Gina and Rafel to make the M|A|C Christmas: an intervention in the Dome of the Capuchin Cemetery in Matar\u00f3. Their proposal, called Tam, pa-tam tam, plant a bean and make the field, consisted of producing a nativity scene that turned out to be the city's emblematic giant, Robafaves, of which 155 units were made and given away to visitors.\r\n\r\nThis was the beginning of this project, A sentimental exhibition, which is nothing more than an exhaustive compendium of the works that the two of them have done in collaboration, and also of the works that each of them has done with the collaboration of other artists.\r\n\r\nNaturally, the condition has lasted during the process and, therefore, we can look forward to new explorations.\r\n\r\nYou can't miss it! Schedule Saturdays at 12 noon on September 20 (inauguration) and October 4 and 25 (Aperitif with\u2026).","event_category":103,"event_show_only_own_date":false,"_event_confirmed":true,"_event_public":true,"_event_free":true,"_event_price-min":"","_event_price-max":"","_event_web_ca":"https:\/\/www.mataroartcontemporani.cat\/posts_exposicions\/rafel-g-bianchi-regina-gimenez-una-exposicio-sentimental\/","_event_web_es":"","_event_web_en":"","event_contact_email":"","event_apply_email":"","is_online_event":false,"is_art_nou_event":false,"is_bgw_event":false,"date_text":"","register_deadline":null,"altres_organitzadors":""},"abe_event_venue":"M|A|C Pres\u00f3","abe_event_category":"Exposici\u00f3","start":"2025-09-20 00:00:00","end":"2025-11-30 23:59:00","schedule":"once","schedule_meta":"","frequency":1,"all_day":1,"until":"2025-09-20 00:00:00","include":[],"exclude":[],"_links":{"self":[{"href":"https:\/\/graf.cat\/en\/wp-json\/wp\/v2\/events\/50347","targetHints":{"allow":["GET"]}}],"collection":[{"href":"https:\/\/graf.cat\/en\/wp-json\/wp\/v2\/events"}],"about":[{"href":"https:\/\/graf.cat\/en\/wp-json\/wp\/v2\/types\/event"}],"author":[{"embeddable":true,"href":"https:\/\/graf.cat\/en\/wp-json\/wp\/v2\/users\/159"}],"occurrences":[{"embeddable":true,"href":"https:\/\/graf.cat\/en\/wp-json\/wp\/v2\/events\/50347\/occurrences"}],"acf:term":[{"embeddable":true,"taxonomy":"event-category","href":"https:\/\/graf.cat\/en\/wp-json\/wp\/v2\/event-category\/103"}],"wp:featuredmedia":[{"embeddable":true,"href":"https:\/\/graf.cat\/en\/wp-json\/wp\/v2\/media\/50344"}],"wp:attachment":[{"href":"https:\/\/graf.cat\/en\/wp-json\/wp\/v2\/media?parent=50347"}],"wp:term":[{"taxonomy":"event-venue","embeddable":true,"href":"https:\/\/graf.cat\/en\/wp-json\/wp\/v2\/event-venues?post=50347"},{"taxonomy":"event-tag","embeddable":true,"href":"https:\/\/graf.cat\/en\/wp-json\/wp\/v2\/event-tags?post=50347"}],"curies":[{"name":"wp","href":"https:\/\/api.w.org\/{rel}","templated":true}]}}

Rafel G. Bianchi + Regina Giménez | Una exposició sentimental

Rafel G. Bianchi + Regina Giménez | Una exposición sentimental

Rafel G. Bianchi + Regina Giménez | A sentimental exhibition

<div class="detail-section-main">

Amb la participació de Darío Aguilar, Martí Anson,  Eduard Arbós, Olivia Armengol Iturralde, David Armengol, Joaquim Chancho, Alain Chardon, Olga Capdevila, Lúa Coderch, Enric Farrés Duran, Alex Gifreu, Guri Casajuana Arquitectes, David Gutiérrez, Andrés Hispano, Pere Llobera, Josep Maynou, Dani Montlleó, Sergi Opisso, Antonio Ortega, Xavier Pladellorens i America Sanchez.
20.09.25 | 30.11.25

Una producció del M|A|C

El desembre de 2023  vam convidar la Gina i en Rafel a fer la Nadala del M|A|C: una intervenció a la Cúpula del Cementiri dels Caputxins de Mataró. La seva proposta, de nom<em> Tam, pa-tam tam, planta una fava i fema el camp</em>, va consistir en produir un caganer de pessebre que va resultar ser el gegant emblemàtic de la ciutat, en Robafaves, del qual se’n van fer 155 unitats que van ser regalades als visitants.

Aquest va ser el principi d’aquest projecte, <em>Una exposició sentimental</em>,  que no és res més que un compendi exhaustiu dels treballs que ells dos han fet en col·laboració, i també dels treballs que cada un d’ells ha realitzat amb la col·laboració d’altres artistes.

Naturalment, la condició ha perdurat durant el procés i, per tant, podem restar expectants a noves exploracions.

Per a més informació <a href="https://www.mataroartcontemporani.cat/posts_exposicions/rafel-g-bianchi-regina-gimenez-una-exposicio-sentimental/">aquí</a>

No us la podeu perdre! Agendeu els dissabtes a les 12 del migdia del 20 de setembre (inauguració) i el 4 i 25 d’octubre (L’aperitiu amb…).

</div>

Con la participación de Darío Aguilar, Martí Anson,  Eduard Arbós, Olivia Armengol Iturralde, David Armengol, Joaquim Chancho, Alain Chardon, Olga Capdevila, Lúa Coderch, Enric Farrés Duran, Alex Gifreu, Guri Casajuana Arquitectes, David Gutiérrez, Andrés Hispano, Pere Llobera, Josep Maynou, Dani Montlleó, Sergi Opisso, Antonio Ortega, Xavier Pladellorens y America Sanchez.
20.09.25 | 30.11.25

Una producción del M|A|C

En diciembre de 2023 invitamos a Gina ya Rafel a hacer el villancico del M|A|C: una intervención en la Cúpula del Cementerio de los Capuchinos de Mataró. Su propuesta, de nombre Tam, patam tam, planta una haba y hembra el campo, consistió en producir un caganer de pesebre que resultó ser el gigante emblemático de la ciudad, en Robafaves, del que se hicieron 155 unidades que fueron regaladas a los visitantes.

Éste fue el principio de este proyecto, Una exposición sentimental, que no es más que un compendio exhaustivo de los trabajos que ellos dos han hecho en colaboración, y también de los trabajos que cada uno de ellos ha realizado con la colaboración de otros artistas.

Naturalmente, la condición ha perdurado durante el proceso y, por tanto, podemos restar expectantes a nuevas exploraciones.

¡No se la puede perder! Agenda los sábados a las 12 del mediodía del 20 de septiembre (inauguración) y el 4 y 25 de octubre (El aperitivo con…).

With the participation of Darío Aguilar, Martí Anson,  Eduard Arbós, Olivia Armengol Iturralde, David Armengol, Joaquim Chancho, Alain Chardon, Olga Capdevila, Lúa Coderch, Enric Farrés Duran, Alex Gifreu, Guri Casajuana Arquitectes, David Gutiérrez, Andrés Hispano, Pere Llobera, Josep Maynou, Dani Montlleó, Sergi Opisso, Antonio Ortega, Xavier Pladellorens and America Sanchez.
20.09.25 | 30.11.25

A M|A|C production

In December 2023 we invited Gina and Rafel to make the M|A|C Christmas: an intervention in the Dome of the Capuchin Cemetery in Mataró. Their proposal, called Tam, pa-tam tam, plant a bean and make the field, consisted of producing a nativity scene that turned out to be the city's emblematic giant, Robafaves, of which 155 units were made and given away to visitors.

This was the beginning of this project, A sentimental exhibition, which is nothing more than an exhaustive compendium of the works that the two of them have done in collaboration, and also of the works that each of them has done with the collaboration of other artists.

Naturally, the condition has lasted during the process and, therefore, we can look forward to new explorations.

You can't miss it! Schedule Saturdays at 12 noon on September 20 (inauguration) and October 4 and 25 (Aperitif with…).

M|A|C Presó

Exposició
