{"id":50352,"guid":{"rendered":"https:\/\/graf.cat\/?post_type=event&#038;p=50352"},"modified":"2025-08-26T09:38:29","modified_gmt":"2025-08-26T07:38:29","slug":"taller-adrecat-a-infants-mediacio-2-2-2-2-2-2-2-3-2-2-2","status":"publish","type":"event","link":"https:\/\/graf.cat\/en\/events\/event\/taller-adrecat-a-infants-mediacio-2-2-2-2-2-2-2-3-2-2-2\/","title":{"rendered":"Taller adre\u00e7at a infants + mediaci\u00f3."},"content":{"rendered":"","protected":false},"excerpt":{"rendered":"","protected":false},"author":159,"featured_media":45137,"template":"","meta":{"_acf_changed":false,"_monsterinsights_skip_tracking":false,"_monsterinsights_sitenote_active":false,"_monsterinsights_sitenote_note":"","_monsterinsights_sitenote_category":0},"event-venues":[635],"event-tags":[],"class_list":["post-50352","event","type-event","status-publish","has-post-thumbnail","hentry","event-venue-mac-preso","event-category-familiar"],"acf":{"title_ca":"Taller adre\u00e7at a infants + mediaci\u00f3.","title_es":"Taller dirigido a ni\u00f1os + mediaci\u00f3n.","title_en":"Workshop aimed at children + mediation.","desc_ca":"El taller, a c\u00e0rrec de l\u2019artista\u00a0<strong>Carla Aledo<\/strong>, est\u00e0 adre\u00e7at a nens i joves d\u2019entre 5 i 13 anys. Gira al voltant de l\u2019exposici\u00f3 actual, <em>Una exposici\u00f3 sentimental<\/em> de Rafel G. Bianchi + Regina Gim\u00e9nez <em>.<\/em>\r\n\r\nA continuaci\u00f3, de 12 a 14 h, hi ha servei de mediaci\u00f3 tamb\u00e9 a c\u00e0rrec de l\u2019artista\u00a0Carla Aledo, que us pot explicar de manera individualitzada l\u2019exposici\u00f3 en curs.\r\n\r\nL\u2019exposici\u00f3 es pot visitar fins al 30 de novembre.\r\n\r\nM\u00e9s informaci\u00f3 al\u00a0<a class=\"button secondary\" href=\"https:\/\/www.mataroartcontemporani.cat\/posts_exposicions\/rafel-g-bianchi-regina-gimenez-una-exposicio-sentimental\/\" target=\"_blank\" rel=\"noopener noreferrer\">web del M|A|C<\/a>","desc_es":"El taller, a cargo del artista <strong>Carla Aledo<\/strong>, est\u00e1 dirigido a ni\u00f1os y j\u00f3venes de entre 5 y 13 a\u00f1os. Gira en torno a la exposici\u00f3n actual, <em>Una exposici\u00f3n sentimental<\/em> de Rafel G. Bianchi + Regina Gim\u00e9nez <em>.<\/em>\r\n\r\nA continuaci\u00f3n, de 12 a 14 h, hay servicio de mediaci\u00f3n tambi\u00e9n a cargo del artista Carla Aledo, que le puede explicar de manera individualizada la exposici\u00f3n en curso.\r\nLa muestra puede visitarse hasta el 30 de Noviembre.\r\n\r\nM\u00e1s informaci\u00f3n en la <a href=\"https:\/\/www.mataroartcontemporani.cat\/posts_exposicions\/rafel-g-bianchi-regina-gimenez-una-exposicio-sentimental\/\">web del M|A|C<\/a>","desc_en":"The workshop, led by artist <strong>Carla Aledo<\/strong>, is aimed at children and young people aged 5 to 13. It revolves around the current exhibition, <em>A sentimental\u00a0exhibition<\/em> by Rafel G. Bianchi + Regina Gim\u00e9nez <em>.<\/em>\r\n\r\nThen, from 12 to 2 p.m., there is a mediation service also led by artist Carla Aledo, who can explain the current exhibition in an individualized way.\r\n\r\nThe exhibition can be visited until November 30.\r\n\r\nMore information on the <a href=\"https:\/\/www.mataroartcontemporani.cat\/\">M|A|C website<\/a>","event_category":687,"event_show_only_own_date":false,"_event_confirmed":true,"_event_public":true,"_event_free":true,"_event_price-min":"","_event_price-max":"","_event_web_ca":"https:\/\/www.mataroartcontemporani.cat\/posts_activitats\/explicam-lexposicio\/","_event_web_es":"","_event_web_en":"","event_contact_email":"","event_apply_email":"","is_online_event":false,"is_art_nou_event":false,"is_bgw_event":false,"date_text":"","register_deadline":null,"altres_organitzadors":""},"abe_event_venue":"M|A|C Pres\u00f3","abe_event_category":"Familiar","start":"2025-11-09 11:00:00","end":"2025-11-09 14:00:00","schedule":"once","schedule_meta":"","frequency":1,"all_day":0,"until":"2025-11-09 11:00:00","include":[],"exclude":[],"_links":{"self":[{"href":"https:\/\/graf.cat\/en\/wp-json\/wp\/v2\/events\/50352","targetHints":{"allow":["GET"]}}],"collection":[{"href":"https:\/\/graf.cat\/en\/wp-json\/wp\/v2\/events"}],"about":[{"href":"https:\/\/graf.cat\/en\/wp-json\/wp\/v2\/types\/event"}],"author":[{"embeddable":true,"href":"https:\/\/graf.cat\/en\/wp-json\/wp\/v2\/users\/159"}],"occurrences":[{"embeddable":true,"href":"https:\/\/graf.cat\/en\/wp-json\/wp\/v2\/events\/50352\/occurrences"}],"acf:term":[{"embeddable":true,"taxonomy":"event-category","href":"https:\/\/graf.cat\/en\/wp-json\/wp\/v2\/event-category\/687"}],"wp:featuredmedia":[{"embeddable":true,"href":"https:\/\/graf.cat\/en\/wp-json\/wp\/v2\/media\/45137"}],"wp:attachment":[{"href":"https:\/\/graf.cat\/en\/wp-json\/wp\/v2\/media?parent=50352"}],"wp:term":[{"taxonomy":"event-venue","embeddable":true,"href":"https:\/\/graf.cat\/en\/wp-json\/wp\/v2\/event-venues?post=50352"},{"taxonomy":"event-tag","embeddable":true,"href":"https:\/\/graf.cat\/en\/wp-json\/wp\/v2\/event-tags?post=50352"}],"curies":[{"name":"wp","href":"https:\/\/api.w.org\/{rel}","templated":true}]}}

Taller adreçat a infants + mediació.

Taller dirigido a niños + mediación.

El taller, a càrrec de l’artista <strong>Carla Aledo</strong>, està adreçat a nens i joves d’entre 5 i 13 anys. Gira al voltant de l’exposició actual, <em>Una exposició sentimental</em> de Rafel G. Bianchi + Regina Giménez <em>.</em>

A continuació, de 12 a 14 h, hi ha servei de mediació també a càrrec de l’artista Carla Aledo, que us pot explicar de manera individualitzada l’exposició en curs.

L’exposició es pot visitar fins al 30 de novembre.

Més informació al <a class="button secondary" href="https://www.mataroartcontemporani.cat/posts_exposicions/rafel-g-bianchi-regina-gimenez-una-exposicio-sentimental/" target="_blank" rel="noopener noreferrer">web del M|A|C</a>

El taller, a cargo del artista <strong>Carla Aledo</strong>, está dirigido a niños y jóvenes de entre 5 y 13 años. Gira en torno a la exposición actual, <em>Una exposición sentimental</em> de Rafel G. Bianchi + Regina Giménez <em>.</em>

A continuación, de 12 a 14 h, hay servicio de mediación también a cargo del artista Carla Aledo, que le puede explicar de manera individualizada la exposición en curso.
La muestra puede visitarse hasta el 30 de Noviembre.

Más información en la <a href="https://www.mataroartcontemporani.cat/posts_exposicions/rafel-g-bianchi-regina-gimenez-una-exposicio-sentimental/">web del M|A|C</a>

The workshop, led by artist <strong>Carla Aledo</strong>, is aimed at children and young people aged 5 to 13. It revolves around the current exhibition, <em>A sentimental exhibition</em> by Rafel G. Bianchi + Regina Giménez <em>.</em>

Then, from 12 to 2 p.m., there is a mediation service also led by artist Carla Aledo, who can explain the current exhibition in an individualized way.

The exhibition can be visited until November 30.

More information on the <a href="https://www.mataroartcontemporani.cat/">M|A|C website</a>

M|A|C Presó
