{"id":51029,"guid":{"rendered":"https:\/\/graf.cat\/?post_type=event&#038;p=51029"},"modified":"2025-09-26T15:35:16","modified_gmt":"2025-09-26T13:35:16","slug":"el-vuelto-julia-spinola-3","status":"publish","type":"event","link":"https:\/\/graf.cat\/en\/events\/event\/el-vuelto-julia-spinola-3\/","title":{"rendered":"El vuelto. Julia Sp\u00ednola"},"content":{"rendered":"","protected":false},"excerpt":{"rendered":"","protected":false},"author":21,"featured_media":51030,"template":"","meta":{"_acf_changed":false,"_monsterinsights_skip_tracking":false,"_monsterinsights_sitenote_active":false,"_monsterinsights_sitenote_note":"","_monsterinsights_sitenote_category":0},"event-venues":[102],"event-tags":[],"class_list":["post-51029","event","type-event","status-publish","has-post-thumbnail","hentry","event-venue-ethall-2","event-category-exposicio"],"acf":{"title_ca":"El vuelto. Julia Sp\u00ednola","title_es":"El vuelto. Julia Sp\u00ednola","title_en":"El vuelto. Julia Sp\u00ednola","desc_ca":"Cada exposici\u00f3 de\u00a0<b>Julia Sp\u00ednola<\/b>\u00a0(Madrid, 1979) \u00e9s una excusa per a pensar l'espai com un artefacte perceptiu en\u00a0el qual peces i gestos es construeixen en bloc, a l'una i per relacions d'interdepend\u00e8ncia.\r\n\r\nEn aquest cas, <em>El vuelto<\/em> posa en escena una noci\u00f3 de profunditat que \u00e9s tant espacial com temporal i que articula escultures i imatges, distribu\u00efdes en l'espai segons \u00e0rees d'influ\u00e8ncia o taca.","desc_es":"Cada exposici\u00f3n de <b>Julia Sp\u00ednola<\/b> (Madrid, 1979) es una excusa para pensar el espacio como un artefacto perfeptivo en el que piezas y gestos se construyen en bloque, a la par y por relaciones de interdependencia.\r\n\r\nEn este caso,\u00a0<em>El vuelto\u00a0<\/em>pone en escena una noci\u00f3n de profundiad que es tanto espacial como temporal y que articula escultura e im\u00e1genes, distribuidas en el espacio seg\u00fan \u00e1reas de influencia o mancha.","desc_en":"Each exhibition by\u00a0<b>Julia Sp\u00ednola<\/b>\u00a0(Madrid, 1979) offers an opportunity to consider space as a perceptual artefact,\u00a0with pieces and gestures constructed en bloc, in tandem and through interdependent relationships.\r\n\r\nIn this case, \u2018El vuelto\u2019 presents a notion of depth that is both spatial and temporal, articulating sculptures and images distributed throughout the space according to areas of influence or impact.","event_category":103,"event_show_only_own_date":true,"_event_confirmed":true,"_event_public":true,"_event_free":true,"_event_price-min":"","_event_price-max":"","_event_web_ca":"https:\/\/www.ethall.net\/julia-spiacutenola-el-vuelto.html","_event_web_es":"https:\/\/www.ethall.net\/julia-spiacutenola-el-vuelto.html","_event_web_en":"https:\/\/www.ethall.net\/julia-spiacutenola-el-vuelto.html","event_contact_email":"","event_apply_email":"","is_online_event":false,"is_art_nou_event":false,"is_bgw_event":false,"date_text":"","register_deadline":null,"altres_organitzadors":""},"abe_event_venue":"ethall","abe_event_category":"Exposici\u00f3","start":"2025-09-18 00:00:00","end":"2025-10-31 23:59:00","schedule":"once","schedule_meta":"","frequency":1,"all_day":0,"until":"2025-09-18 00:00:00","include":[],"exclude":[],"_links":{"self":[{"href":"https:\/\/graf.cat\/en\/wp-json\/wp\/v2\/events\/51029","targetHints":{"allow":["GET"]}}],"collection":[{"href":"https:\/\/graf.cat\/en\/wp-json\/wp\/v2\/events"}],"about":[{"href":"https:\/\/graf.cat\/en\/wp-json\/wp\/v2\/types\/event"}],"author":[{"embeddable":true,"href":"https:\/\/graf.cat\/en\/wp-json\/wp\/v2\/users\/21"}],"occurrences":[{"embeddable":true,"href":"https:\/\/graf.cat\/en\/wp-json\/wp\/v2\/events\/51029\/occurrences"}],"acf:term":[{"embeddable":true,"taxonomy":"event-category","href":"https:\/\/graf.cat\/en\/wp-json\/wp\/v2\/event-category\/103"}],"wp:featuredmedia":[{"embeddable":true,"href":"https:\/\/graf.cat\/en\/wp-json\/wp\/v2\/media\/51030"}],"wp:attachment":[{"href":"https:\/\/graf.cat\/en\/wp-json\/wp\/v2\/media?parent=51029"}],"wp:term":[{"taxonomy":"event-venue","embeddable":true,"href":"https:\/\/graf.cat\/en\/wp-json\/wp\/v2\/event-venues?post=51029"},{"taxonomy":"event-tag","embeddable":true,"href":"https:\/\/graf.cat\/en\/wp-json\/wp\/v2\/event-tags?post=51029"}],"curies":[{"name":"wp","href":"https:\/\/api.w.org\/{rel}","templated":true}]}}

El vuelto. Julia Spínola

Cada exposició de <b>Julia Spínola</b> (Madrid, 1979) és una excusa per a pensar l'espai com un artefacte perceptiu en el qual peces i gestos es construeixen en bloc, a l'una i per relacions d'interdependència.

En aquest cas, <em>El vuelto</em> posa en escena una noció de profunditat que és tant espacial com temporal i que articula escultures i imatges, distribuïdes en l'espai segons àrees d'influència o taca.

Cada exposición de <b>Julia Spínola</b> (Madrid, 1979) es una excusa para pensar el espacio como un artefacto perfeptivo en el que piezas y gestos se construyen en bloque, a la par y por relaciones de interdependencia.

En este caso, <em>El vuelto </em>pone en escena una noción de profundiad que es tanto espacial como temporal y que articula escultura e imágenes, distribuidas en el espacio según áreas de influencia o mancha.

Each exhibition by <b>Julia Spínola</b> (Madrid, 1979) offers an opportunity to consider space as a perceptual artefact, with pieces and gestures constructed en bloc, in tandem and through interdependent relationships.

In this case, ‘El vuelto’ presents a notion of depth that is both spatial and temporal, articulating sculptures and images distributed throughout the space according to areas of influence or impact.

Exposició
