{"id":51079,"guid":{"rendered":"https:\/\/graf.cat\/?post_type=event&#038;p=51079"},"modified":"2026-01-19T13:51:54","modified_gmt":"2026-01-19T11:51:54","slug":"situacio-9-paradoxes-de-lenunciacio-programa-daprenentatge-i-recerca-collectives","status":"publish","type":"event","link":"https:\/\/graf.cat\/en\/events\/event\/situacio-9-paradoxes-de-lenunciacio-programa-daprenentatge-i-recerca-collectives\/","title":{"rendered":"Situaci\u00f3 9. Paradoxes de l\u2019enunciaci\u00f3"},"content":{"rendered":"","protected":false},"excerpt":{"rendered":"","protected":false},"author":19,"featured_media":51083,"template":"","meta":{"_acf_changed":false,"_monsterinsights_skip_tracking":false,"_monsterinsights_sitenote_active":false,"_monsterinsights_sitenote_note":"","_monsterinsights_sitenote_category":0},"event-venues":[],"event-tags":[],"class_list":["post-51079","event","type-event","status-publish","has-post-thumbnail","hentry","event-category-taller"],"acf":{"title_ca":"Situaci\u00f3 9. Paradoxes de l\u2019enunciaci\u00f3","title_es":"Situaci\u00f3n 9. Paradojas de la enunciaci\u00f3n","title_en":"Situation 9. Paradoxes of Enunciation","desc_ca":"La novena edici\u00f3 de\u00a0<b>(crear) Situacions: art i pensament participatius<\/b>\u00a0dialogar\u00e0 amb el cicle expositiu\u00a0<i><b>Murmuris, bullici i paradoxes. Temptatives per a una pol\u00edtica de l\u2019enunciaci\u00f3<\/b>,<\/i>\u00a0que tindr\u00e0 lloc al centre d\u2019arts Santa M\u00f2nica entre el novembre del 2025 i el febrer del 2026. Aquest cicle dona continu\u00eftat a una s\u00e8rie de converses m\u00faltiples sobre les maneres en qu\u00e8 habitem les paradoxes de l\u2019enunciaci\u00f3 i la representaci\u00f3. Interpretant textos i oralitats, revisitant obres i pr\u00e0ctiques ja existents, el projecte proposa tensar les narratives dominants, compartint eines i xarxes de complicitat.\r\n\r\nEl curs indagar\u00e0 sobre preguntes i converses que formen part d\u2019aquesta exposici\u00f3, explorant-ne les metodologies, la museografia, el col\u00b7lectiu, el llenguatge, les narratives i l\u2019escolta. Les sessions es realitzaran amb participants del cicle expositiu i altres convidadis amb qui podrem estendre el di\u00e0leg cap a diferents activacions. Igualment, el curs s\u2019enlla\u00e7ar\u00e0 amb l\u2019ecosistema del mateix centre, treballant des dels seus espais d\u2019intercanvi, amb els seus processos actius i permanents i amb els diferents grups de recerca.\r\n<h3><strong>A qui s'adre\u00e7a?<\/strong><\/h3>\r\nEl programa est\u00e0 pensat per a persones interessades en les pr\u00e0ctiques art\u00edstiques i els processos amb qu\u00e8 es relacionen, que poden ser: curadories, mediacions, cicles expositius, producci\u00f3, materialitats, els entres... L\u2019objectiu \u00e9s activar col\u00b7lectivitats situades de recerca i aprenentatge.\r\n\r\nLes places s\u00f3n limitades. No hi ha cap requisit d\u2019edat, ni de titulaci\u00f3 pr\u00e8via, tampoc de curr\u00edculum. Per aix\u00f2 es valorar\u00e0 l\u2019inter\u00e8s i el comprom\u00eds amb aquesta proposta i amb les persones implicades.\r\n\r\n&nbsp;\r\n\r\nCoordinat per <b>Nancy Gar\u00edn Guzm\u00e1n <\/b>i <b>Ingrid Blanco D\u00edaz\u00a0<\/b>","desc_es":"https:\/\/www.santamonica.cat\/es\/participa-i-experimenta\/creacio-i-experimentacio\/crear-situacions\/situacio-9","desc_en":"https:\/\/www.santamonica.cat\/en\/participa-i-experimenta\/creacio-i-experimentacio\/crear-situacions\/situacio-9","event_category":235,"event_show_only_own_date":false,"_event_confirmed":true,"_event_public":false,"_event_free":false,"_event_price-min":72,"_event_price-max":108,"_event_web_ca":"https:\/\/www.santamonica.cat\/ca\/participa-i-experimenta\/creacio-i-experimentacio\/crear-situacions\/situacio-9","_event_web_es":"","_event_web_en":"","event_contact_email":"santamonica@gencat.cat","event_apply_email":"https:\/\/form.jotform.com\/santamonica_cat\/preinscripcio-crear-situacions-9","is_online_event":false,"is_art_nou_event":false,"is_bgw_event":false,"date_text":"","register_deadline":"20251013","altres_organitzadors":""},"abe_event_venue":null,"abe_event_category":"Taller","start":"2025-11-20 17:30:00","end":"2025-11-20 20:30:00","schedule":"weekly","schedule_meta":["TH"],"frequency":1,"all_day":0,"until":"2026-02-19 17:30:00","include":["2025-11-20 17:30:00","2025-11-27 17:30:00","2025-11-22 17:30:00","2025-12-04 17:30:00","2025-12-11 17:30:00","2025-12-18 17:30:00","2026-01-08 17:30:00","2026-01-15 17:30:00","2026-01-22 17:30:00","2026-01-29 17:30:00","2026-02-05 17:30:00","2026-02-12 17:30:00","2026-02-19 17:30:00"],"exclude":[],"_links":{"self":[{"href":"https:\/\/graf.cat\/en\/wp-json\/wp\/v2\/events\/51079","targetHints":{"allow":["GET"]}}],"collection":[{"href":"https:\/\/graf.cat\/en\/wp-json\/wp\/v2\/events"}],"about":[{"href":"https:\/\/graf.cat\/en\/wp-json\/wp\/v2\/types\/event"}],"author":[{"embeddable":true,"href":"https:\/\/graf.cat\/en\/wp-json\/wp\/v2\/users\/19"}],"occurrences":[{"embeddable":true,"href":"https:\/\/graf.cat\/en\/wp-json\/wp\/v2\/events\/51079\/occurrences"}],"acf:term":[{"embeddable":true,"taxonomy":"event-category","href":"https:\/\/graf.cat\/en\/wp-json\/wp\/v2\/event-category\/235"}],"wp:featuredmedia":[{"embeddable":true,"href":"https:\/\/graf.cat\/en\/wp-json\/wp\/v2\/media\/51083"}],"wp:attachment":[{"href":"https:\/\/graf.cat\/en\/wp-json\/wp\/v2\/media?parent=51079"}],"wp:term":[{"taxonomy":"event-venue","embeddable":true,"href":"https:\/\/graf.cat\/en\/wp-json\/wp\/v2\/event-venues?post=51079"},{"taxonomy":"event-tag","embeddable":true,"href":"https:\/\/graf.cat\/en\/wp-json\/wp\/v2\/event-tags?post=51079"}],"curies":[{"name":"wp","href":"https:\/\/api.w.org\/{rel}","templated":true}]}}

Situació 9. Paradoxes de l’enunciació

Situación 9. Paradojas de la enunciación

La novena edició de <b>(crear) Situacions: art i pensament participatius</b> dialogarà amb el cicle expositiu <i><b>Murmuris, bullici i paradoxes. Temptatives per a una política de l’enunciació</b>,</i> que tindrà lloc al centre d’arts Santa Mònica entre el novembre del 2025 i el febrer del 2026. Aquest cicle dona continuïtat a una sèrie de converses múltiples sobre les maneres en què habitem les paradoxes de l’enunciació i la representació. Interpretant textos i oralitats, revisitant obres i pràctiques ja existents, el projecte proposa tensar les narratives dominants, compartint eines i xarxes de complicitat.

El curs indagarà sobre preguntes i converses que formen part d’aquesta exposició, explorant-ne les metodologies, la museografia, el col·lectiu, el llenguatge, les narratives i l’escolta. Les sessions es realitzaran amb participants del cicle expositiu i altres convidadis amb qui podrem estendre el diàleg cap a diferents activacions. Igualment, el curs s’enllaçarà amb l’ecosistema del mateix centre, treballant des dels seus espais d’intercanvi, amb els seus processos actius i permanents i amb els diferents grups de recerca.
<h3><strong>A qui s'adreça?</strong></h3>
El programa està pensat per a persones interessades en les pràctiques artístiques i els processos amb què es relacionen, que poden ser: curadories, mediacions, cicles expositius, producció, materialitats, els entres... L’objectiu és activar col·lectivitats situades de recerca i aprenentatge.

Les places són limitades. No hi ha cap requisit d’edat, ni de titulació prèvia, tampoc de currículum. Per això es valorarà l’interès i el compromís amb aquesta proposta i amb les persones implicades.

&nbsp;

Coordinat per <b>Nancy Garín Guzmán </b>i <b>Ingrid Blanco Díaz </b>
