{"id":51113,"guid":{"rendered":"https:\/\/graf.cat\/?post_type=event&#038;p=51113"},"modified":"2025-09-29T12:19:29","modified_gmt":"2025-09-29T10:19:29","slug":"flux-summa-xavier-sabater","status":"publish","type":"event","link":"https:\/\/graf.cat\/en\/events\/event\/flux-summa-xavier-sabater\/","title":{"rendered":"Dimarts de v\u00eddeo &#8211; FLUX SUMMA: Xavier Sabater"},"content":{"rendered":"","protected":false},"excerpt":{"rendered":"","protected":false},"author":19,"featured_media":51114,"template":"","meta":{"_acf_changed":false,"_monsterinsights_skip_tracking":false,"_monsterinsights_sitenote_active":false,"_monsterinsights_sitenote_note":"","_monsterinsights_sitenote_category":0},"event-venues":[],"event-tags":[],"class_list":["post-51113","event","type-event","status-publish","has-post-thumbnail","hentry","event-category-arts-in-viu"],"acf":{"title_ca":"Dimarts de v\u00eddeo - FLUX SUMMA: Xavier Sabater","title_es":"Martes de v\u00eddeo - FLUX SUMMA: Xavier Sabater","title_en":"Tuesdays of video - FLUX SUMMA: Xavier Sabater","desc_ca":"DIMARTS DE V\u00cdDEO - SALA BAR\r\nAmb Rosa Grau Amor\u00f3s\r\n\r\nProjecci\u00f3 d\u2019un v\u00eddeo amb una selecci\u00f3 d\u2019actuacions i entrevistes fetes pel poeta Xavier Sabater entre els anys 1999 i 2010, i col\u00b7loqui posterior amb Rosa Grau Amor\u00f3s.\r\n\r\n&nbsp;","desc_es":"https:\/\/www.santamonica.cat\/es\/exposicions-i-activitats\/dimarts-de-video\/2025\/flux-summa-xavier-sabater","desc_en":"https:\/\/www.santamonica.cat\/en\/exposicions-i-activitats\/dimarts-de-video\/2025\/flux-summa-xavier-sabater","event_category":440,"event_show_only_own_date":false,"_event_confirmed":true,"_event_public":true,"_event_free":true,"_event_price-min":"","_event_price-max":"","_event_web_ca":"https:\/\/www.santamonica.cat\/ca\/exposicions-i-activitats\/dimarts-de-video\/2025\/flux-summa-xavier-sabater","_event_web_es":"","_event_web_en":"","event_contact_email":"","event_apply_email":"","is_online_event":false,"is_art_nou_event":false,"is_bgw_event":false,"date_text":"","register_deadline":null,"altres_organitzadors":""},"abe_event_venue":null,"abe_event_category":"Arts en Viu","start":"2025-10-21 19:00:00","end":"2025-10-21 20:15:00","schedule":"once","schedule_meta":"","frequency":1,"all_day":0,"until":"2025-10-21 19:00:00","include":[],"exclude":[],"_links":{"self":[{"href":"https:\/\/graf.cat\/en\/wp-json\/wp\/v2\/events\/51113","targetHints":{"allow":["GET"]}}],"collection":[{"href":"https:\/\/graf.cat\/en\/wp-json\/wp\/v2\/events"}],"about":[{"href":"https:\/\/graf.cat\/en\/wp-json\/wp\/v2\/types\/event"}],"author":[{"embeddable":true,"href":"https:\/\/graf.cat\/en\/wp-json\/wp\/v2\/users\/19"}],"occurrences":[{"embeddable":true,"href":"https:\/\/graf.cat\/en\/wp-json\/wp\/v2\/events\/51113\/occurrences"}],"acf:term":[{"embeddable":true,"taxonomy":"event-category","href":"https:\/\/graf.cat\/en\/wp-json\/wp\/v2\/event-category\/440"}],"wp:featuredmedia":[{"embeddable":true,"href":"https:\/\/graf.cat\/en\/wp-json\/wp\/v2\/media\/51114"}],"wp:attachment":[{"href":"https:\/\/graf.cat\/en\/wp-json\/wp\/v2\/media?parent=51113"}],"wp:term":[{"taxonomy":"event-venue","embeddable":true,"href":"https:\/\/graf.cat\/en\/wp-json\/wp\/v2\/event-venues?post=51113"},{"taxonomy":"event-tag","embeddable":true,"href":"https:\/\/graf.cat\/en\/wp-json\/wp\/v2\/event-tags?post=51113"}],"curies":[{"name":"wp","href":"https:\/\/api.w.org\/{rel}","templated":true}]}}

Dimarts de vídeo &#8211; FLUX SUMMA: Xavier Sabater

Dimarts de vídeo - FLUX SUMMA: Xavier Sabater

Martes de vídeo - FLUX SUMMA: Xavier Sabater

DIMARTS DE VÍDEO - SALA BAR
Amb Rosa Grau Amorós

Projecció d’un vídeo amb una selecció d’actuacions i entrevistes fetes pel poeta Xavier Sabater entre els anys 1999 i 2010, i col·loqui posterior amb Rosa Grau Amorós.

&nbsp;
