{"id":51135,"guid":{"rendered":"https:\/\/graf.cat\/?post_type=event&#038;p=51135"},"modified":"2025-09-29T12:55:38","modified_gmt":"2025-09-29T10:55:38","slug":"dimecres-de-so-i-cos-ama-ara-leco-nua","status":"publish","type":"event","link":"https:\/\/graf.cat\/en\/events\/event\/dimecres-de-so-i-cos-ama-ara-leco-nua\/","title":{"rendered":"Dimecres de so i cos &#8211; AMA ARA L&#8217;ECO NUA"},"content":{"rendered":"","protected":false},"excerpt":{"rendered":"","protected":false},"author":19,"featured_media":51128,"template":"","meta":{"_acf_changed":false,"_monsterinsights_skip_tracking":false,"_monsterinsights_sitenote_active":false,"_monsterinsights_sitenote_note":"","_monsterinsights_sitenote_category":0},"event-venues":[],"event-tags":[],"class_list":["post-51135","event","type-event","status-publish","has-post-thumbnail","hentry","event-category-arts-in-viu"],"acf":{"title_ca":"Dimecres de so i cos - AMA ARA L'ECO NUA","title_es":"Mi\u00e9rcoles de sonido y cuerpo - ama ara l'eco nua","title_en":"Wednesdays of sound and body - Ama ara l'eco nua","desc_ca":"DIMECRES DE SO I COS - SALA BAR\r\nAmb Mireia Molina Costa\r\n\r\nUna s\u00e8rie d\u2019assaigs sonors entorn del llenguatge occidental tradicionalment associat a la mar, les seves operacions de silenciament patriarcal-colonial i la seva possible desfeta. Mitjan\u00e7ant un treball amb la respiraci\u00f3, la veu i la paraula,\u00a0<i>Ama ara l\u2019eco nua\u00a0<\/i>acull una investigaci\u00f3 en proc\u00e9s que parteix de can\u00e7ons marineres tradicionals \u2014entre les quals havaneres i valsets mariners\u2014 i la possible fragmentaci\u00f3 i sedimentaci\u00f3 del seu llenguatge quan travessa el cos que canta.","desc_es":"https:\/\/www.santamonica.cat\/es\/exposicions-i-activitats\/dimecres-de-so-i-cos\/2025\/ama-ara-l-eco-nua","desc_en":"https:\/\/www.santamonica.cat\/en\/exposicions-i-activitats\/dimecres-de-so-i-cos\/2025\/ama-ara-l-eco-nua","event_category":440,"event_show_only_own_date":false,"_event_confirmed":true,"_event_public":true,"_event_free":true,"_event_price-min":"","_event_price-max":"","_event_web_ca":"https:\/\/www.santamonica.cat\/ca\/exposicions-i-activitats\/dimecres-de-so-i-cos\/2025\/ama-ara-l-eco-nua","_event_web_es":"","_event_web_en":"","event_contact_email":"","event_apply_email":"","is_online_event":false,"is_art_nou_event":false,"is_bgw_event":false,"date_text":"","register_deadline":null,"altres_organitzadors":""},"abe_event_venue":null,"abe_event_category":"Arts en Viu","start":"2025-10-15 19:00:00","end":"2025-10-15 19:45:00","schedule":"once","schedule_meta":"","frequency":1,"all_day":0,"until":"2025-10-15 19:00:00","include":[],"exclude":[],"_links":{"self":[{"href":"https:\/\/graf.cat\/en\/wp-json\/wp\/v2\/events\/51135","targetHints":{"allow":["GET"]}}],"collection":[{"href":"https:\/\/graf.cat\/en\/wp-json\/wp\/v2\/events"}],"about":[{"href":"https:\/\/graf.cat\/en\/wp-json\/wp\/v2\/types\/event"}],"author":[{"embeddable":true,"href":"https:\/\/graf.cat\/en\/wp-json\/wp\/v2\/users\/19"}],"occurrences":[{"embeddable":true,"href":"https:\/\/graf.cat\/en\/wp-json\/wp\/v2\/events\/51135\/occurrences"}],"acf:term":[{"embeddable":true,"taxonomy":"event-category","href":"https:\/\/graf.cat\/en\/wp-json\/wp\/v2\/event-category\/440"}],"wp:featuredmedia":[{"embeddable":true,"href":"https:\/\/graf.cat\/en\/wp-json\/wp\/v2\/media\/51128"}],"wp:attachment":[{"href":"https:\/\/graf.cat\/en\/wp-json\/wp\/v2\/media?parent=51135"}],"wp:term":[{"taxonomy":"event-venue","embeddable":true,"href":"https:\/\/graf.cat\/en\/wp-json\/wp\/v2\/event-venues?post=51135"},{"taxonomy":"event-tag","embeddable":true,"href":"https:\/\/graf.cat\/en\/wp-json\/wp\/v2\/event-tags?post=51135"}],"curies":[{"name":"wp","href":"https:\/\/api.w.org\/{rel}","templated":true}]}}

Miércoles de sonido y cuerpo - ama ara l'eco nua

DIMECRES DE SO I COS - SALA BAR
Amb Mireia Molina Costa

Una sèrie d’assaigs sonors entorn del llenguatge occidental tradicionalment associat a la mar, les seves operacions de silenciament patriarcal-colonial i la seva possible desfeta. Mitjançant un treball amb la respiració, la veu i la paraula, <i>Ama ara l’eco nua </i>acull una investigació en procés que parteix de cançons marineres tradicionals —entre les quals havaneres i valsets mariners— i la possible fragmentació i sedimentació del seu llenguatge quan travessa el cos que canta.
