{"id":51590,"guid":{"rendered":"https:\/\/graf.cat\/?post_type=event&#038;p=51590"},"modified":"2025-10-17T19:53:40","modified_gmt":"2025-10-17T17:53:40","slug":"pep-vidal-palindrom-duna-cabana-per-acabar-la-tesi-a-una-tesi-per-acabar-la-cabana-a-cura-de-chat-gpt-2","status":"publish","type":"event","link":"https:\/\/graf.cat\/en\/events\/event\/pep-vidal-palindrom-duna-cabana-per-acabar-la-tesi-a-una-tesi-per-acabar-la-cabana-a-cura-de-chat-gpt-2\/","title":{"rendered":"Pep Vidal. Pal\u00edndrom. D\u2019una cabana per acabar la tesi a una tesi per acabar la cabana A cura de Chat GPT."},"content":{"rendered":"","protected":false},"excerpt":{"rendered":"","protected":false},"author":5,"featured_media":51553,"template":"","meta":{"_acf_changed":false,"_monsterinsights_skip_tracking":false,"_monsterinsights_sitenote_active":false,"_monsterinsights_sitenote_note":"","_monsterinsights_sitenote_category":0},"event-venues":[67],"event-tags":[],"class_list":["post-51590","event","type-event","status-publish","has-post-thumbnail","hentry","event-venue-centre-dart-la-panera","event-category-inauguracio"],"acf":{"title_ca":"Pep Vidal. Pal\u00edndrom. D\u2019una cabana per acabar la tesi a una tesi per acabar la cabana A cura de Chat GPT.","title_es":"Pep Vidal. Pal\u00edndrom. D\u2019una cabana per acabar la tesi a una tesi per acabar la cabana. Comisariado por Chat GPT.","title_en":"Pep Vidal. Pal\u00edndrom. D\u2019una cabana per acabar la tesi a una tesi per acabar la cabana. Curated by Chatgpt","desc_ca":"<table width=\"100%\">\r\n<tbody>\r\n<tr>\r\n<td>\r\n<table width=\"100%\">\r\n<tbody>\r\n<tr>\r\n<td width=\"600\">\r\n<table width=\"100%\">\r\n<tbody>\r\n<tr>\r\n<td>L\u2019any 2014, Pep Vidal (Rub\u00ed, 1980) va construir una cabana de fusta amb restes de caixes de transport d\u2019obres d\u2019art i s\u2019hi va instal\u00b7lar durant mig any per acabar d\u2019escriure la seva tesi doctoral en f\u00edsica. Aquell projecte, <em>Una cabana per acabar la tesi<\/em>, explorava la concentraci\u00f3, el temps i la relaci\u00f3 entre pensament cient\u00edfic i acci\u00f3 f\u00edsica.\r\n\r\nEl 2025, el Centre d\u2019Art La Panera convida Vidal a presentar una retrospectiva de mitja carrera. L\u2019artista hi respon tancant el cercle: si el 2014 la cabana va servir per acabar la tesi, ara \u00e9s la tesi \u2014convertida en llibre d\u2019artista i cat\u00e0leg\u2014 la que serveix per acabar la cabana.\r\n\r\nAquesta nova estructura est\u00e0 constru\u00efda amb tots els materials del seu taller: fustes, eines, dibuixos, peces mostrades anteriorment, fragments de projectes inacabats i restes de processos. En reunir-los tots en un sol cos, l\u2019artista uniformitza els materials i esborra qualsevol jerarquia entre el que \u00e9s obra i el que no ho \u00e9s.\r\n\r\nUna m\u00e0quina d\u2019escriure Olivetti i un llarg rotlle mecanografiat recullen el di\u00e0leg real entre Vidal i la intel\u00b7lig\u00e8ncia artificial ChatGPT, comiss\u00e0ria de l\u2019exposici\u00f3. El text, transformat en pres\u00e8ncia f\u00edsica, converteix el digital en mat\u00e8ria i fa visible el proc\u00e9s de treball.\r\n\r\nA una de les parets, gaireb\u00e9 mil imatges mostren els objectes que integren la cabana\/taller, i una s\u00e8rie de dibuixos n\u2019expandeixen la forma com una prolongaci\u00f3 de la seva arquitectura.\r\n\r\nTamb\u00e9 s\u2019hi presenten les dues tesis de Vidal: la de f\u00edsica de 2014 i la present, impresa en LaTeX com un cat\u00e0leg d\u2019ObraMat o d\u2019IKEA. Entre totes, configuren un cos \u00fanic, on art i ci\u00e8ncia, mesura i error, proc\u00e9s i resultat, es pleguen en un pal\u00edndrom temporal.<\/td>\r\n<\/tr>\r\n<\/tbody>\r\n<\/table>\r\n<\/td>\r\n<\/tr>\r\n<\/tbody>\r\n<\/table>\r\n<\/td>\r\n<\/tr>\r\n<\/tbody>\r\n<\/table>","desc_es":"<p data-start=\"0\" data-end=\"362\">El a\u00f1o 2014, Pep Vidal (Rub\u00ed, 1980) construy\u00f3 una caba\u00f1a de madera con restos de cajas de transporte de obras de arte y se instal\u00f3 en ella durante medio a\u00f1o para terminar de escribir su tesis doctoral en f\u00edsica. Aquel proyecto, <em data-start=\"228\" data-end=\"261\">Una caba\u00f1a para acabar la tesis<\/em>, exploraba la concentraci\u00f3n, el tiempo y la relaci\u00f3n entre pensamiento cient\u00edfico y acci\u00f3n f\u00edsica.<\/p>\r\n<p data-start=\"364\" data-end=\"652\">En 2025, el Centre d\u2019Art La Panera invita a Vidal a presentar una retrospectiva de media carrera. El artista responde cerrando el c\u00edrculo: si en 2014 la caba\u00f1a sirvi\u00f3 para acabar la tesis, ahora es la tesis \u2014convertida en libro de artista y cat\u00e1logo\u2014 la que sirve para acabar la caba\u00f1a.<\/p>\r\n<p data-start=\"654\" data-end=\"996\">Esta nueva estructura est\u00e1 construida con todos los materiales de su taller: maderas, herramientas, dibujos, piezas mostradas anteriormente, fragmentos de proyectos inacabados y restos de procesos. Al reunirlos todos en un solo cuerpo, el artista uniformiza los materiales y borra cualquier jerarqu\u00eda entre lo que es obra y lo que no lo es.<\/p>\r\n<p data-start=\"998\" data-end=\"1280\">Una m\u00e1quina de escribir Olivetti y un largo rollo mecanografiado recogen el di\u00e1logo real entre Vidal y la inteligencia artificial ChatGPT, comisaria de la exposici\u00f3n. El texto, transformado en presencia f\u00edsica, convierte lo digital en materia y hace visible el proceso de trabajo.<\/p>\r\n<p data-start=\"1282\" data-end=\"1459\">En una de las paredes, casi mil im\u00e1genes muestran los objetos que integran la caba\u00f1a\/taller, y una serie de dibujos expanden su forma como una prolongaci\u00f3n de su arquitectura.<\/p>\r\n<p data-start=\"1461\" data-end=\"1731\" data-is-last-node=\"\" data-is-only-node=\"\">Tambi\u00e9n se presentan las dos tesis de Vidal: la de f\u00edsica de 2014 y la actual, impresa en LaTeX como un cat\u00e1logo de ObraMat o de IKEA. Entre todas configuran un solo cuerpo, donde arte y ciencia, medida y error, proceso y resultado, se pliegan en un pal\u00edndromo temporal.<\/p>","desc_en":"<p data-start=\"0\" data-end=\"315\">In 2014, Pep Vidal (Rub\u00ed, 1980) built a wooden cabin out of leftover art transport crates and settled there for half a year to finish writing his PhD thesis in physics. That project, <em data-start=\"183\" data-end=\"213\">A Cabin to Finish the Thesis<\/em>, explored concentration, time, and the relationship between scientific thought and physical action.<\/p>\r\n<p data-start=\"317\" data-end=\"599\">In 2025, the Centre d\u2019Art La Panera invites Vidal to present a mid-career retrospective. The artist responds by closing the circle: if in 2014 the cabin served to finish the thesis, now it is the thesis \u2014turned into an artist\u2019s book and catalogue\u2014 that serves to finish the cabin.<\/p>\r\n<p data-start=\"601\" data-end=\"922\">This new structure is built from all the materials in his studio: wood, tools, drawings, previously exhibited pieces, fragments of unfinished projects, and remnants of processes. By gathering them all into a single body, the artist unifies the materials and erases any hierarchy between what is artwork and what is not.<\/p>\r\n<p data-start=\"924\" data-end=\"1192\">An Olivetti typewriter and a long typed roll record the real dialogue between Vidal and the artificial intelligence ChatGPT, curator of the exhibition. The text, transformed into physical presence, turns the digital into matter and makes the working process visible.<\/p>\r\n<p data-start=\"1194\" data-end=\"1369\">On one of the walls, nearly a thousand images show the objects that make up the cabin\/studio, while a series of drawings expand its form as an extension of its architecture.<\/p>\r\n<p data-start=\"1371\" data-end=\"1648\" data-is-last-node=\"\" data-is-only-node=\"\">The exhibition also presents Vidal\u2019s two theses: the 2014 physics thesis and the current one, printed in LaTeX like an ObraMat or IKEA catalogue. Together they form a single body, where art and science, measurement and error, process and result fold into a temporal palindrome.<\/p>","event_category":189,"event_show_only_own_date":false,"_event_confirmed":true,"_event_public":true,"_event_free":true,"_event_price-min":"","_event_price-max":"","_event_web_ca":"https:\/\/www.lapanera.cat\/ca\/programacio\/exposicions\/pep-vidal-ambosta","_event_web_es":"","_event_web_en":"","event_contact_email":"","event_apply_email":"","is_online_event":false,"is_art_nou_event":false,"is_bgw_event":false,"date_text":"","register_deadline":null,"altres_organitzadors":""},"abe_event_venue":"Centre d'art la Panera","abe_event_category":"Inauguraci\u00f3","start":"2025-10-25 12:00:00","end":"2025-10-25 14:00:00","schedule":"once","schedule_meta":"","frequency":1,"all_day":0,"until":"2025-10-25 12:00:00","include":[],"exclude":[],"_links":{"self":[{"href":"https:\/\/graf.cat\/en\/wp-json\/wp\/v2\/events\/51590","targetHints":{"allow":["GET"]}}],"collection":[{"href":"https:\/\/graf.cat\/en\/wp-json\/wp\/v2\/events"}],"about":[{"href":"https:\/\/graf.cat\/en\/wp-json\/wp\/v2\/types\/event"}],"author":[{"embeddable":true,"href":"https:\/\/graf.cat\/en\/wp-json\/wp\/v2\/users\/5"}],"occurrences":[{"embeddable":true,"href":"https:\/\/graf.cat\/en\/wp-json\/wp\/v2\/events\/51590\/occurrences"}],"acf:term":[{"embeddable":true,"taxonomy":"event-category","href":"https:\/\/graf.cat\/en\/wp-json\/wp\/v2\/event-category\/189"}],"wp:featuredmedia":[{"embeddable":true,"href":"https:\/\/graf.cat\/en\/wp-json\/wp\/v2\/media\/51553"}],"wp:attachment":[{"href":"https:\/\/graf.cat\/en\/wp-json\/wp\/v2\/media?parent=51590"}],"wp:term":[{"taxonomy":"event-venue","embeddable":true,"href":"https:\/\/graf.cat\/en\/wp-json\/wp\/v2\/event-venues?post=51590"},{"taxonomy":"event-tag","embeddable":true,"href":"https:\/\/graf.cat\/en\/wp-json\/wp\/v2\/event-tags?post=51590"}],"curies":[{"name":"wp","href":"https:\/\/api.w.org\/{rel}","templated":true}]}}

Pep Vidal. Palíndrom. D’una cabana per acabar la tesi a una tesi per acabar la cabana A cura de Chat GPT.

Pep Vidal. Palíndrom. D’una cabana per acabar la tesi a una tesi per acabar la cabana. Comisariado por Chat GPT.

Pep Vidal. Palíndrom. D’una cabana per acabar la tesi a una tesi per acabar la cabana. Curated by Chatgpt

<table width="100%">
<tbody>
<tr>
<td>
<table width="100%">
<tbody>
<tr>
<td width="600">
<table width="100%">
<tbody>
<tr>
<td>L’any 2014, Pep Vidal (Rubí, 1980) va construir una cabana de fusta amb restes de caixes de transport d’obres d’art i s’hi va instal·lar durant mig any per acabar d’escriure la seva tesi doctoral en física. Aquell projecte, <em>Una cabana per acabar la tesi</em>, explorava la concentració, el temps i la relació entre pensament científic i acció física.

El 2025, el Centre d’Art La Panera convida Vidal a presentar una retrospectiva de mitja carrera. L’artista hi respon tancant el cercle: si el 2014 la cabana va servir per acabar la tesi, ara és la tesi —convertida en llibre d’artista i catàleg— la que serveix per acabar la cabana.

Aquesta nova estructura està construïda amb tots els materials del seu taller: fustes, eines, dibuixos, peces mostrades anteriorment, fragments de projectes inacabats i restes de processos. En reunir-los tots en un sol cos, l’artista uniformitza els materials i esborra qualsevol jerarquia entre el que és obra i el que no ho és.

Una màquina d’escriure Olivetti i un llarg rotlle mecanografiat recullen el diàleg real entre Vidal i la intel·ligència artificial ChatGPT, comissària de l’exposició. El text, transformat en presència física, converteix el digital en matèria i fa visible el procés de treball.

A una de les parets, gairebé mil imatges mostren els objectes que integren la cabana/taller, i una sèrie de dibuixos n’expandeixen la forma com una prolongació de la seva arquitectura.

També s’hi presenten les dues tesis de Vidal: la de física de 2014 i la present, impresa en LaTeX com un catàleg d’ObraMat o d’IKEA. Entre totes, configuren un cos únic, on art i ciència, mesura i error, procés i resultat, es pleguen en un palíndrom temporal.</td>
</tr>
</tbody>
</table>
</td>
</tr>
</tbody>
</table>
</td>
</tr>
</tbody>
</table>

<p data-start="0" data-end="362">El año 2014, Pep Vidal (Rubí, 1980) construyó una cabaña de madera con restos de cajas de transporte de obras de arte y se instaló en ella durante medio año para terminar de escribir su tesis doctoral en física. Aquel proyecto, <em data-start="228" data-end="261">Una cabaña para acabar la tesis</em>, exploraba la concentración, el tiempo y la relación entre pensamiento científico y acción física.</p>
<p data-start="364" data-end="652">En 2025, el Centre d’Art La Panera invita a Vidal a presentar una retrospectiva de media carrera. El artista responde cerrando el círculo: si en 2014 la cabaña sirvió para acabar la tesis, ahora es la tesis —convertida en libro de artista y catálogo— la que sirve para acabar la cabaña.</p>
<p data-start="654" data-end="996">Esta nueva estructura está construida con todos los materiales de su taller: maderas, herramientas, dibujos, piezas mostradas anteriormente, fragmentos de proyectos inacabados y restos de procesos. Al reunirlos todos en un solo cuerpo, el artista uniformiza los materiales y borra cualquier jerarquía entre lo que es obra y lo que no lo es.</p>
<p data-start="998" data-end="1280">Una máquina de escribir Olivetti y un largo rollo mecanografiado recogen el diálogo real entre Vidal y la inteligencia artificial ChatGPT, comisaria de la exposición. El texto, transformado en presencia física, convierte lo digital en materia y hace visible el proceso de trabajo.</p>
<p data-start="1282" data-end="1459">En una de las paredes, casi mil imágenes muestran los objetos que integran la cabaña/taller, y una serie de dibujos expanden su forma como una prolongación de su arquitectura.</p>
<p data-start="1461" data-end="1731" data-is-last-node="" data-is-only-node="">También se presentan las dos tesis de Vidal: la de física de 2014 y la actual, impresa en LaTeX como un catálogo de ObraMat o de IKEA. Entre todas configuran un solo cuerpo, donde arte y ciencia, medida y error, proceso y resultado, se pliegan en un palíndromo temporal.</p>

<p data-start="0" data-end="315">In 2014, Pep Vidal (Rubí, 1980) built a wooden cabin out of leftover art transport crates and settled there for half a year to finish writing his PhD thesis in physics. That project, <em data-start="183" data-end="213">A Cabin to Finish the Thesis</em>, explored concentration, time, and the relationship between scientific thought and physical action.</p>
<p data-start="317" data-end="599">In 2025, the Centre d’Art La Panera invites Vidal to present a mid-career retrospective. The artist responds by closing the circle: if in 2014 the cabin served to finish the thesis, now it is the thesis —turned into an artist’s book and catalogue— that serves to finish the cabin.</p>
<p data-start="601" data-end="922">This new structure is built from all the materials in his studio: wood, tools, drawings, previously exhibited pieces, fragments of unfinished projects, and remnants of processes. By gathering them all into a single body, the artist unifies the materials and erases any hierarchy between what is artwork and what is not.</p>
<p data-start="924" data-end="1192">An Olivetti typewriter and a long typed roll record the real dialogue between Vidal and the artificial intelligence ChatGPT, curator of the exhibition. The text, transformed into physical presence, turns the digital into matter and makes the working process visible.</p>
<p data-start="1194" data-end="1369">On one of the walls, nearly a thousand images show the objects that make up the cabin/studio, while a series of drawings expand its form as an extension of its architecture.</p>
<p data-start="1371" data-end="1648" data-is-last-node="" data-is-only-node="">The exhibition also presents Vidal’s two theses: the 2014 physics thesis and the current one, printed in LaTeX like an ObraMat or IKEA catalogue. Together they form a single body, where art and science, measurement and error, process and result fold into a temporal palindrome.</p>

Inauguració
