{"id":52367,"guid":{"rendered":"https:\/\/graf.cat\/?post_type=event&#038;p=52367"},"modified":"2025-11-05T14:29:19","modified_gmt":"2025-11-05T12:29:19","slug":"todo-es-un-remix","status":"publish","type":"event","link":"https:\/\/graf.cat\/en\/events\/event\/todo-es-un-remix\/","title":{"rendered":"Todo es un remix"},"content":{"rendered":"","protected":false},"excerpt":{"rendered":"","protected":false},"author":19,"featured_media":52369,"template":"","meta":{"_acf_changed":false,"_monsterinsights_skip_tracking":false,"_monsterinsights_sitenote_active":false,"_monsterinsights_sitenote_note":"","_monsterinsights_sitenote_category":0},"event-venues":[],"event-tags":[],"class_list":["post-52367","event","type-event","status-publish","has-post-thumbnail","hentry","event-category-arts-in-viu"],"acf":{"title_ca":"Todo es un remix","title_es":"Todo es un remix","title_en":"Todo es un remix","desc_ca":"DIMARTS DE V\u00cdDEO amb Maria Ca\u00f1as i Eduardo Vaca\r\n<div class=\"text aem-GridColumn--default--none aem-GridColumn aem-GridColumn--default--12 aem-GridColumn--offset--default--0\">\r\n<div id=\"text-bcea3811ed\" class=\"cmp-text margin-container\" data-cmp-data-layer=\"{&quot;text-bcea3811ed&quot;:{&quot;@type&quot;:&quot;aem-arts\/components\/content\/text\/v1\/text&quot;,&quot;repo:modifyDate&quot;:&quot;2025-07-31T21:03:12Z&quot;,&quot;xdm:text&quot;:&quot;&lt;p&gt;&lt;i&gt;&lt;b&gt;Menudo viaje. El sue\u00f1o torcido del arte contempor\u00e1neo&lt;\/b&gt;&lt;\/i&gt; (2022) compon una distopia probable: despr\u00e9s del col\u00b7lapse del model curatorial i expositiu, la Biennal 2064 resulta ser una cagarada conceptual validada per cercles de poder que especulen amb obres d\u2019art perdudes en contenidors de paradisos fiscals i que sumeixen en la mis\u00e8ria i l\u2019esclavatge multitud de creadoris. En aquesta ficci\u00f3 comunitats art\u00edstiques clandestines i una mica bandarres campen a plaer pels nostres carrers, subsol i ciberespai, donant pas a la disbauxa art\u00edstica, a la diverg\u00e8ncia i a la m\u00e0gia del caos.&amp;nbsp;&lt;\/p&gt;\\r\\n&lt;p&gt;El v\u00eddeo anir\u00e0 acompanyat d\u2019una conversa amb &lt;b style=\\&quot;font-family: adobe-clean, &amp;quot;Source Sans Pro&amp;quot;, -apple-system, BlinkMacSystemFont, &amp;quot;Segoe UI&amp;quot;, Roboto, Ubuntu, &amp;quot;Trebuchet MS&amp;quot;, &amp;quot;Lucida Grande&amp;quot;, sans-serif;\\&quot;&gt;Eduardo Vaca &lt;\/b&gt;per parlar de la cultura del remix i de mons culturals fora de la instituci\u00f3 del museu occidental. La conversa parteix de la lectura conjunta del llibre &lt;a href=\\&quot;https:\/\/valeriamata.com\/Plagie\\&quot; target=\\&quot;_blank\\&quot; rel=\\&quot;noopener noreferrer\\&quot;&gt;Plagie, copie, manipule, robe, reescriba este libro&lt;\/a&gt;&amp;nbsp;(Valeria Mata, publicat a Espanya per Ediciones Comisura) i del seu projecte &lt;a href=\\&quot;https:\/\/laexperimentalec.com\/index.php\/everything-is-a-remix-2\/\\&quot; target=\\&quot;_blank\\&quot; rel=\\&quot;noopener noreferrer\\&quot;&gt;Todo es un remix&lt;\/a&gt;&amp;nbsp;des de La Experimental (Equador).&lt;\/p&gt;\\r\\n&quot;}}\">\r\n\r\n<i><b>Menudo viaje. El sue\u00f1o torcido del arte contempor\u00e1neo<\/b><\/i>\u00a0(2022) compon una distopia probable: despr\u00e9s del col\u00b7lapse del model curatorial i expositiu, la Biennal 2064 resulta ser una cagarada conceptual validada per cercles de poder que especulen amb obres d\u2019art perdudes en contenidors de paradisos fiscals i que sumeixen en la mis\u00e8ria i l\u2019esclavatge multitud de creadoris. En aquesta ficci\u00f3 comunitats art\u00edstiques clandestines i una mica bandarres campen a plaer pels nostres carrers, subsol i ciberespai, donant pas a la disbauxa art\u00edstica, a la diverg\u00e8ncia i a la m\u00e0gia del caos.\r\n\r\nEl v\u00eddeo anir\u00e0 acompanyat d\u2019una conversa amb\u00a0<b>Eduardo Vaca\u00a0<\/b>per parlar de la cultura del remix i de mons culturals fora de la instituci\u00f3 del museu occidental. La conversa parteix de la lectura conjunta del llibre\u00a0<a href=\"https:\/\/valeriamata.com\/Plagie\" target=\"_blank\" rel=\"noopener noreferrer\">Plagie, copie, manipule, robe, reescriba este libro<\/a>\u00a0(Valeria Mata, publicat a Espanya per Ediciones Comisura) i del seu projecte\u00a0<a href=\"https:\/\/laexperimentalec.com\/index.php\/everything-is-a-remix-2\/\" target=\"_blank\" rel=\"noopener noreferrer\">Todo es un remix<\/a>\u00a0des de La Experimental (Equador).\r\n\r\n<\/div>\r\n<\/div>\r\n<div class=\"separator aem-GridColumn aem-GridColumn--default--12\">\r\n<div class=\"layout-container\">\r\n<div id=\"separator-f00cce0138\" class=\"cmp-separator\"><\/div>\r\n<\/div>\r\n<\/div>","desc_es":"MARTES DE V\u00cdDEO con Maria Ca\u00f1as y Eduardo Vaca\r\n\r\n<i><b>Menudo viaje. El sue\u00f1o torcido del arte contempor\u00e1neo<\/b><\/i>\u00a0(2022)compone una distop\u00eda probable: tras el colapso del modelo curatorial y expositivo, la Biennal 2064 resulta ser una bo\u00f1iga conceptual validada por c\u00edrculos de poder que especulan con obras de arte perdidas en contenedores de para\u00edsos fiscales y que sumen en la miseria y la esclavitud a multitud de creadorxs. Comunidades art\u00edsticas clandestinas y gamberrotas campan en esta ficci\u00f3n a sus anchas por nuestras calles, subsuelo y ciberespacio, dando paso al despiporre art\u00edstico, a la divergencia y a la magia del caos.\r\n\r\nEl v\u00eddeo vendr\u00e1 acompa\u00f1ado de una conversaci\u00f3n con\u00a0<b>Eduardo Vaca<\/b>\u00a0para hablar de la cultura del remix y de mundos culturales fuera de la instituci\u00f3n del museo occidental. La conversaci\u00f3n parte de la lectura conjunta del libro\u00a0<i><a href=\"https:\/\/valeriamata.com\/Plagie\" target=\"_blank\" rel=\"noopener noreferrer\">Plagie, copie, manipule, robe, reescriba este libro<\/a>\u00a0<\/i>(Valeria Mata, publicado en Espa\u00f1a por Ediciones Comisura) y de su proyecto\u00a0<a href=\"https:\/\/laexperimentalec.com\/index.php\/everything-is-a-remix-2\/\" target=\"_blank\" rel=\"noopener noreferrer\"><i>Todo es un remix<\/i><\/a>\u00a0desde La Experimental (Ecuador).","desc_en":"TUESDAYS OF VIDEO with Maria Ca\u00f1as and Eduardo Vaca\r\n\r\n<i><b>Menudo viaje. El sue\u00f1o torcido del arte contempor\u00e1neo<\/b><\/i>\u00a0(2022) portrays a probable dystopia: after the collapse of the curatorial and exhibition model, the Biennale 2064 turns out to be a conceptual dung heap validated by circles of power that speculate on works of art lost in containers in tax havens and that plunge a multitude of creators into misery and slavery. In this fiction, clandestine artistic communities and hooligans roam freely in our streets, underground and cyberspace, giving way to artistic debauchery, divergence and the magic of chaos.\r\n\r\nThe video will be accompanied by a conversation with\u00a0<b>Eduardo Vaca<\/b>\u00a0to discuss remix culture and cultural worlds outside the institution of the Western museum. The conversation is based on the joint reading of the book\u00a0<a href=\"https:\/\/valeriamata.com\/Plagie\">Plagie, copie, manipule, robe, reescriba este libro<\/a>\u00a0(Valeria Mata, published in Spain by Ediciones Comisura) and her project\u00a0<a href=\"https:\/\/laexperimentalec.com\/index.php\/everything-is-a-remix-2\/\">Todo es un remix<\/a>\u00a0from La Experimental (Ecuador).","event_category":440,"event_show_only_own_date":false,"_event_confirmed":true,"_event_public":true,"_event_free":true,"_event_price-min":"","_event_price-max":"","_event_web_ca":"https:\/\/www.santamonica.cat\/ca\/exposicions-i-activitats\/dimarts-de-video\/2025\/todo-es-un-remix","_event_web_es":"https:\/\/www.santamonica.cat\/es\/exposicions-i-activitats\/dimarts-de-video\/2025\/todo-es-un-remix","_event_web_en":"","event_contact_email":"","event_apply_email":"","is_online_event":false,"is_art_nou_event":false,"is_bgw_event":false,"date_text":"","register_deadline":null,"altres_organitzadors":""},"abe_event_venue":null,"abe_event_category":"Arts en Viu","start":"2025-11-25 19:00:00","end":"2025-11-25 20:15:00","schedule":"once","schedule_meta":"","frequency":1,"all_day":0,"until":"2025-11-25 19:00:00","include":[],"exclude":[],"_links":{"self":[{"href":"https:\/\/graf.cat\/en\/wp-json\/wp\/v2\/events\/52367","targetHints":{"allow":["GET"]}}],"collection":[{"href":"https:\/\/graf.cat\/en\/wp-json\/wp\/v2\/events"}],"about":[{"href":"https:\/\/graf.cat\/en\/wp-json\/wp\/v2\/types\/event"}],"author":[{"embeddable":true,"href":"https:\/\/graf.cat\/en\/wp-json\/wp\/v2\/users\/19"}],"occurrences":[{"embeddable":true,"href":"https:\/\/graf.cat\/en\/wp-json\/wp\/v2\/events\/52367\/occurrences"}],"acf:term":[{"embeddable":true,"taxonomy":"event-category","href":"https:\/\/graf.cat\/en\/wp-json\/wp\/v2\/event-category\/440"}],"wp:featuredmedia":[{"embeddable":true,"href":"https:\/\/graf.cat\/en\/wp-json\/wp\/v2\/media\/52369"}],"wp:attachment":[{"href":"https:\/\/graf.cat\/en\/wp-json\/wp\/v2\/media?parent=52367"}],"wp:term":[{"taxonomy":"event-venue","embeddable":true,"href":"https:\/\/graf.cat\/en\/wp-json\/wp\/v2\/event-venues?post=52367"},{"taxonomy":"event-tag","embeddable":true,"href":"https:\/\/graf.cat\/en\/wp-json\/wp\/v2\/event-tags?post=52367"}],"curies":[{"name":"wp","href":"https:\/\/api.w.org\/{rel}","templated":true}]}}

DIMARTS DE VÍDEO amb Maria Cañas i Eduardo Vaca
<div class="text aem-GridColumn--default--none aem-GridColumn aem-GridColumn--default--12 aem-GridColumn--offset--default--0">
<div id="text-bcea3811ed" class="cmp-text margin-container" data-cmp-data-layer="{&quot;text-bcea3811ed&quot;:{&quot;@type&quot;:&quot;aem-arts/components/content/text/v1/text&quot;,&quot;repo:modifyDate&quot;:&quot;2025-07-31T21:03:12Z&quot;,&quot;xdm:text&quot;:&quot;&lt;p&gt;&lt;i&gt;&lt;b&gt;Menudo viaje. El sueño torcido del arte contemporáneo&lt;/b&gt;&lt;/i&gt; (2022) compon una distopia probable: després del col·lapse del model curatorial i expositiu, la Biennal 2064 resulta ser una cagarada conceptual validada per cercles de poder que especulen amb obres d’art perdudes en contenidors de paradisos fiscals i que sumeixen en la misèria i l’esclavatge multitud de creadoris. En aquesta ficció comunitats artístiques clandestines i una mica bandarres campen a plaer pels nostres carrers, subsol i ciberespai, donant pas a la disbauxa artística, a la divergència i a la màgia del caos.&amp;nbsp;&lt;/p&gt;\r\n&lt;p&gt;El vídeo anirà acompanyat d’una conversa amb &lt;b style=\&quot;font-family: adobe-clean, &amp;quot;Source Sans Pro&amp;quot;, -apple-system, BlinkMacSystemFont, &amp;quot;Segoe UI&amp;quot;, Roboto, Ubuntu, &amp;quot;Trebuchet MS&amp;quot;, &amp;quot;Lucida Grande&amp;quot;, sans-serif;\&quot;&gt;Eduardo Vaca &lt;/b&gt;per parlar de la cultura del remix i de mons culturals fora de la institució del museu occidental. La conversa parteix de la lectura conjunta del llibre &lt;a href=\&quot;https://valeriamata.com/Plagie\&quot; target=\&quot;_blank\&quot; rel=\&quot;noopener noreferrer\&quot;&gt;Plagie, copie, manipule, robe, reescriba este libro&lt;/a&gt;&amp;nbsp;(Valeria Mata, publicat a Espanya per Ediciones Comisura) i del seu projecte &lt;a href=\&quot;https://laexperimentalec.com/index.php/everything-is-a-remix-2/\&quot; target=\&quot;_blank\&quot; rel=\&quot;noopener noreferrer\&quot;&gt;Todo es un remix&lt;/a&gt;&amp;nbsp;des de La Experimental (Equador).&lt;/p&gt;\r\n&quot;}}">

<i><b>Menudo viaje. El sueño torcido del arte contemporáneo</b></i> (2022) compon una distopia probable: després del col·lapse del model curatorial i expositiu, la Biennal 2064 resulta ser una cagarada conceptual validada per cercles de poder que especulen amb obres d’art perdudes en contenidors de paradisos fiscals i que sumeixen en la misèria i l’esclavatge multitud de creadoris. En aquesta ficció comunitats artístiques clandestines i una mica bandarres campen a plaer pels nostres carrers, subsol i ciberespai, donant pas a la disbauxa artística, a la divergència i a la màgia del caos.

El vídeo anirà acompanyat d’una conversa amb <b>Eduardo Vaca </b>per parlar de la cultura del remix i de mons culturals fora de la institució del museu occidental. La conversa parteix de la lectura conjunta del llibre <a href="https://valeriamata.com/Plagie" target="_blank" rel="noopener noreferrer">Plagie, copie, manipule, robe, reescriba este libro</a> (Valeria Mata, publicat a Espanya per Ediciones Comisura) i del seu projecte <a href="https://laexperimentalec.com/index.php/everything-is-a-remix-2/" target="_blank" rel="noopener noreferrer">Todo es un remix</a> des de La Experimental (Equador).

</div>
</div>
<div class="separator aem-GridColumn aem-GridColumn--default--12">
<div class="layout-container">
<div id="separator-f00cce0138" class="cmp-separator"></div>
</div>
</div>

MARTES DE VÍDEO con Maria Cañas y Eduardo Vaca

<i><b>Menudo viaje. El sueño torcido del arte contemporáneo</b></i> (2022)compone una distopía probable: tras el colapso del modelo curatorial y expositivo, la Biennal 2064 resulta ser una boñiga conceptual validada por círculos de poder que especulan con obras de arte perdidas en contenedores de paraísos fiscales y que sumen en la miseria y la esclavitud a multitud de creadorxs. Comunidades artísticas clandestinas y gamberrotas campan en esta ficción a sus anchas por nuestras calles, subsuelo y ciberespacio, dando paso al despiporre artístico, a la divergencia y a la magia del caos.

El vídeo vendrá acompañado de una conversación con <b>Eduardo Vaca</b> para hablar de la cultura del remix y de mundos culturales fuera de la institución del museo occidental. La conversación parte de la lectura conjunta del libro <i><a href="https://valeriamata.com/Plagie" target="_blank" rel="noopener noreferrer">Plagie, copie, manipule, robe, reescriba este libro</a> </i>(Valeria Mata, publicado en España por Ediciones Comisura) y de su proyecto <a href="https://laexperimentalec.com/index.php/everything-is-a-remix-2/" target="_blank" rel="noopener noreferrer"><i>Todo es un remix</i></a> desde La Experimental (Ecuador).

TUESDAYS OF VIDEO with Maria Cañas and Eduardo Vaca

<i><b>Menudo viaje. El sueño torcido del arte contemporáneo</b></i> (2022) portrays a probable dystopia: after the collapse of the curatorial and exhibition model, the Biennale 2064 turns out to be a conceptual dung heap validated by circles of power that speculate on works of art lost in containers in tax havens and that plunge a multitude of creators into misery and slavery. In this fiction, clandestine artistic communities and hooligans roam freely in our streets, underground and cyberspace, giving way to artistic debauchery, divergence and the magic of chaos.

The video will be accompanied by a conversation with <b>Eduardo Vaca</b> to discuss remix culture and cultural worlds outside the institution of the Western museum. The conversation is based on the joint reading of the book <a href="https://valeriamata.com/Plagie">Plagie, copie, manipule, robe, reescriba este libro</a> (Valeria Mata, published in Spain by Ediciones Comisura) and her project <a href="https://laexperimentalec.com/index.php/everything-is-a-remix-2/">Todo es un remix</a> from La Experimental (Ecuador).
