{"id":53210,"guid":{"rendered":"https:\/\/graf.cat\/?post_type=event&#038;p=53210"},"modified":"2025-12-09T13:26:59","modified_gmt":"2025-12-09T11:26:59","slug":"hypopressive-leo-burge-2","status":"publish","type":"event","link":"https:\/\/graf.cat\/en\/events\/event\/hypopressive-leo-burge-2\/","title":{"rendered":"Hypopressive. Leo Burge"},"content":{"rendered":"","protected":false},"excerpt":{"rendered":"","protected":false},"author":21,"featured_media":53207,"template":"","meta":{"_acf_changed":false,"_monsterinsights_skip_tracking":false,"_monsterinsights_sitenote_active":false,"_monsterinsights_sitenote_note":"","_monsterinsights_sitenote_category":0},"event-venues":[102],"event-tags":[],"class_list":["post-53210","event","type-event","status-publish","has-post-thumbnail","hentry","event-venue-ethall-2","event-category-inauguracio"],"acf":{"title_ca":"Hypopressive. Leo Burge","title_es":"Hypopressive. Leo Burge","title_en":"Hypopressive. Leo Burge","desc_ca":"Hypopressive\u00a0reuneix relleus, dibuixos i retalls processuals. Alguns han estat acoblats sobre bastidors confeccionats a m\u00e0, uns altres en prototips de vitrines o expositor. En general, s\u2019estructuren entre si, encara que requereixen una certa autonomia.\r\n\r\nMedien amb la llum a la qual s\u00f3n sensibles les esquerdes realitzades en paper, els plecs en el metall. Alguns poden mirar-se com es contempla l\u2019horitz\u00f3, o una visi\u00f3 panor\u00e0mica des del cim d\u2019un cim urb\u00e0, fins i tot revelant la curvatura de la terra i les edificacions i figures com a mers indicis d\u2019una trama. En efecte, \u00e9s un canvi d\u2019escala el que sovint m\u2019incita\u00a0a\u00a0treballar.","desc_es":"Hypopressive\u00a0re\u00fane relieves, dibujos y retazos procesuales. Algunos han sido ensamblados sobre bastidores confeccionados a mano, otros en prototipos de vitrinas o expositor. Por lo general se estructuran entre s\u00ed, aunque requieren cierta autonom\u00eda.\r\n\r\nMedian con la luz a la cual son sensibles las hendiduras realizadas en papel, las dobleces en el metal. Algunos pueden mirarse como se contempla el horizonte, o una visi\u00f3n panor\u00e1mica desde la cima de una cumbre urbana, incluso desvelando la curvatura de la tierra y las edificaciones y figuras como meros indicios de una trama. En efecto, es un cambio de escala lo que a menudo me incita\u00a0a\u00a0trabajar.","desc_en":"Hypopressive\u00a0brings together reliefs, drawings, and process fragments. Some have been assembled on handmade frames, others in prototype display cases or showcases. They are generally structured in relation to each other, although they require a certain degree of autonomy.\r\n\r\nThey interact with the light to which the slits in the paper and the folds in the metal are sensitive. Some can be viewed as one would contemplate the horizon, or a panoramic view from the top of an urban peak, even revealing the curvature of the earth and the buildings and figures as mere hints of a plot. In effect, it is a change of scale that often incites me to work.","event_category":189,"event_show_only_own_date":true,"_event_confirmed":true,"_event_public":true,"_event_free":true,"_event_price-min":"","_event_price-max":"","_event_web_ca":"https:\/\/www.ethall.net\/","_event_web_es":"https:\/\/www.ethall.net\/","_event_web_en":"https:\/\/www.ethall.net\/","event_contact_email":"","event_apply_email":"","is_online_event":false,"is_art_nou_event":false,"is_bgw_event":false,"date_text":"","register_deadline":null,"altres_organitzadors":""},"abe_event_venue":"ethall","abe_event_category":"Inauguraci\u00f3","start":"2025-12-13 12:00:00","end":"2025-12-13 16:00:00","schedule":"once","schedule_meta":"","frequency":1,"all_day":0,"until":"2025-12-13 12:00:00","include":[],"exclude":[],"_links":{"self":[{"href":"https:\/\/graf.cat\/en\/wp-json\/wp\/v2\/events\/53210","targetHints":{"allow":["GET"]}}],"collection":[{"href":"https:\/\/graf.cat\/en\/wp-json\/wp\/v2\/events"}],"about":[{"href":"https:\/\/graf.cat\/en\/wp-json\/wp\/v2\/types\/event"}],"author":[{"embeddable":true,"href":"https:\/\/graf.cat\/en\/wp-json\/wp\/v2\/users\/21"}],"occurrences":[{"embeddable":true,"href":"https:\/\/graf.cat\/en\/wp-json\/wp\/v2\/events\/53210\/occurrences"}],"acf:term":[{"embeddable":true,"taxonomy":"event-category","href":"https:\/\/graf.cat\/en\/wp-json\/wp\/v2\/event-category\/189"}],"wp:featuredmedia":[{"embeddable":true,"href":"https:\/\/graf.cat\/en\/wp-json\/wp\/v2\/media\/53207"}],"wp:attachment":[{"href":"https:\/\/graf.cat\/en\/wp-json\/wp\/v2\/media?parent=53210"}],"wp:term":[{"taxonomy":"event-venue","embeddable":true,"href":"https:\/\/graf.cat\/en\/wp-json\/wp\/v2\/event-venues?post=53210"},{"taxonomy":"event-tag","embeddable":true,"href":"https:\/\/graf.cat\/en\/wp-json\/wp\/v2\/event-tags?post=53210"}],"curies":[{"name":"wp","href":"https:\/\/api.w.org\/{rel}","templated":true}]}}

Hypopressive reuneix relleus, dibuixos i retalls processuals. Alguns han estat acoblats sobre bastidors confeccionats a mà, uns altres en prototips de vitrines o expositor. En general, s’estructuren entre si, encara que requereixen una certa autonomia.

Medien amb la llum a la qual són sensibles les esquerdes realitzades en paper, els plecs en el metall. Alguns poden mirar-se com es contempla l’horitzó, o una visió panoràmica des del cim d’un cim urbà, fins i tot revelant la curvatura de la terra i les edificacions i figures com a mers indicis d’una trama. En efecte, és un canvi d’escala el que sovint m’incita a treballar.

Hypopressive reúne relieves, dibujos y retazos procesuales. Algunos han sido ensamblados sobre bastidores confeccionados a mano, otros en prototipos de vitrinas o expositor. Por lo general se estructuran entre sí, aunque requieren cierta autonomía.

Median con la luz a la cual son sensibles las hendiduras realizadas en papel, las dobleces en el metal. Algunos pueden mirarse como se contempla el horizonte, o una visión panorámica desde la cima de una cumbre urbana, incluso desvelando la curvatura de la tierra y las edificaciones y figuras como meros indicios de una trama. En efecto, es un cambio de escala lo que a menudo me incita a trabajar.

Inauguració
