{"id":54464,"guid":{"rendered":"https:\/\/graf.cat\/?post_type=event&#038;p=54464"},"modified":"2026-02-12T19:11:35","modified_gmt":"2026-02-12T17:11:35","slug":"un-solo-dos-solos-violeta-mayoral","status":"publish","type":"event","link":"https:\/\/graf.cat\/en\/events\/event\/un-solo-dos-solos-violeta-mayoral\/","title":{"rendered":"Un solo dos solos. Violeta Mayoral"},"content":{"rendered":"","protected":false},"excerpt":{"rendered":"","protected":false},"author":21,"featured_media":54685,"template":"","meta":{"_acf_changed":false,"_monsterinsights_skip_tracking":false,"_monsterinsights_sitenote_active":false,"_monsterinsights_sitenote_note":"","_monsterinsights_sitenote_category":0},"event-venues":[102],"event-tags":[],"class_list":["post-54464","event","type-event","status-publish","has-post-thumbnail","hentry","event-venue-ethall-2","event-category-exposicio"],"acf":{"title_ca":"Un solo dos solos. Violeta Mayoral","title_es":"Un solo dos solos. Violeta Mayoral","title_en":"Un solo dos solos. Violeta Mayoral","desc_ca":"Fa m\u00e9s d\u2019un any que intento memoritzar tots els noms de les persones que viuen al meu poble. Em passa que a vegades oblido el nom del lloc i em costa retenir quantes persones es deien Maria, igual que la meva \u00e0via. Somio que m\u2019ajudes en aquesta tasca, perqu\u00e8 soles no, oi? A totes ens costa tornar, a totes ens cau una ll\u00e0grima quan, tan valentes, tanquem els ulls i travessem el llindar, aquell que ens porta al centre, al moviment \u00edntim; l\u2019espai de l\u2019abisme, aquella cavitat ressonant amb les seves dist\u00e0ncies, finestres obertes i portes tancades. Un centre que tendeix a recollir tot all\u00f2 que a fora camina dispers. All\u00e0 hi sona una can\u00e7\u00f3, i l\u2019escrivim, per escoltar-la, perqu\u00e8 ens doni la m\u00e0 quan ho necessitem, com quan el meu amic Sergi diu \u201ct\u2019avances a tu mateixa, et gires i et fas l\u2019ullet\u201d*.\r\n\r\nFragments de \u201cPegadas, t<em>odo el horizonte posible\u201d<\/em>\r\n*Sergi Botella \u201c<em>CrashPad\u201d<\/em>","desc_es":"Hace m\u00e1s de un a\u00f1o que trato de memorizar todos los nombres de las personas que viven en mi pueblo. Me pasa que a veces olvido el nombre del lugar y me cuesta retener a cu\u00e1ntas personas llamaron Mar\u00eda, al igual que a mi abuela. Sue\u00f1o con que me ayudas en esa tarea, porque sols no \u00bfno? A tods nos cuesta volver, a tods nos sale una l\u00e1grima cuando, tan valientes, cerramos los ojos y pasamos el umbral, ese que nos lleva al centro, al movimiento \u00edntimo; el espacio del abismo, esa cavidad resonante con sus distancias, ventanas abiertas y puertas cerradas. Un centro que tiende a recoger todo lo que afuera anda disperso. All\u00ed suena una canci\u00f3n, y la escribimos, para escucharla, para que nos de la mano cuando lo necesitamos, como cuando mi amigo Sergi dice \u201cte adelantas a ti misma, te giras y te gui\u00f1as el ojo\u201d*.\r\n\r\nFragmentos de \u201cPegadas, t<em>odo el horizonte posible\u201d\r\n<\/em>*Sergi Botella \u201c<em>CrashPad\u201d<\/em>","desc_en":"This content is not available in English.\r\nYou can consult it in Catalan or Spanish.","event_category":103,"event_show_only_own_date":true,"_event_confirmed":true,"_event_public":true,"_event_free":true,"_event_price-min":"","_event_price-max":"","_event_web_ca":"https:\/\/www.ethall.net\/vio2026.html","_event_web_es":"https:\/\/www.ethall.net\/vio2026.html","_event_web_en":"https:\/\/www.ethall.net\/vio2026.html","event_contact_email":"","event_apply_email":"","is_online_event":false,"is_art_nou_event":false,"is_bgw_event":false,"date_text":"","register_deadline":null,"altres_organitzadors":""},"abe_event_venue":"ethall","abe_event_category":"Exposici\u00f3","start":"2026-02-21 00:00:00","end":"2026-04-18 23:59:00","schedule":"once","schedule_meta":"","frequency":1,"all_day":1,"until":"2026-02-21 00:00:00","include":[],"exclude":[],"_links":{"self":[{"href":"https:\/\/graf.cat\/en\/wp-json\/wp\/v2\/events\/54464","targetHints":{"allow":["GET"]}}],"collection":[{"href":"https:\/\/graf.cat\/en\/wp-json\/wp\/v2\/events"}],"about":[{"href":"https:\/\/graf.cat\/en\/wp-json\/wp\/v2\/types\/event"}],"author":[{"embeddable":true,"href":"https:\/\/graf.cat\/en\/wp-json\/wp\/v2\/users\/21"}],"occurrences":[{"embeddable":true,"href":"https:\/\/graf.cat\/en\/wp-json\/wp\/v2\/events\/54464\/occurrences"}],"acf:term":[{"embeddable":true,"taxonomy":"event-category","href":"https:\/\/graf.cat\/en\/wp-json\/wp\/v2\/event-category\/103"}],"wp:featuredmedia":[{"embeddable":true,"href":"https:\/\/graf.cat\/en\/wp-json\/wp\/v2\/media\/54685"}],"wp:attachment":[{"href":"https:\/\/graf.cat\/en\/wp-json\/wp\/v2\/media?parent=54464"}],"wp:term":[{"taxonomy":"event-venue","embeddable":true,"href":"https:\/\/graf.cat\/en\/wp-json\/wp\/v2\/event-venues?post=54464"},{"taxonomy":"event-tag","embeddable":true,"href":"https:\/\/graf.cat\/en\/wp-json\/wp\/v2\/event-tags?post=54464"}],"curies":[{"name":"wp","href":"https:\/\/api.w.org\/{rel}","templated":true}]}}

Fa més d’un any que intento memoritzar tots els noms de les persones que viuen al meu poble. Em passa que a vegades oblido el nom del lloc i em costa retenir quantes persones es deien Maria, igual que la meva àvia. Somio que m’ajudes en aquesta tasca, perquè soles no, oi? A totes ens costa tornar, a totes ens cau una llàgrima quan, tan valentes, tanquem els ulls i travessem el llindar, aquell que ens porta al centre, al moviment íntim; l’espai de l’abisme, aquella cavitat ressonant amb les seves distàncies, finestres obertes i portes tancades. Un centre que tendeix a recollir tot allò que a fora camina dispers. Allà hi sona una cançó, i l’escrivim, per escoltar-la, perquè ens doni la mà quan ho necessitem, com quan el meu amic Sergi diu “t’avances a tu mateixa, et gires i et fas l’ullet”*.

Fragments de “Pegadas, t<em>odo el horizonte posible”</em>
*Sergi Botella “<em>CrashPad”</em>

Hace más de un año que trato de memorizar todos los nombres de las personas que viven en mi pueblo. Me pasa que a veces olvido el nombre del lugar y me cuesta retener a cuántas personas llamaron María, al igual que a mi abuela. Sueño con que me ayudas en esa tarea, porque sols no ¿no? A tods nos cuesta volver, a tods nos sale una lágrima cuando, tan valientes, cerramos los ojos y pasamos el umbral, ese que nos lleva al centro, al movimiento íntimo; el espacio del abismo, esa cavidad resonante con sus distancias, ventanas abiertas y puertas cerradas. Un centro que tiende a recoger todo lo que afuera anda disperso. Allí suena una canción, y la escribimos, para escucharla, para que nos de la mano cuando lo necesitamos, como cuando mi amigo Sergi dice “te adelantas a ti misma, te giras y te guiñas el ojo”*.

Fragmentos de “Pegadas, t<em>odo el horizonte posible”
</em>*Sergi Botella “<em>CrashPad”</em>

Exposició
