{"id":55307,"guid":{"rendered":"https:\/\/graf.cat\/?post_type=event&#038;p=55307"},"modified":"2026-03-05T15:38:42","modified_gmt":"2026-03-05T13:38:42","slug":"estetiques-transversals-2026","status":"publish","type":"event","link":"https:\/\/graf.cat\/en\/events\/event\/estetiques-transversals-2026\/","title":{"rendered":"Est\u00e8tiques Transversals 2026"},"content":{"rendered":"","protected":false},"excerpt":{"rendered":"","protected":false},"author":158,"featured_media":55308,"template":"","meta":{"_acf_changed":false,"_monsterinsights_skip_tracking":false,"_monsterinsights_sitenote_active":false,"_monsterinsights_sitenote_note":"","_monsterinsights_sitenote_category":0},"event-venues":[],"event-tags":[],"class_list":["post-55307","event","type-event","status-publish","has-post-thumbnail","hentry","event-category-convocatories"],"acf":{"title_ca":"Est\u00e8tiques Transversals 2026","title_es":"Est\u00e9ticas Transversales 2026","title_en":"Transversal Aesthetics 2026","desc_ca":"<strong>Est\u00e8tiques Transversals 2026<\/strong><strong>\r\n<\/strong><strong>Convocat\u00f2ria de dues resid\u00e8ncies de recerca i producci\u00f3 art\u00edstica\r\n<\/strong><a href=\"https:\/\/www.centrohuarte.es\/es\">Centro Huarte<\/a>\u00a0+\u00a0<a href=\"https:\/\/www.idensitat.net\/es\/\">Idensitat<\/a><strong>\r\n\r\nDues resid\u00e8ncies de recerca i producci\u00f3 art\u00edstica\r\n<\/strong>1\u00aa fase Barcelona 12 al 31 de mayo\r\n2\u00aa fase Huarte 1 al 30 de junio<strong>\r\n\r\nRecepci\u00f3 de propostes\u00a0fins al 16\/03\/2026\r\n<\/strong><a href=\"https:\/\/www.idensitat.net\/ca\/projectes-en-proces\/estetiques-transversals-2\/idensitat-centro-huarte\/1880-estetiques-transversals-2026\/?option=com_rsform&amp;view=rsform&amp;formId=64\" target=\"_self\">&gt; ACC\u00c9S AL FORMULARI D'INSCRIPCI\u00d3<\/a><strong>\r\n\r\n<\/strong>\r\n\r\n<strong>Est\u00e8tiques Transversals<\/strong>\u00a0\u00e9s una l\u00ednia de recerca i experimentaci\u00f3 en l'encreuament entre art, mediaci\u00f3 i espai social. Un lloc de conflu\u00e8ncia entre les\u00a0<strong>pr\u00e0ctiques art\u00edstiques<\/strong>\u00a0com a espai de recerca cr\u00edtica; les\u00a0<strong>accions de mediaci\u00f3<\/strong>\u00a0com a espai de producci\u00f3 de contingut, d'interacci\u00f3 i de transfer\u00e8ncia d'aprenentatges; i el\u00a0<strong>context<\/strong>\u00a0com a espai de relaci\u00f3 entre una tem\u00e0tica de treball i un determinat espai social actiu al voltant d'ella.\r\n\r\nLa convocat\u00f2ria t\u00e9 com a finalitat la selecci\u00f3 de dos projectes: un per a artistes residents a Navarra i un altre per a artistes residents en altres punts del territori estatal, per a la realitzaci\u00f3 de sengles resid\u00e8ncies que es duran a terme en dues fases de manera paral\u00b7lela, una a Barcelona i una altra en Huarte.\r\n\r\nLes resid\u00e8ncies s'entenen com a generadores d'espais socials, culturals i mediambientals. A trav\u00e9s d'elles es treballar\u00e0 amb l'especificitat dels contextos mitjan\u00e7ant processos relacionats amb l'activaci\u00f3 de l'espai social entorn de la figura del riu\u00a0<strong>Arga<\/strong>\u00a0en el seu pas per Huarte, Villava i Burlada.\r\n\r\nBases completes <a href=\"https:\/\/www.idensitat.net\/ca\/projectes-en-proces\/estetiques-transversals-2\/idensitat-centro-huarte\/1880-estetiques-transversals-2026\">aqu\u00ed<\/a><strong>\r\n<\/strong>","desc_es":"<strong>Est\u00e9ticas Transversales 2026<\/strong><strong>\r\n<\/strong><strong>Convocatoria de dos residencias de investigaci\u00f3n y producci\u00f3n art\u00edstica\r\n<\/strong><a href=\"https:\/\/www.centrohuarte.es\/es\">Centro Huarte<\/a>\u00a0+\u00a0<a href=\"https:\/\/www.idensitat.net\/es\/\">Idensitat<\/a>\r\n\r\n<strong>Residencias de investigaci\u00f3n y producci\u00f3n art\u00edsticas en Huarte y Barcelona\r\n<\/strong>1\u00aa fase Barcelona\u00a012 al 31 de mayo\r\n2\u00aa fase Huarte\u00a01 al 30 de junio\r\n\r\n<strong>Recepci\u00f3n de propuestas hasta el 16\/03\/2026\r\n<\/strong><a href=\"https:\/\/www.idensitat.net\/es\/proyectos-en-proceso\/esteticas-transversales-2\/idensitat-centro-huarte\/1879-esteticas-transversales-2026\/?option=com_rsform&amp;view=rsform&amp;formId=63\" target=\"_self\">&gt; ACCESO AL FORMULARIO DE INSCRIPCI\u00d3N<\/a>\r\n\r\n<strong>Est\u00e9ticas Transversales<\/strong>\u00a0es una l\u00ednea de investigaci\u00f3n y experimentaci\u00f3n en el cruce entre arte, mediaci\u00f3n y espacio social. Un lugar de confluencia entre\u00a0<strong>las pr\u00e1cticas art\u00edsticas<\/strong>\u00a0como espacio de investigaci\u00f3n cr\u00edtica;<strong>\u00a0las acciones de mediaci\u00f3n<\/strong>\u00a0como espacio de producci\u00f3n de contenido, de interacci\u00f3n y de transferencia de aprendizajes; y\u00a0<strong>el contexto<\/strong>\u00a0como espacio de relaci\u00f3n entre una tem\u00e1tica de trabajo y un determinado espacio social activo alrededor de ella.\r\n\r\nLa convocatoria tiene como finalidad la selecci\u00f3n de dos proyectos: uno para artistas residentes en Navarra y otro para artistas residentes en otros puntos del territorio estatal, para la realizaci\u00f3n de sendas residencias que se llevar\u00e1n a cabo en dos fases de manera paralela, una en Barcelona y otra en Huarte.\r\n\r\nLas residencias se entienden como generadoras de espacios sociales, culturales y medioambientales. A trav\u00e9s de ellas se trabajar\u00e1 con la especificidad de los contextos mediante procesos relacionados con la activaci\u00f3n del espacio social en torno a la figura del r\u00edo\u00a0<strong>Arga<\/strong>\u00a0en su paso por Huarte, Villava y Burlada.\r\n\r\nBases completas <a href=\"https:\/\/www.idensitat.net\/es\/proyectos-en-proceso\/esteticas-transversales-2\/idensitat-centro-huarte\/1879-esteticas-transversales-2026\">aqu\u00ed<\/a>","desc_en":"<strong>Transversal Aesthetics 2026\r\n<\/strong>Call for Two Artistic Research and Production Residencies<strong>\r\n<\/strong><a href=\"https:\/\/www.centrohuarte.es\/es\">Centro Huarte<\/a>\u00a0+\u00a0<a href=\"https:\/\/www.idensitat.net\/es\/\">Idensitat<\/a>\r\n\r\n<strong>Artistic Research and Production Residencies in Huarte and Barcelona\r\n<\/strong>Phase 1 Barcelona:\u00a012\u201331 May\r\nPhase 2 Huarte:\u00a01\u201330 June<strong>\r\n<\/strong>\r\nDeadline for submissions:\u00a0<strong>16\/03\/2026\r\n<\/strong><a href=\"https:\/\/www.idensitat.net\/en\/current-projects\/transversal-aesthetics-2\/idensitat-centro-huarte\/1881-transversal-aesthetics-2026\/?option=com_rsform&amp;view=rsform&amp;formId=63\" target=\"_self\">&gt;ACCESS TO THE APPLICATION<\/a><a href=\"https:\/\/www.idensitat.net\/en\/current-projects\/transversal-aesthetics-2\/idensitat-centro-huarte\/1881-transversal-aesthetics-2026\/?option=com_rsform&amp;view=rsform&amp;formId=63\" target=\"_self\"> FORM<\/a>\r\n\r\nTransversal Aesthetics is a line of research and experimentation at the intersection of art, mediation, and social space. It serves as a point of convergence between artistic practices as spaces for critical inquiry; mediation practices as spaces for the production of content, interaction, and the transfer of learning; and context as a relational space between a working theme and the social environment active around it.\r\nThis call aims to select two projects:\r\n\u2014 one for artists residing in Navarra, and\r\n\u2014 one for artists residing elsewhere in Spain,\r\nto carry out two parallel residencies in Barcelona and Huarte.\r\nThe residencies are understood as generators of social, cultural and environmental spaces. They will work with the specificity of local contexts through processes involving the activation of the social space around the Arga River as it runs through Huarte, Villava and Burlada.\r\n\r\nTerms and conditions <a href=\"https:\/\/www.idensitat.net\/en\/current-projects\/transversal-aesthetics-2\/idensitat-centro-huarte\/1881-transversal-aesthetics-2026\">here<\/a>","event_category":77,"event_show_only_own_date":true,"_event_confirmed":true,"_event_public":true,"_event_free":true,"_event_price-min":"","_event_price-max":"","_event_web_ca":"https:\/\/www.idensitat.net\/ca\/projectes-en-proces\/estetiques-transversals-2\/idensitat-centro-huarte\/1880-estetiques-transversals-2026","_event_web_es":"https:\/\/www.idensitat.net\/es\/proyectos-en-proceso\/esteticas-transversales-2\/idensitat-centro-huarte\/1879-esteticas-transversales-2026","_event_web_en":"https:\/\/www.idensitat.net\/en\/current-projects\/transversal-aesthetics-2\/idensitat-centro-huarte\/1881-transversal-aesthetics-2026","event_contact_email":"","event_apply_email":"","is_online_event":false,"is_art_nou_event":false,"is_bgw_event":false,"date_text":"","register_deadline":null,"altres_organitzadors":""},"abe_event_venue":null,"abe_event_category":"Convocat\u00f2ries","start":"2026-02-13 00:00:00","end":"2026-03-20 23:59:00","schedule":"once","schedule_meta":"","frequency":1,"all_day":1,"until":"2026-02-13 00:00:00","include":[],"exclude":[],"_links":{"self":[{"href":"https:\/\/graf.cat\/en\/wp-json\/wp\/v2\/events\/55307","targetHints":{"allow":["GET"]}}],"collection":[{"href":"https:\/\/graf.cat\/en\/wp-json\/wp\/v2\/events"}],"about":[{"href":"https:\/\/graf.cat\/en\/wp-json\/wp\/v2\/types\/event"}],"author":[{"embeddable":true,"href":"https:\/\/graf.cat\/en\/wp-json\/wp\/v2\/users\/158"}],"occurrences":[{"embeddable":true,"href":"https:\/\/graf.cat\/en\/wp-json\/wp\/v2\/events\/55307\/occurrences"}],"acf:term":[{"embeddable":true,"taxonomy":"event-category","href":"https:\/\/graf.cat\/en\/wp-json\/wp\/v2\/event-category\/77"}],"wp:featuredmedia":[{"embeddable":true,"href":"https:\/\/graf.cat\/en\/wp-json\/wp\/v2\/media\/55308"}],"wp:attachment":[{"href":"https:\/\/graf.cat\/en\/wp-json\/wp\/v2\/media?parent=55307"}],"wp:term":[{"taxonomy":"event-venue","embeddable":true,"href":"https:\/\/graf.cat\/en\/wp-json\/wp\/v2\/event-venues?post=55307"},{"taxonomy":"event-tag","embeddable":true,"href":"https:\/\/graf.cat\/en\/wp-json\/wp\/v2\/event-tags?post=55307"}],"curies":[{"name":"wp","href":"https:\/\/api.w.org\/{rel}","templated":true}]}}

Estètiques Transversals 2026

Estéticas Transversales 2026

<strong>Estètiques Transversals 2026</strong><strong>
</strong><strong>Convocatòria de dues residències de recerca i producció artística
</strong><a href="https://www.centrohuarte.es/es">Centro Huarte</a> + <a href="https://www.idensitat.net/es/">Idensitat</a><strong>

Dues residències de recerca i producció artística
</strong>1ª fase Barcelona 12 al 31 de mayo
2ª fase Huarte 1 al 30 de junio<strong>

Recepció de propostes fins al 16/03/2026
</strong><a href="https://www.idensitat.net/ca/projectes-en-proces/estetiques-transversals-2/idensitat-centro-huarte/1880-estetiques-transversals-2026/?option=com_rsform&amp;view=rsform&amp;formId=64" target="_self">&gt; ACCÉS AL FORMULARI D'INSCRIPCIÓ</a><strong>

</strong>

<strong>Estètiques Transversals</strong> és una línia de recerca i experimentació en l'encreuament entre art, mediació i espai social. Un lloc de confluència entre les <strong>pràctiques artístiques</strong> com a espai de recerca crítica; les <strong>accions de mediació</strong> com a espai de producció de contingut, d'interacció i de transferència d'aprenentatges; i el <strong>context</strong> com a espai de relació entre una temàtica de treball i un determinat espai social actiu al voltant d'ella.

La convocatòria té com a finalitat la selecció de dos projectes: un per a artistes residents a Navarra i un altre per a artistes residents en altres punts del territori estatal, per a la realització de sengles residències que es duran a terme en dues fases de manera paral·lela, una a Barcelona i una altra en Huarte.

Les residències s'entenen com a generadores d'espais socials, culturals i mediambientals. A través d'elles es treballarà amb l'especificitat dels contextos mitjançant processos relacionats amb l'activació de l'espai social entorn de la figura del riu <strong>Arga</strong> en el seu pas per Huarte, Villava i Burlada.

Bases completes <a href="https://www.idensitat.net/ca/projectes-en-proces/estetiques-transversals-2/idensitat-centro-huarte/1880-estetiques-transversals-2026">aquí</a><strong>
</strong>

<strong>Estéticas Transversales 2026</strong><strong>
</strong><strong>Convocatoria de dos residencias de investigación y producción artística
</strong><a href="https://www.centrohuarte.es/es">Centro Huarte</a> + <a href="https://www.idensitat.net/es/">Idensitat</a>

<strong>Residencias de investigación y producción artísticas en Huarte y Barcelona
</strong>1ª fase Barcelona 12 al 31 de mayo
2ª fase Huarte 1 al 30 de junio

<strong>Recepción de propuestas hasta el 16/03/2026
</strong><a href="https://www.idensitat.net/es/proyectos-en-proceso/esteticas-transversales-2/idensitat-centro-huarte/1879-esteticas-transversales-2026/?option=com_rsform&amp;view=rsform&amp;formId=63" target="_self">&gt; ACCESO AL FORMULARIO DE INSCRIPCIÓN</a>

<strong>Estéticas Transversales</strong> es una línea de investigación y experimentación en el cruce entre arte, mediación y espacio social. Un lugar de confluencia entre <strong>las prácticas artísticas</strong> como espacio de investigación crítica;<strong> las acciones de mediación</strong> como espacio de producción de contenido, de interacción y de transferencia de aprendizajes; y <strong>el contexto</strong> como espacio de relación entre una temática de trabajo y un determinado espacio social activo alrededor de ella.

La convocatoria tiene como finalidad la selección de dos proyectos: uno para artistas residentes en Navarra y otro para artistas residentes en otros puntos del territorio estatal, para la realización de sendas residencias que se llevarán a cabo en dos fases de manera paralela, una en Barcelona y otra en Huarte.

Las residencias se entienden como generadoras de espacios sociales, culturales y medioambientales. A través de ellas se trabajará con la especificidad de los contextos mediante procesos relacionados con la activación del espacio social en torno a la figura del río <strong>Arga</strong> en su paso por Huarte, Villava y Burlada.

Bases completas <a href="https://www.idensitat.net/es/proyectos-en-proceso/esteticas-transversales-2/idensitat-centro-huarte/1879-esteticas-transversales-2026">aquí</a>

Convocatòries
