{"id":55584,"guid":{"rendered":"https:\/\/graf.cat\/?post_type=event&#038;p=55584"},"modified":"2026-03-11T14:16:51","modified_gmt":"2026-03-11T12:16:51","slug":"convocatoria-tres-beques-dinvestigacio-artistica-barcelona-crea-homesession-2026","status":"publish","type":"event","link":"https:\/\/graf.cat\/en\/events\/event\/convocatoria-tres-beques-dinvestigacio-artistica-barcelona-crea-homesession-2026\/","title":{"rendered":"Convocat\u00f2ria: Tres beques d\u2019investigaci\u00f3 art\u00edstica \/ Barcelona Crea \u2013 Homesession 2026"},"content":{"rendered":"","protected":false},"excerpt":{"rendered":"","protected":false},"author":3,"featured_media":55585,"template":"","meta":{"_acf_changed":false,"_monsterinsights_skip_tracking":false,"_monsterinsights_sitenote_active":false,"_monsterinsights_sitenote_note":"","_monsterinsights_sitenote_category":0},"event-venues":[131],"event-tags":[],"class_list":["post-55584","event","type-event","status-publish","has-post-thumbnail","hentry","event-venue-homesession","event-category-convocatories"],"acf":{"title_ca":"Convocat\u00f2ria: Tres beques d\u2019investigaci\u00f3 art\u00edstica \/ Barcelona Crea \u2013 Homesession 2026","title_es":"Convocatoria: Tres becas d\u2019investigaci\u00f3n art\u00edstica \/ Barcelona Crea \u2013 Homesession 2026","title_en":"Open Call: Three artistic research grants \/ Barcelona Crea \u2013 Homesession 2026","desc_ca":"Homesession llan\u00e7a una nova convocat\u00f2ria per aplicar a les <strong>Beques Barcelona Crea Homesession 26<\/strong>.\r\n\r\nEl prop\u00f2sit d\u2019aquesta convocat\u00f2ria \u00e9s donar suport a la fase d\u2019investigaci\u00f3 i experimentaci\u00f3 de tres\u00a0<strong>projectes de nova creaci\u00f3<\/strong>\u00a0en el marc de les arts visuals, siguin\u00a0<strong>individuals o col\u00b7lectius<\/strong>.\r\nAmb aquests ajuts es vol contribuir a mantenir l\u2019impuls cultural de la ciutat oferint recursos per desenvolupar processos de recerca i innovaci\u00f3 art\u00edstica a la ciutat.\r\n\r\nAquesta compta amb una dotaci\u00f3 econ\u00f2mica de\u00a0<strong>6.000\u202f\u20ac<\/strong>\u00a0bruts per projecte seleccionat.\r\n\r\nS\u2019adre\u00e7a a artistes i col\u00b7lectius majors d\u2019edat, que poden ser de qualsevol g\u00e8nere i nacionalitat, mentre siguin residents o nascuts a Barcelona o la seva \u00e0rea metropolitana, o b\u00e9 que presentin una proposta vinculada amb\u00a0<strong>Barcelona o la seva \u00e0rea metropolitana<\/strong>.\r\n\r\n<strong>Dates<\/strong>\r\n<span style=\"text-decoration: underline\">Per\u00edode de recepci\u00f3 de propostes:\u00a0<\/span>fins al 16 d\u2019abril de 2026 a les 23.59\r\n<span style=\"text-decoration: underline\">Resoluci\u00f3:\u00a0<\/span>setmana del 11 de maig de 2026\r\n<span style=\"text-decoration: underline\">Per\u00edode de treball:<\/span>\u00a01 de juny, 2026 \u2013\u00a031 de gener, 2027\r\n\r\nLa sol\u00b7licitud s\u2019ha d\u2019enviar a trav\u00e9s d\u2019un formulari i adjuntar en el mateix formulari un pdf amb la informaci\u00f3 detallada a les bases.\r\n\r\n<a href=\"https:\/\/www.homesession.org\/wp-content\/uploads\/2026\/03\/Def_HS-BASE-BBC-26_26-01-26.pdf\" target=\"_blank\" rel=\"noreferrer noopener\">[Consulta les bases]<\/a>\r\n<a href=\"https:\/\/forms.gle\/Z6PQdrDdw87M5vKf7\" target=\"_blank\" rel=\"noreferrer noopener\">[Accedeix al formulari]<\/a>\r\n<div class=\"page\" title=\"Page 1\">\r\n<div class=\"layoutArea\">\r\n<div class=\"column\">\r\n\r\n<strong>Aquesta beca compta amb el suport de l\u2019Institut de Cultura \u2013 Ajuntament de\u00a0Barcelona.<\/strong>\r\n\r\n<\/div>\r\n<\/div>\r\n<\/div>","desc_es":"Homesession lanza una nueva convocatoria para aplicar a las <strong>Becas Barcelona Crea Homesession 26<\/strong>.\r\n\r\nEl prop\u00f3sito de esta convocatoria es apoyar la fase de investigaci\u00f3n y experimentaci\u00f3n de tres <strong>proyectos de nueva creaci\u00f3n<\/strong> en el \u00e1mbito de las artes visuales, ya sean <strong>individuales o colectivos<\/strong>.\r\nCon estas ayudas se pretende contribuir a mantener el impulso cultural de la ciudad ofreciendo recursos para desarrollar procesos de investigaci\u00f3n e innovaci\u00f3n art\u00edstica en la ciudad.\r\n\r\nCuenta con una dotaci\u00f3n econ\u00f3mica de <strong>6.000 \u20ac<\/strong> brutos por proyecto seleccionado.\r\n\r\nEst\u00e1 dirigida a artistas y colectivos mayores de edad, de cualquier g\u00e9nero y nacionalidad, siempre que sean residentes o nacidos en Barcelona o su \u00e1rea metropolitana, o bien que presenten una propuesta vinculada con <strong>Barcelona o su \u00e1rea metropolitana.<\/strong>\r\n\r\n<strong>Fechas<\/strong>\r\n<span style=\"text-decoration: underline\">Periodo de recepci\u00f3n de propuestas:<\/span> hasta el 16 de abril de 2026 a las 23:59\r\n<span style=\"text-decoration: underline\">Resoluci\u00f3n: <\/span>semana del 11 de mayo de 2026\r\n<span style=\"text-decoration: underline\">Periodo de trabajo: <\/span>1 de junio de 2026 \u2013 31 de enero de 2027\r\n\r\nLa solicitud debe enviarse a trav\u00e9s de un formulario y adjuntar en el mismo formulario un PDF con la informaci\u00f3n detallada en las bases.\r\n\r\n<a href=\"https:\/\/www.homesession.org\/wp-content\/uploads\/2026\/03\/Def_HS-BASE-BBC-26_26-01-26.pdf\" target=\"_blank\" rel=\"noopener\">[Consulta las bases]<\/a>\r\n<a href=\"https:\/\/docs.google.com\/forms\/d\/e\/1FAIpQLSepCj5K8ELJeHae44BZ1zpXfuoLkU9foC5os-IE9ieYhOgq1Q\/viewform\" target=\"_blank\" rel=\"noopener\">[Accede al formulario]<\/a>\r\n\r\n<strong>Esta beca cuenta con el apoyo del Institut de Cultura \u2013 Ayuntamiento de Barcelona.<\/strong>","desc_en":"Homesession launches a new call for applications for the <strong>Barcelona Crea Homesession Grants 26<\/strong>.\r\n\r\nThe purpose of this call is to support the research and experimentation phase of\u00a0<strong>three<\/strong>\u00a0<strong>newly created projects<\/strong>\u00a0within the framework of the visual arts, whether\u00a0<strong>individual or collective<\/strong>.\r\n\r\nThe grant is\u00a0<strong>6,000\u20ac<\/strong>\u00a0gross per selected project.\r\n\r\nIt is aimed at artists and collectives of legal age, of any genre and nationality, as long as they are resident or born in Barcelona or its metropolitan area, or present a proposal linked to\u00a0<strong>Barcelona or its metropolitan area<\/strong>.\r\n\r\n<strong>Dates<\/strong>\r\n<span style=\"text-decoration: underline\">Proposal submission period:<\/span>\u00a0until April 16, 2026, at 11.59 pm\r\n<span style=\"text-decoration: underline\">Decision announcement:<\/span>\u00a0week of May 11, 2026\r\n<span style=\"text-decoration: underline\">Working period:<\/span>\u00a0June 1, 2026 \u2013 January 31, 2027\r\n\r\nThe application must be sent through a form and attach a pdf with the information detailed in the\u00a0terms and conditions.\r\n\r\n<a href=\"https:\/\/www.homesession.org\/wp-content\/uploads\/2026\/03\/Def_HS-BASE-BBC-26_26-01-26.pdf\" target=\"_blank\" rel=\"noreferrer noopener\">[Consult the terms and conditions]<\/a>\r\n<a href=\"https:\/\/forms.gle\/Z6PQdrDdw87M5vKf7\" target=\"_blank\" rel=\"noreferrer noopener\">[Access to the form]<\/a>\r\n\r\n<strong>This grant is supported by the Institut de Cultura \u2013 Barcelona City Council.<\/strong>","event_category":77,"event_show_only_own_date":false,"_event_confirmed":true,"_event_public":true,"_event_free":true,"_event_price-min":"","_event_price-max":"","_event_web_ca":"https:\/\/www.homesession.org\/ca\/blog\/2026\/03\/11\/convocatoria-tres-beques-dinvestigacio-artistica-barcelona-crea-homesession-2026-2\/","_event_web_es":"https:\/\/www.homesession.org\/ca\/blog\/2026\/03\/11\/convocatoria-tres-beques-dinvestigacio-artistica-barcelona-crea-homesession-2026-2\/","_event_web_en":"https:\/\/www.homesession.org\/ca\/blog\/2026\/03\/11\/convocatoria-tres-beques-dinvestigacio-artistica-barcelona-crea-homesession-2026-2\/","event_contact_email":"info@homesession.org","event_apply_email":"","is_online_event":true,"is_art_nou_event":false,"is_bgw_event":false,"date_text":"","register_deadline":"20260416","altres_organitzadors":""},"abe_event_venue":"Homesession","abe_event_category":"Convocat\u00f2ries","start":"2026-03-11 00:00:00","end":"2026-04-16 23:59:00","schedule":"once","schedule_meta":"","frequency":1,"all_day":0,"until":"2026-03-11 00:00:00","include":[],"exclude":[],"_links":{"self":[{"href":"https:\/\/graf.cat\/en\/wp-json\/wp\/v2\/events\/55584","targetHints":{"allow":["GET"]}}],"collection":[{"href":"https:\/\/graf.cat\/en\/wp-json\/wp\/v2\/events"}],"about":[{"href":"https:\/\/graf.cat\/en\/wp-json\/wp\/v2\/types\/event"}],"author":[{"embeddable":true,"href":"https:\/\/graf.cat\/en\/wp-json\/wp\/v2\/users\/3"}],"occurrences":[{"embeddable":true,"href":"https:\/\/graf.cat\/en\/wp-json\/wp\/v2\/events\/55584\/occurrences"}],"acf:term":[{"embeddable":true,"taxonomy":"event-category","href":"https:\/\/graf.cat\/en\/wp-json\/wp\/v2\/event-category\/77"}],"wp:featuredmedia":[{"embeddable":true,"href":"https:\/\/graf.cat\/en\/wp-json\/wp\/v2\/media\/55585"}],"wp:attachment":[{"href":"https:\/\/graf.cat\/en\/wp-json\/wp\/v2\/media?parent=55584"}],"wp:term":[{"taxonomy":"event-venue","embeddable":true,"href":"https:\/\/graf.cat\/en\/wp-json\/wp\/v2\/event-venues?post=55584"},{"taxonomy":"event-tag","embeddable":true,"href":"https:\/\/graf.cat\/en\/wp-json\/wp\/v2\/event-tags?post=55584"}],"curies":[{"name":"wp","href":"https:\/\/api.w.org\/{rel}","templated":true}]}}

Convocatòria: Tres beques d’investigació artística / Barcelona Crea – Homesession 2026

Convocatoria: Tres becas d’investigación artística / Barcelona Crea – Homesession 2026

Homesession llança una nova convocatòria per aplicar a les <strong>Beques Barcelona Crea Homesession 26</strong>.

El propòsit d’aquesta convocatòria és donar suport a la fase d’investigació i experimentació de tres <strong>projectes de nova creació</strong> en el marc de les arts visuals, siguin <strong>individuals o col·lectius</strong>.
Amb aquests ajuts es vol contribuir a mantenir l’impuls cultural de la ciutat oferint recursos per desenvolupar processos de recerca i innovació artística a la ciutat.

Aquesta compta amb una dotació econòmica de <strong>6.000 €</strong> bruts per projecte seleccionat.

S’adreça a artistes i col·lectius majors d’edat, que poden ser de qualsevol gènere i nacionalitat, mentre siguin residents o nascuts a Barcelona o la seva àrea metropolitana, o bé que presentin una proposta vinculada amb <strong>Barcelona o la seva àrea metropolitana</strong>.

<strong>Dates</strong>
<span style="text-decoration: underline">Període de recepció de propostes: </span>fins al 16 d’abril de 2026 a les 23.59
<span style="text-decoration: underline">Resolució: </span>setmana del 11 de maig de 2026
<span style="text-decoration: underline">Període de treball:</span> 1 de juny, 2026 – 31 de gener, 2027

La sol·licitud s’ha d’enviar a través d’un formulari i adjuntar en el mateix formulari un pdf amb la informació detallada a les bases.

<a href="https://www.homesession.org/wp-content/uploads/2026/03/Def_HS-BASE-BBC-26_26-01-26.pdf" target="_blank" rel="noreferrer noopener">[Consulta les bases]</a>
<a href="https://forms.gle/Z6PQdrDdw87M5vKf7" target="_blank" rel="noreferrer noopener">[Accedeix al formulari]</a>
<div class="page" title="Page 1">
<div class="layoutArea">
<div class="column">

<strong>Aquesta beca compta amb el suport de l’Institut de Cultura – Ajuntament de Barcelona.</strong>

</div>
</div>
</div>

Homesession lanza una nueva convocatoria para aplicar a las <strong>Becas Barcelona Crea Homesession 26</strong>.

El propósito de esta convocatoria es apoyar la fase de investigación y experimentación de tres <strong>proyectos de nueva creación</strong> en el ámbito de las artes visuales, ya sean <strong>individuales o colectivos</strong>.
Con estas ayudas se pretende contribuir a mantener el impulso cultural de la ciudad ofreciendo recursos para desarrollar procesos de investigación e innovación artística en la ciudad.

Cuenta con una dotación económica de <strong>6.000 €</strong> brutos por proyecto seleccionado.

Está dirigida a artistas y colectivos mayores de edad, de cualquier género y nacionalidad, siempre que sean residentes o nacidos en Barcelona o su área metropolitana, o bien que presenten una propuesta vinculada con <strong>Barcelona o su área metropolitana.</strong>

<strong>Fechas</strong>
<span style="text-decoration: underline">Periodo de recepción de propuestas:</span> hasta el 16 de abril de 2026 a las 23:59
<span style="text-decoration: underline">Resolución: </span>semana del 11 de mayo de 2026
<span style="text-decoration: underline">Periodo de trabajo: </span>1 de junio de 2026 – 31 de enero de 2027

La solicitud debe enviarse a través de un formulario y adjuntar en el mismo formulario un PDF con la información detallada en las bases.

<a href="https://www.homesession.org/wp-content/uploads/2026/03/Def_HS-BASE-BBC-26_26-01-26.pdf" target="_blank" rel="noopener">[Consulta las bases]</a>
<a href="https://docs.google.com/forms/d/e/1FAIpQLSepCj5K8ELJeHae44BZ1zpXfuoLkU9foC5os-IE9ieYhOgq1Q/viewform" target="_blank" rel="noopener">[Accede al formulario]</a>

<strong>Esta beca cuenta con el apoyo del Institut de Cultura – Ayuntamiento de Barcelona.</strong>

Convocatòries
