{"id":55818,"guid":{"rendered":"https:\/\/graf.cat\/?post_type=event&#038;p=55818"},"modified":"2026-04-18T18:48:14","modified_gmt":"2026-04-18T16:48:14","slug":"ruta-consell-de-cent","status":"publish","type":"event","link":"https:\/\/graf.cat\/en\/events\/event\/ruta-consell-de-cent\/","title":{"rendered":"Ruta per galeries de Consell de Cent"},"content":{"rendered":"","protected":false},"excerpt":{"rendered":"","protected":false},"author":175,"featured_media":56535,"template":"","meta":{"_acf_changed":false,"_monsterinsights_skip_tracking":false,"_monsterinsights_sitenote_active":false,"_monsterinsights_sitenote_note":"","_monsterinsights_sitenote_category":0},"event-venues":[594],"event-tags":[],"class_list":["post-55818","event","type-event","status-publish","has-post-thumbnail","hentry","event-venue-galeria-joan-gaspar","event-category-visita-guiada"],"acf":{"title_ca":"Ruta per galeries de Consell de Cent","title_es":"Ruta por galer\u00edas de Consell de Cent","title_en":"Ruta per galeries de Consell de Cent","desc_ca":"Us proposem una ruta per galeries de Consell de Cent amb la pres\u00e8ncia de galeristes i artistes que ens oferiran una visita guiada a les seves exposicions. Al final de la ruta prendrem un vermut BCN MUT Ambre per cortesia de BCN Gin!\r\n\r\nLa ruta ser\u00e0 la seg\u00fcent:\r\n<ul>\r\n \t<li>Galeria Joan Gaspar: <em>Paraula, imatge i\u00a0paper<\/em>.\u00a0<em>Llibres d'artista de 1960 a 1976.\r\n<\/em><\/li>\r\n \t<li>Mayoral:\u00a0<em>Like a Fire in the Sun.<\/em><\/li>\r\n \t<li>Seltz by Ritter Ferrer:\u00a0<em>Velvet Revolution<\/em> de M\u00f3nica Jover Calvo i\u00a0<em>Paisajes para un mundo inestable<\/em> de Rosa Brun.<\/li>\r\n<\/ul>\r\n&nbsp;","desc_es":"Os proponemos una ruta por galer\u00edas de Consell de Cent con la presencia de galeristas y artistas que nos ofrecer\u00e1n una visita guiada a sus exposiciones. Al final de la ruta tomaremos un vermut BCN MUT Ambre por cortes\u00eda de BCN Gin!\r\n\r\nLa ruta ser\u00e1 la siguiente:\r\n<ul>\r\n \t<li>Galeria Joan Gaspar: <em>Paraula, imatge i\u00a0paper<\/em>.\u00a0<em>Llibres d'artista de 1960 a 1976.<\/em><\/li>\r\n \t<li>Mayoral:\u00a0<em>Like a Fire in the Sun<\/em>.<\/li>\r\n \t<li>Seltz by Ritter Ferrer:\u00a0<em>Velvet Revolution\u00a0<\/em>de M\u00f3nica Jover Calvo i\u00a0<em>Paisajes para un mundo inestable<\/em> de Rosa Brun.<\/li>\r\n<\/ul>","desc_en":"This content is not available in English.\r\nYou can consult it in Catalan or Spanish.","event_category":245,"event_show_only_own_date":true,"_event_confirmed":true,"_event_public":true,"_event_free":false,"_event_price-min":10,"_event_price-max":10,"_event_web_ca":"https:\/\/www.artbarcelona.es","_event_web_es":"https:\/\/www.artbarcelona.es","_event_web_en":"https:\/\/www.artbarcelona.es","event_contact_email":"","event_apply_email":"info@artbarcelona.es","is_online_event":false,"is_art_nou_event":false,"is_bgw_event":false,"date_text":"","register_deadline":null,"altres_organitzadors":""},"abe_event_venue":"Galeria Joan Gaspar","abe_event_category":"Visita guiada","start":"2026-04-25 11:30:00","end":"2026-04-25 13:30:00","schedule":"once","schedule_meta":"","frequency":1,"all_day":0,"until":"2026-04-25 11:30:00","include":[],"exclude":[],"_links":{"self":[{"href":"https:\/\/graf.cat\/en\/wp-json\/wp\/v2\/events\/55818","targetHints":{"allow":["GET"]}}],"collection":[{"href":"https:\/\/graf.cat\/en\/wp-json\/wp\/v2\/events"}],"about":[{"href":"https:\/\/graf.cat\/en\/wp-json\/wp\/v2\/types\/event"}],"author":[{"embeddable":true,"href":"https:\/\/graf.cat\/en\/wp-json\/wp\/v2\/users\/175"}],"occurrences":[{"embeddable":true,"href":"https:\/\/graf.cat\/en\/wp-json\/wp\/v2\/events\/55818\/occurrences"}],"acf:term":[{"embeddable":true,"taxonomy":"event-category","href":"https:\/\/graf.cat\/en\/wp-json\/wp\/v2\/event-category\/245"}],"wp:featuredmedia":[{"embeddable":true,"href":"https:\/\/graf.cat\/en\/wp-json\/wp\/v2\/media\/56535"}],"wp:attachment":[{"href":"https:\/\/graf.cat\/en\/wp-json\/wp\/v2\/media?parent=55818"}],"wp:term":[{"taxonomy":"event-venue","embeddable":true,"href":"https:\/\/graf.cat\/en\/wp-json\/wp\/v2\/event-venues?post=55818"},{"taxonomy":"event-tag","embeddable":true,"href":"https:\/\/graf.cat\/en\/wp-json\/wp\/v2\/event-tags?post=55818"}],"curies":[{"name":"wp","href":"https:\/\/api.w.org\/{rel}","templated":true}]}}

Ruta por galerías de Consell de Cent

Us proposem una ruta per galeries de Consell de Cent amb la presència de galeristes i artistes que ens oferiran una visita guiada a les seves exposicions. Al final de la ruta prendrem un vermut BCN MUT Ambre per cortesia de BCN Gin!

La ruta serà la següent:
<ul>
 	<li>Galeria Joan Gaspar: <em>Paraula, imatge i paper</em>. <em>Llibres d'artista de 1960 a 1976.
</em></li>
 	<li>Mayoral: <em>Like a Fire in the Sun.</em></li>
 	<li>Seltz by Ritter Ferrer: <em>Velvet Revolution</em> de Mónica Jover Calvo i <em>Paisajes para un mundo inestable</em> de Rosa Brun.</li>
</ul>
&nbsp;

Os proponemos una ruta por galerías de Consell de Cent con la presencia de galeristas y artistas que nos ofrecerán una visita guiada a sus exposiciones. Al final de la ruta tomaremos un vermut BCN MUT Ambre por cortesía de BCN Gin!

La ruta será la siguiente:
<ul>
 	<li>Galeria Joan Gaspar: <em>Paraula, imatge i paper</em>. <em>Llibres d'artista de 1960 a 1976.</em></li>
 	<li>Mayoral: <em>Like a Fire in the Sun</em>.</li>
 	<li>Seltz by Ritter Ferrer: <em>Velvet Revolution </em>de Mónica Jover Calvo i <em>Paisajes para un mundo inestable</em> de Rosa Brun.</li>
</ul>
