{"id":55876,"guid":{"rendered":"https:\/\/graf.cat\/?post_type=event&#038;p=55876"},"modified":"2026-04-09T11:01:07","modified_gmt":"2026-04-09T09:01:07","slug":"primera-sessio-descolta-dun-assaig-permanent-ceal-floyer-rocio-molina-i-silvia-zayas","status":"publish","type":"event","link":"https:\/\/graf.cat\/en\/events\/event\/primera-sessio-descolta-dun-assaig-permanent-ceal-floyer-rocio-molina-i-silvia-zayas\/","title":{"rendered":"Primera sessi\u00f3 d\u2019escolta d&#8217;Un assaig permanent: Ceal Floyer, Roc\u00edo Molina i Silvia Zayas"},"content":{"rendered":"","protected":false},"excerpt":{"rendered":"","protected":false},"author":13,"featured_media":56176,"template":"","meta":{"_acf_changed":false,"_monsterinsights_skip_tracking":false,"_monsterinsights_sitenote_active":false,"_monsterinsights_sitenote_note":"","_monsterinsights_sitenote_category":0},"event-venues":[117],"event-tags":[],"class_list":["post-55876","event","type-event","status-publish","has-post-thumbnail","hentry","event-venue-fundacio-joan-miro","event-category-performance"],"acf":{"title_ca":"Primera sessi\u00f3 d\u2019escolta d'Un assaig permanent: Ceal Floyer, Roc\u00edo Molina i Silvia Zayas","title_es":"1\u00aa sesi\u00f3n de escucha de Un ensayo permanente: Ceal Floyer, Roc\u00edo Molina y Silvia Zayas","title_en":"First Listening Session of the A Permanent Rehearsal Programme: Ceal Floyer, Roc\u00edo Molina and Silvia Zayas","desc_ca":"Aquesta primera sessi\u00f3 ser\u00e0 l'ocasi\u00f3 per inaugurar la grada i la plataforma creades per La Cuarta Piel i per descobrir varies peces sonores: una pe\u00e7a que quedar\u00e0 disponible a l'espai i dues obres que nom\u00e9s s'instal\u00b7laran aquell dia. \r\n\r\nEn conjunt, aquesta primera sessi\u00f3 est\u00e0 pensada com un escalfament. Les obres parlen de com comen\u00e7ar i de com romandre als inicis de la recerca, insistint, repetint i inventant sistemes per disposar-se a crear. ","desc_es":"El primer encuentro del programa de mediaci\u00f3n performativa ser\u00e1 la ocasi\u00f3n para inaugurar la grada y plataforma creadas por La Cuarta Piel y de descubrir varias piezas sonoras: una pieza que quedar\u00e1 disponible en el espacio y dos obras presentadas \u00fanicamente ese d\u00eda. \r\n\r\nEn conjunto esta primera sesi\u00f3n est\u00e1 pensada como un calentamiento. Las obras hablan de c\u00f3mo arrancar y de c\u00f3mo permanecer en los albores de la b\u00fasqueda, insistiendo, repitiendo e inventando sistemas para ponerse en disposici\u00f3n de crear.  ","desc_en":"This will be the occasion to inaugurate the bleachers and platform created by La Cuarta Piel and to discover three sound pieces: an unpublished work that will remain available in the space, and two pieces that will only be installed that day.","event_category":197,"event_show_only_own_date":false,"_event_confirmed":true,"_event_public":true,"_event_free":false,"_event_price-min":3,"_event_price-max":5,"_event_web_ca":"https:\/\/www.fmirobcn.org\/ca\/activitats\/assaig-permanent\/5\/primera-sessio-d-escolta-d-un-assaig-permanent-ceal-floyer-rocio-molina-i-silvia-zayas","_event_web_es":"https:\/\/www.fmirobcn.org\/es\/actividades\/ensayo-permanente\/5\/1a-sesion-de-escucha-de-un-ensayo-permanente-ceal-floyer-rocio-molina-y-silvia-zayas","_event_web_en":"https:\/\/www.fmirobcn.org\/en\/activities\/permanent-rehearsal\/5\/first-listening-session-of-the-a-permanent-rehearsal-programme-ceal-floyer-rocio-molina-and-silvia-zayas","event_contact_email":"","event_apply_email":"https:\/\/reserves.fmirobcn.org\/muslinkIV\/index.jsp?nom_cache=MIRO&amp;property=MIRO&amp;lang=1&amp;codiActiv=807&amp;_gl=1*16ky0pr*_gcl_aw*R0NMLjE3NjgzMDQyNzAuQ2p3S0NBaUE5NWZMQmhCUEVpd0FUWFVzeFBIQ3BhR192R0RRQjZnR25iUTlaaFJEN2hGaXpENzFzZ3R1REVtSWp0eDBwblpMeGRmdzRob0N1M01RQXZEX0J3RQ..*_gcl_au*MTU0NTM4NjY1Ny4xNzY3ODcxMjY4*_ga*ODMyOTI2MDI5LjE3NzI2MjYyMDY.*_ga_28935BRSPV*czE3NzU2NDQzMDgkbzUxJGcxJHQxNzc1NjQ2NDEzJGoyNiRsMCRoNjE1MTgyMzQ0","is_online_event":false,"is_art_nou_event":false,"is_bgw_event":false,"date_text":"","register_deadline":null,"altres_organitzadors":""},"abe_event_venue":"Fundaci\u00f3 Joan Mir\u00f3","abe_event_category":"Performance","start":"2026-04-11 12:00:00","end":"2026-04-11 14:00:00","schedule":"once","schedule_meta":"","frequency":1,"all_day":0,"until":"2026-04-11 12:00:00","include":[],"exclude":[],"_links":{"self":[{"href":"https:\/\/graf.cat\/en\/wp-json\/wp\/v2\/events\/55876","targetHints":{"allow":["GET"]}}],"collection":[{"href":"https:\/\/graf.cat\/en\/wp-json\/wp\/v2\/events"}],"about":[{"href":"https:\/\/graf.cat\/en\/wp-json\/wp\/v2\/types\/event"}],"author":[{"embeddable":true,"href":"https:\/\/graf.cat\/en\/wp-json\/wp\/v2\/users\/13"}],"occurrences":[{"embeddable":true,"href":"https:\/\/graf.cat\/en\/wp-json\/wp\/v2\/events\/55876\/occurrences"}],"acf:term":[{"embeddable":true,"taxonomy":"event-category","href":"https:\/\/graf.cat\/en\/wp-json\/wp\/v2\/event-category\/197"}],"wp:featuredmedia":[{"embeddable":true,"href":"https:\/\/graf.cat\/en\/wp-json\/wp\/v2\/media\/56176"}],"wp:attachment":[{"href":"https:\/\/graf.cat\/en\/wp-json\/wp\/v2\/media?parent=55876"}],"wp:term":[{"taxonomy":"event-venue","embeddable":true,"href":"https:\/\/graf.cat\/en\/wp-json\/wp\/v2\/event-venues?post=55876"},{"taxonomy":"event-tag","embeddable":true,"href":"https:\/\/graf.cat\/en\/wp-json\/wp\/v2\/event-tags?post=55876"}],"curies":[{"name":"wp","href":"https:\/\/api.w.org\/{rel}","templated":true}]}}

Primera sessió d’escolta d&#8217;Un assaig permanent: Ceal Floyer, Rocío Molina i Silvia Zayas

Primera sessió d’escolta d'Un assaig permanent: Ceal Floyer, Rocío Molina i Silvia Zayas

1ª sesión de escucha de Un ensayo permanente: Ceal Floyer, Rocío Molina y Silvia Zayas

First Listening Session of the A Permanent Rehearsal Programme: Ceal Floyer, Rocío Molina and Silvia Zayas

Aquesta primera sessió serà l'ocasió per inaugurar la grada i la plataforma creades per La Cuarta Piel i per descobrir varies peces sonores: una peça que quedarà disponible a l'espai i dues obres que només s'instal·laran aquell dia. 

En conjunt, aquesta primera sessió està pensada com un escalfament. Les obres parlen de com començar i de com romandre als inicis de la recerca, insistint, repetint i inventant sistemes per disposar-se a crear.

El primer encuentro del programa de mediación performativa será la ocasión para inaugurar la grada y plataforma creadas por La Cuarta Piel y de descubrir varias piezas sonoras: una pieza que quedará disponible en el espacio y dos obras presentadas únicamente ese día. 

En conjunto esta primera sesión está pensada como un calentamiento. Las obras hablan de cómo arrancar y de cómo permanecer en los albores de la búsqueda, insistiendo, repitiendo e inventando sistemas para ponerse en disposición de crear.

Fundació Joan Miró
