{"id":55916,"guid":{"rendered":"https:\/\/graf.cat\/?post_type=event&#038;p=55916"},"modified":"2026-04-08T13:05:48","modified_gmt":"2026-04-08T11:05:48","slug":"polifonies-del-cos","status":"publish","type":"event","link":"https:\/\/graf.cat\/en\/events\/event\/polifonies-del-cos\/","title":{"rendered":"Polifonies del cos"},"content":{"rendered":"","protected":false},"excerpt":{"rendered":"","protected":false},"author":19,"featured_media":56109,"template":"","meta":{"_acf_changed":false,"_monsterinsights_skip_tracking":false,"_monsterinsights_sitenote_active":false,"_monsterinsights_sitenote_note":"","_monsterinsights_sitenote_category":0},"event-venues":[],"event-tags":[],"class_list":["post-55916","event","type-event","status-publish","has-post-thumbnail","hentry","event-category-arts-in-viu"],"acf":{"title_ca":"Polifonies del cos","title_es":"Polifon\u00edas del cuerpo","title_en":"Polifonies del cos","desc_ca":"DIMECRES DE SO I COS - Del cos a la terra a la terra del cos\r\n<div class=\"title-and-text\">\r\n<div class=\"cmp-textbox\">\r\n<div class=\"title-and-text__text\">\r\n<div id=\"text-a4a1bcc285\" class=\"cmp-text\" data-cmp-data-layer=\"{&quot;text-a4a1bcc285&quot;:{&quot;@type&quot;:&quot;aem-gencat-library\/components\/core\/text&quot;,&quot;repo:modifyDate&quot;:&quot;2026-03-17T19:10:26Z&quot;,&quot;xdm:text&quot;:&quot;&lt;p&gt;Del cos a la terra a la terra del cos&lt;\/p&gt;\\r\\n&quot;}}\">\r\n<div class=\"text aem-GridColumn aem-GridColumn--default--12\">\r\n<div id=\"text-33a3eead8a\" class=\"cmp-text margin-container\" data-cmp-data-layer=\"{&quot;text-33a3eead8a&quot;:{&quot;@type&quot;:&quot;aem-arts\/components\/content\/text\/v1\/text&quot;,&quot;repo:modifyDate&quot;:&quot;2026-03-17T19:11:19Z&quot;,&quot;xdm:text&quot;:&quot;&lt;p&gt;Un moviment que genera formes ef\u00edmeres, fr\u00e0gils i mutables; que neix de l\u2019escolta com a motor creatiu i com a mecanisme de transformaci\u00f3 del que succeeix, i que es desplega a partir de consignes obertes i pr\u00e0ctiques que transiten entre el quotidi\u00e0 i l\u2019abstracci\u00f3, entre la repetici\u00f3 i la variaci\u00f3, entre la individualitat i la composici\u00f3 col\u00b7lectiva. Els cossos escolten, responen i construeixen un llenguatge compartit que s\u2019escriu en temps real, en una polifonia de pres\u00e8ncies, ritmes i veus.&lt;\/p&gt;\\r\\n&quot;}}\">\r\n\r\nUn moviment que genera formes ef\u00edmeres, fr\u00e0gils i mutables; que neix de l\u2019escolta com a motor creatiu i com a mecanisme de transformaci\u00f3 del que succeeix, i que es desplega a partir de consignes obertes i pr\u00e0ctiques que transiten entre el quotidi\u00e0 i l\u2019abstracci\u00f3, entre la repetici\u00f3 i la variaci\u00f3, entre la individualitat i la composici\u00f3 col\u00b7lectiva. Els cossos escolten, responen i construeixen un llenguatge compartit que s\u2019escriu en temps real, en una polifonia de pres\u00e8ncies, ritmes i veus.\r\n\r\n<\/div>\r\n<\/div>\r\n<div class=\"separator aem-GridColumn aem-GridColumn--default--12\">\r\n<div class=\"layout-container\">\r\n<div id=\"separator-6ea6ec7799\" class=\"cmp-separator\"><\/div>\r\n<\/div>\r\n<\/div>\r\n<\/div>\r\n<\/div>\r\n<\/div>\r\n<\/div>","desc_es":"MI\u00c9RCOLES DE SONIDO Y CUERPO - Del cuerpo a la tierra a la tierra del cuerpo\r\n<div class=\"title-and-text\">\r\n<div class=\"cmp-textbox\">\r\n<div class=\"title-and-text__text\">\r\n<div id=\"text-a27d883e96\" class=\"cmp-text\" data-cmp-data-layer=\"{&quot;text-a27d883e96&quot;:{&quot;@type&quot;:&quot;aem-gencat-library\/components\/core\/text&quot;,&quot;repo:modifyDate&quot;:&quot;2026-03-24T10:23:50Z&quot;,&quot;xdm:text&quot;:&quot;&lt;p&gt;Del cuerpo a la tierra a la tierra del cuerpo&lt;\/p&gt;\\r\\n&quot;}}\">\r\n<div class=\"text aem-GridColumn aem-GridColumn--default--12\">\r\n<div id=\"text-de9fc4c251\" class=\"cmp-text margin-container\" data-cmp-data-layer=\"{&quot;text-de9fc4c251&quot;:{&quot;@type&quot;:&quot;aem-arts\/components\/content\/text\/v1\/text&quot;,&quot;repo:modifyDate&quot;:&quot;2026-03-24T10:24:29Z&quot;,&quot;xdm:text&quot;:&quot;&lt;p&gt;Un movimiento que genera formas ef\u00edmeras, fr\u00e1giles y mutables; que nace de la escucha como motor creativo y como mecanismo de transformaci\u00f3n de lo que sucede, y que se despliega a partir de consignas abiertas y pr\u00e1cticas que transitan entre lo cotidiano y la abstracci\u00f3n, entre la repetici\u00f3n y la variaci\u00f3n, entre la individualidad y la composici\u00f3n colectiva. Los cuerpos escuchan, responden y construyen un lenguaje compartido que se escribe en tiempo real, en una polifon\u00eda de presencias, ritmos y voces.&lt;\/p&gt;\\r\\n&quot;}}\">\r\n\r\nUn movimiento que genera formas ef\u00edmeras, fr\u00e1giles y mutables; que nace de la escucha como motor creativo y como mecanismo de transformaci\u00f3n de lo que sucede, y que se despliega a partir de consignas abiertas y pr\u00e1cticas que transitan entre lo cotidiano y la abstracci\u00f3n, entre la repetici\u00f3n y la variaci\u00f3n, entre la individualidad y la composici\u00f3n colectiva. Los cuerpos escuchan, responden y construyen un lenguaje compartido que se escribe en tiempo real, en una polifon\u00eda de presencias, ritmos y voces.\r\n\r\n<\/div>\r\n<\/div>\r\n<div class=\"separator aem-GridColumn aem-GridColumn--default--12\">\r\n<div class=\"layout-container\">\r\n<div id=\"separator-79b6aebed5\" class=\"cmp-separator\"><\/div>\r\n<\/div>\r\n<\/div>\r\n<\/div>\r\n<\/div>\r\n<\/div>\r\n<\/div>","desc_en":"WEDNESDAYS OF SOUND AND BODY - From body to earth and earth to body\r\n<div class=\"title-and-text\">\r\n<div class=\"cmp-textbox\">\r\n<div class=\"title-and-text__text\">\r\n<div id=\"text-6608124c79\" class=\"cmp-text\" data-cmp-data-layer=\"{&quot;text-6608124c79&quot;:{&quot;@type&quot;:&quot;aem-gencat-library\/components\/core\/text&quot;,&quot;repo:modifyDate&quot;:&quot;2026-03-24T10:28:47Z&quot;,&quot;xdm:text&quot;:&quot;&lt;p&gt;From body to earth and earth to body&lt;\/p&gt;\\r\\n&quot;}}\">\r\n<div class=\"text aem-GridColumn aem-GridColumn--default--12\">\r\n<div id=\"text-75f1371bc2\" class=\"cmp-text margin-container\" data-cmp-data-layer=\"{&quot;text-75f1371bc2&quot;:{&quot;@type&quot;:&quot;aem-arts\/components\/content\/text\/v1\/text&quot;,&quot;repo:modifyDate&quot;:&quot;2026-03-24T10:27:09Z&quot;,&quot;xdm:text&quot;:&quot;&lt;p&gt;A movement that generates ephemeral, fragile and mutable forms; which is born from listening as a creative motor and as a mechanism for transforming what happens, and which unfolds from open slogans and practices that move between the everyday and abstraction, between repetition and variation, between individuality and collective composition. Bodies listen, respond and construct a shared language that is written in real time, in a polyphony of presences, rhythms and voices.&lt;\/p&gt;\\r\\n&quot;}}\">\r\n\r\nA movement that generates ephemeral, fragile and mutable forms; which is born from listening as a creative motor and as a mechanism for transforming what happens, and which unfolds from open slogans and practices that move between the everyday and abstraction, between repetition and variation, between individuality and collective composition. Bodies listen, respond and construct a shared language that is written in real time, in a polyphony of presences, rhythms and voices.\r\n\r\n<\/div>\r\n<\/div>\r\n<div class=\"separator aem-GridColumn aem-GridColumn--default--12\">\r\n<div class=\"layout-container\">\r\n<div id=\"separator-b9e026f3c0\" class=\"cmp-separator\"><\/div>\r\n<\/div>\r\n<\/div>\r\n<\/div>\r\n<\/div>\r\n<\/div>\r\n<\/div>","event_category":440,"event_show_only_own_date":false,"_event_confirmed":true,"_event_public":true,"_event_free":true,"_event_price-min":"","_event_price-max":"","_event_web_ca":"https:\/\/www.santamonica.cat\/ca\/exposicions-i-activitats\/dimecres-de-so-i-cos\/2026\/polifonies-del-cos","_event_web_es":"https:\/\/www.santamonica.cat\/es\/exposicions-i-activitats\/dimecres-de-so-i-cos\/2026\/polifonies-del-cos","_event_web_en":"https:\/\/www.santamonica.cat\/en\/exposicions-i-activitats\/dimecres-de-so-i-cos\/2026\/polifonies-del-cos","event_contact_email":"","event_apply_email":"","is_online_event":false,"is_art_nou_event":false,"is_bgw_event":false,"date_text":"","register_deadline":null,"altres_organitzadors":""},"abe_event_venue":null,"abe_event_category":"Arts en Viu","start":"2026-04-08 19:00:00","end":"2026-04-08 20:15:00","schedule":"once","schedule_meta":"","frequency":1,"all_day":0,"until":"2026-04-08 19:00:00","include":[],"exclude":[],"_links":{"self":[{"href":"https:\/\/graf.cat\/en\/wp-json\/wp\/v2\/events\/55916","targetHints":{"allow":["GET"]}}],"collection":[{"href":"https:\/\/graf.cat\/en\/wp-json\/wp\/v2\/events"}],"about":[{"href":"https:\/\/graf.cat\/en\/wp-json\/wp\/v2\/types\/event"}],"author":[{"embeddable":true,"href":"https:\/\/graf.cat\/en\/wp-json\/wp\/v2\/users\/19"}],"occurrences":[{"embeddable":true,"href":"https:\/\/graf.cat\/en\/wp-json\/wp\/v2\/events\/55916\/occurrences"}],"acf:term":[{"embeddable":true,"taxonomy":"event-category","href":"https:\/\/graf.cat\/en\/wp-json\/wp\/v2\/event-category\/440"}],"wp:featuredmedia":[{"embeddable":true,"href":"https:\/\/graf.cat\/en\/wp-json\/wp\/v2\/media\/56109"}],"wp:attachment":[{"href":"https:\/\/graf.cat\/en\/wp-json\/wp\/v2\/media?parent=55916"}],"wp:term":[{"taxonomy":"event-venue","embeddable":true,"href":"https:\/\/graf.cat\/en\/wp-json\/wp\/v2\/event-venues?post=55916"},{"taxonomy":"event-tag","embeddable":true,"href":"https:\/\/graf.cat\/en\/wp-json\/wp\/v2\/event-tags?post=55916"}],"curies":[{"name":"wp","href":"https:\/\/api.w.org\/{rel}","templated":true}]}}

Polifonías del cuerpo

DIMECRES DE SO I COS - Del cos a la terra a la terra del cos
<div class="title-and-text">
<div class="cmp-textbox">
<div class="title-and-text__text">
<div id="text-a4a1bcc285" class="cmp-text" data-cmp-data-layer="{&quot;text-a4a1bcc285&quot;:{&quot;@type&quot;:&quot;aem-gencat-library/components/core/text&quot;,&quot;repo:modifyDate&quot;:&quot;2026-03-17T19:10:26Z&quot;,&quot;xdm:text&quot;:&quot;&lt;p&gt;Del cos a la terra a la terra del cos&lt;/p&gt;\r\n&quot;}}">
<div class="text aem-GridColumn aem-GridColumn--default--12">
<div id="text-33a3eead8a" class="cmp-text margin-container" data-cmp-data-layer="{&quot;text-33a3eead8a&quot;:{&quot;@type&quot;:&quot;aem-arts/components/content/text/v1/text&quot;,&quot;repo:modifyDate&quot;:&quot;2026-03-17T19:11:19Z&quot;,&quot;xdm:text&quot;:&quot;&lt;p&gt;Un moviment que genera formes efímeres, fràgils i mutables; que neix de l’escolta com a motor creatiu i com a mecanisme de transformació del que succeeix, i que es desplega a partir de consignes obertes i pràctiques que transiten entre el quotidià i l’abstracció, entre la repetició i la variació, entre la individualitat i la composició col·lectiva. Els cossos escolten, responen i construeixen un llenguatge compartit que s’escriu en temps real, en una polifonia de presències, ritmes i veus.&lt;/p&gt;\r\n&quot;}}">

Un moviment que genera formes efímeres, fràgils i mutables; que neix de l’escolta com a motor creatiu i com a mecanisme de transformació del que succeeix, i que es desplega a partir de consignes obertes i pràctiques que transiten entre el quotidià i l’abstracció, entre la repetició i la variació, entre la individualitat i la composició col·lectiva. Els cossos escolten, responen i construeixen un llenguatge compartit que s’escriu en temps real, en una polifonia de presències, ritmes i veus.

</div>
</div>
<div class="separator aem-GridColumn aem-GridColumn--default--12">
<div class="layout-container">
<div id="separator-6ea6ec7799" class="cmp-separator"></div>
</div>
</div>
</div>
</div>
</div>
</div>

MIÉRCOLES DE SONIDO Y CUERPO - Del cuerpo a la tierra a la tierra del cuerpo
<div class="title-and-text">
<div class="cmp-textbox">
<div class="title-and-text__text">
<div id="text-a27d883e96" class="cmp-text" data-cmp-data-layer="{&quot;text-a27d883e96&quot;:{&quot;@type&quot;:&quot;aem-gencat-library/components/core/text&quot;,&quot;repo:modifyDate&quot;:&quot;2026-03-24T10:23:50Z&quot;,&quot;xdm:text&quot;:&quot;&lt;p&gt;Del cuerpo a la tierra a la tierra del cuerpo&lt;/p&gt;\r\n&quot;}}">
<div class="text aem-GridColumn aem-GridColumn--default--12">
<div id="text-de9fc4c251" class="cmp-text margin-container" data-cmp-data-layer="{&quot;text-de9fc4c251&quot;:{&quot;@type&quot;:&quot;aem-arts/components/content/text/v1/text&quot;,&quot;repo:modifyDate&quot;:&quot;2026-03-24T10:24:29Z&quot;,&quot;xdm:text&quot;:&quot;&lt;p&gt;Un movimiento que genera formas efímeras, frágiles y mutables; que nace de la escucha como motor creativo y como mecanismo de transformación de lo que sucede, y que se despliega a partir de consignas abiertas y prácticas que transitan entre lo cotidiano y la abstracción, entre la repetición y la variación, entre la individualidad y la composición colectiva. Los cuerpos escuchan, responden y construyen un lenguaje compartido que se escribe en tiempo real, en una polifonía de presencias, ritmos y voces.&lt;/p&gt;\r\n&quot;}}">

Un movimiento que genera formas efímeras, frágiles y mutables; que nace de la escucha como motor creativo y como mecanismo de transformación de lo que sucede, y que se despliega a partir de consignas abiertas y prácticas que transitan entre lo cotidiano y la abstracción, entre la repetición y la variación, entre la individualidad y la composición colectiva. Los cuerpos escuchan, responden y construyen un lenguaje compartido que se escribe en tiempo real, en una polifonía de presencias, ritmos y voces.

</div>
</div>
<div class="separator aem-GridColumn aem-GridColumn--default--12">
<div class="layout-container">
<div id="separator-79b6aebed5" class="cmp-separator"></div>
</div>
</div>
</div>
</div>
</div>
</div>
