{"id":55929,"guid":{"rendered":"https:\/\/graf.cat\/?post_type=event&#038;p=55929"},"modified":"2026-03-28T15:45:20","modified_gmt":"2026-03-28T13:45:20","slug":"activitats-entreacte2-martin-mayorga-silencio-solutions","status":"publish","type":"event","link":"https:\/\/graf.cat\/en\/events\/event\/activitats-entreacte2-martin-mayorga-silencio-solutions\/","title":{"rendered":"Mart\u00edn Mayorga. Silencio Solutions"},"content":{"rendered":"","protected":false},"excerpt":{"rendered":"","protected":false},"author":178,"featured_media":55934,"template":"","meta":{"_acf_changed":false,"_monsterinsights_skip_tracking":false,"_monsterinsights_sitenote_active":false,"_monsterinsights_sitenote_note":"","_monsterinsights_sitenote_category":0},"event-venues":[684],"event-tags":[],"class_list":["post-55929","event","type-event","status-publish","has-post-thumbnail","hentry","event-venue-fuga-gallery","event-category-trobada"],"acf":{"title_ca":"Mart\u00edn Mayorga. Silencio Solutions","title_es":"Mart\u00edn Mayorga. Silencio Solutions","title_en":"Mart\u00edn Mayorga. Silencio Solutions","desc_ca":"<strong>Mart\u00edn Mayorga\u00a0<\/strong>portar\u00e0 a la galeria FUGA el format\u00a0<em><strong>readings<\/strong><\/em>\u00a0en el marc del seu projecte\u00a0<em><strong>Silencio Solutions<\/strong><\/em>: una trobada basada en la lectura compartida i l\u2019escolta atenta. Diverses veus llegiran fragments d\u2019obres liter\u00e0ries que, com petites espurnes, activaran el pensament col\u00b7lectiu i obriran espais de debat.\r\n\r\nLa selecci\u00f3 de textos s\u2019endinsar\u00e0 en les capes de l\u2019exposici\u00f3, explorant la mem\u00f2ria diasp\u00f2rica, el record com a mat\u00e8ria inestable i la cera com a vel que entela les imatges. Miniatures d\u2019objectes dom\u00e8stics, gestos continguts, profunditats que no s\u2019esgoten en la mirada: tot plegat com una invitaci\u00f3 a habitar els espais interiors del record, all\u00e0 on la intimitat es construeix en silenci i en resson\u00e0ncia amb els altres.\r\n\r\nDespr\u00e9s de la sessi\u00f3, es proposa una\u00a0<strong>cloenda col\u00b7lectiva<\/strong>, com a continuaci\u00f3 d\u2019aquesta experi\u00e8ncia compartida.\r\n\r\nUna activitat pensada per generar un espai de cura, escolta i reflexi\u00f3. <b>En el marc de l'exposici\u00f3 <a href=\"https:\/\/graf.cat\/events\/event\/entreacte-2-y-si-adentro-krystel-liliana\/\" target=\"_blank\" rel=\"noopener\"><em>Entreacte#2: Y si adentro. Krystel Liliana<\/em><\/a><\/b>","desc_es":"Mart\u00edn Mayorga llevar\u00e1 a la galer\u00eda FUGA el formato\u00a0<em>readings\u00a0<\/em>en el marco de su proyecto\u00a0<em>Silencio Solutions<\/em>: un encuentro basado en la lectura compartida y la escucha atenta. Varias voces leer\u00e1n fragmentos de obras literarias que, como peque\u00f1as chispas, activar\u00e1n el pensamiento colectivo y abrir\u00e1n espacios de debate.\r\n\r\nLa selecci\u00f3n de textos se adentrar\u00e1 en las capas de la exposici\u00f3n, explorando la memoria diasp\u00f3rica, el recuerdo como materia inestable y la cera como vela que empa\u00f1a las im\u00e1genes. Miniaturas de objetos dom\u00e9sticos, gestos contenidos, profundidades que no se agotan en la mirada: tot junto como una invitaci\u00f3n a habitar los espacios interiores del recuerdo, all\u00ed donde la intimidad se construye en silencio y en resonancia con los otros.\r\n\r\nTras la sesi\u00f3n, se propone una clausura colectiva, como continuaci\u00f3n de esta experi\u00e9ncia colectiva.\r\n\r\nUna actividad pensada para generar un espacio de cuidados, escucha y reflexi\u00f3n. <b>En el marco de la exposici\u00f3n\u00a0<em><a href=\"https:\/\/graf.cat\/es\/events\/event\/entreacte-2-y-si-adentro-krystel-liliana\/\" target=\"_blank\" rel=\"noopener\">Entreacto#2: Y si adentro. Krystel Liliana<\/a><\/em><\/b>\r\n\r\n&nbsp;","desc_en":"This content is not available in English.\r\nYou can consult it in Catalan or Spanish.","event_category":306,"event_show_only_own_date":true,"_event_confirmed":true,"_event_public":true,"_event_free":true,"_event_price-min":"","_event_price-max":"","_event_web_ca":"https:\/\/fuga.gallery\/ca\/ysiadentro-cat\/","_event_web_es":"https:\/\/fuga.gallery\/ca\/ysiadentro-cat\/","_event_web_en":"https:\/\/fuga.gallery\/ca\/ysiadentro-cat\/","event_contact_email":"","event_apply_email":"","is_online_event":false,"is_art_nou_event":false,"is_bgw_event":false,"date_text":"","register_deadline":null,"altres_organitzadors":""},"abe_event_venue":"FUGA Gallery","abe_event_category":"Trobada","start":"2026-04-10 18:00:00","end":"2026-04-10 20:00:00","schedule":"once","schedule_meta":"","frequency":1,"all_day":0,"until":"2026-04-10 18:00:00","include":[],"exclude":[],"_links":{"self":[{"href":"https:\/\/graf.cat\/en\/wp-json\/wp\/v2\/events\/55929","targetHints":{"allow":["GET"]}}],"collection":[{"href":"https:\/\/graf.cat\/en\/wp-json\/wp\/v2\/events"}],"about":[{"href":"https:\/\/graf.cat\/en\/wp-json\/wp\/v2\/types\/event"}],"author":[{"embeddable":true,"href":"https:\/\/graf.cat\/en\/wp-json\/wp\/v2\/users\/178"}],"occurrences":[{"embeddable":true,"href":"https:\/\/graf.cat\/en\/wp-json\/wp\/v2\/events\/55929\/occurrences"}],"acf:term":[{"embeddable":true,"taxonomy":"event-category","href":"https:\/\/graf.cat\/en\/wp-json\/wp\/v2\/event-category\/306"}],"wp:featuredmedia":[{"embeddable":true,"href":"https:\/\/graf.cat\/en\/wp-json\/wp\/v2\/media\/55934"}],"wp:attachment":[{"href":"https:\/\/graf.cat\/en\/wp-json\/wp\/v2\/media?parent=55929"}],"wp:term":[{"taxonomy":"event-venue","embeddable":true,"href":"https:\/\/graf.cat\/en\/wp-json\/wp\/v2\/event-venues?post=55929"},{"taxonomy":"event-tag","embeddable":true,"href":"https:\/\/graf.cat\/en\/wp-json\/wp\/v2\/event-tags?post=55929"}],"curies":[{"name":"wp","href":"https:\/\/api.w.org\/{rel}","templated":true}]}}

Martín Mayorga. Silencio Solutions

<strong>Martín Mayorga </strong>portarà a la galeria FUGA el format <em><strong>readings</strong></em> en el marc del seu projecte <em><strong>Silencio Solutions</strong></em>: una trobada basada en la lectura compartida i l’escolta atenta. Diverses veus llegiran fragments d’obres literàries que, com petites espurnes, activaran el pensament col·lectiu i obriran espais de debat.

La selecció de textos s’endinsarà en les capes de l’exposició, explorant la memòria diaspòrica, el record com a matèria inestable i la cera com a vel que entela les imatges. Miniatures d’objectes domèstics, gestos continguts, profunditats que no s’esgoten en la mirada: tot plegat com una invitació a habitar els espais interiors del record, allà on la intimitat es construeix en silenci i en ressonància amb els altres.

Després de la sessió, es proposa una <strong>cloenda col·lectiva</strong>, com a continuació d’aquesta experiència compartida.

Una activitat pensada per generar un espai de cura, escolta i reflexió. <b>En el marc de l'exposició <a href="https://graf.cat/events/event/entreacte-2-y-si-adentro-krystel-liliana/" target="_blank" rel="noopener"><em>Entreacte#2: Y si adentro. Krystel Liliana</em></a></b>

Martín Mayorga llevará a la galería FUGA el formato <em>readings </em>en el marco de su proyecto <em>Silencio Solutions</em>: un encuentro basado en la lectura compartida y la escucha atenta. Varias voces leerán fragmentos de obras literarias que, como pequeñas chispas, activarán el pensamiento colectivo y abrirán espacios de debate.

La selección de textos se adentrará en las capas de la exposición, explorando la memoria diaspórica, el recuerdo como materia inestable y la cera como vela que empaña las imágenes. Miniaturas de objetos domésticos, gestos contenidos, profundidades que no se agotan en la mirada: tot junto como una invitación a habitar los espacios interiores del recuerdo, allí donde la intimidad se construye en silencio y en resonancia con los otros.

Tras la sesión, se propone una clausura colectiva, como continuación de esta experiéncia colectiva.

Una actividad pensada para generar un espacio de cuidados, escucha y reflexión. <b>En el marco de la exposición <em><a href="https://graf.cat/es/events/event/entreacte-2-y-si-adentro-krystel-liliana/" target="_blank" rel="noopener">Entreacto#2: Y si adentro. Krystel Liliana</a></em></b>

&nbsp;
