{"id":56036,"guid":{"rendered":"https:\/\/graf.cat\/?post_type=event&#038;p=56036"},"modified":"2026-04-01T10:44:07","modified_gmt":"2026-04-01T08:44:07","slug":"programa-publico-de-la-sorpresa-algunos-proyectos-de-roberto-jacoby","status":"publish","type":"event","link":"https:\/\/graf.cat\/en\/events\/event\/programa-publico-de-la-sorpresa-algunos-proyectos-de-roberto-jacoby\/","title":{"rendered":"Programa p\u00fablic de &#8220;La sorpresa. Alguns projectes de Roberto Jacoby&#8221;"},"content":{"rendered":"","protected":false},"excerpt":{"rendered":"","protected":false},"author":22,"featured_media":56033,"template":"","meta":{"_acf_changed":false,"_monsterinsights_skip_tracking":false,"_monsterinsights_sitenote_active":false,"_monsterinsights_sitenote_note":"","_monsterinsights_sitenote_category":0},"event-venues":[795],"event-tags":[],"class_list":["post-56036","event","type-event","status-publish","has-post-thumbnail","hentry","event-venue-haus-espacio-de-arte-y-practicas-contemporaneas-de-bau","event-category-trobada"],"acf":{"title_ca":"Programa p\u00fablic de \"La sorpresa. Alguns projectes de Roberto Jacoby\"","title_es":"Programa p\u00fablico de \"La sorpresa. Algunos proyectos de Roberto Jacoby\"","title_en":"Public Program of \u201cThe Surprise: Selected Projects by Roberto Jacoby\u201d","desc_ca":"<p data-start=\"0\" data-end=\"236\">Amb motiu de l\u2019exposici\u00f3 \u00abLa sorpresa. Alguns projectes de Roberto Jacoby\u00bb, BAR project convida l'artista Antonio Gagliano a expandir i fer-se ress\u00f2, des d\u2019aproximacions subjectives, de l\u2019obra de Roberto Jacoby.<\/p>\r\n<p data-start=\"856\" data-end=\"976\"><span style=\"text-decoration: underline\">El contagi<\/span><br data-start=\"870\" data-end=\"873\" \/>Antonio Gagliano<br data-start=\"889\" data-end=\"892\" \/>Dijous 9 d\u2019abril, 19 h<br data-start=\"914\" data-end=\"917\" \/>HAUS, carrer Ciutat de Granada 34-36, Barcelona (M Llacuna)<\/p>\r\n<p data-start=\"978\" data-end=\"1423\" data-is-last-node=\"\" data-is-only-node=\"\">\u00abEl contagi \u00e9s una presentaci\u00f3 que recupera una antiga performance basada en la lectura d\u2019un gui\u00f3 sensacionalista. Hi apareixen diferents maneres de multiplicar les emocions en els grups, el poder de contagi de la caricatura i aquest atribut gaireb\u00e9 m\u00e0gic que t\u00e9 l\u2019oralitat per dibuixar imatges a la ment. Seguint un rastre biogr\u00e0fic una mica dif\u00fas, la pe\u00e7a entrella\u00e7a la seva pr\u00f2pia hist\u00f2ria amb un instant prec\u00eds de la vida de Roberto Jacoby.\u00bb<\/p>","desc_es":"Con motivo de la exposici\u00f3n \"La sorpresa. Algunos proyectos de Roberto Jacoby\", BAR project invita al artista Antonio Gagliano a expandir y hacerse eco, desde aproximaciones subjetivas, de la obra de Roberto Jacoby.\r\n\r\n<span style=\"text-decoration: underline\">El contagio<\/span>\r\nAntonio Gagliano\r\nJueves 9 de abril, 19 h\r\nHAUS, carrer Ciutat de Granada 34-36, Barcelona (M Llacuna)\r\n\r\n\"El contagio es una presentaci\u00f3n que recupera una antigua performance basada en la lectura de un guion sensacionalista. En ella aparecen distintas maneras de multiplicar las emociones en los grupos, el poder de contagio de la caricatura y ese atributo casi m\u00e1gico que tiene la oralidad para dibujar im\u00e1genes en la mente. Siguiendo un rastro biogr\u00e1fico algo difuso, la pieza entrelaza su propia historia con un instante preciso en la vida de Roberto Jacoby.\"","desc_en":"On the occasion of the exhibition \u201cThe Surprise: Selected Projects by Roberto Jacoby,\u201d BAR project invites artist Antonio Gagliano to expand on and resonate with Roberto Jacoby\u2019s work through his own subjective approaches.\r\n\r\n<span style=\"text-decoration: underline\">Contagion<\/span>\r\nAntonio Gagliano\r\nThursday, April 9, 7 pm\r\nHAUS, Carrer Ciutat de Granada 34\u201336, Barcelona (Llacuna Metro)\r\n\r\n\u201cContagion is a presentation that revisits an earlier performance based on the reading of a sensationalist script. It explores different ways emotions multiply within groups, the contagious power of caricature, and that almost magical quality of orality to conjure images in the mind. Following a somewhat diffuse biographical trail, the piece interweaves its own history with a precise moment in Roberto Jacoby\u2019s life.\u201d","event_category":306,"event_show_only_own_date":false,"_event_confirmed":true,"_event_public":true,"_event_free":true,"_event_price-min":"","_event_price-max":"","_event_web_ca":"","_event_web_es":"https:\/\/barproject.net\/?p=11972&amp;lang=es","_event_web_en":"https:\/\/barproject.net\/?p=11973","event_contact_email":"","event_apply_email":"","is_online_event":false,"is_art_nou_event":false,"is_bgw_event":false,"date_text":"","register_deadline":null,"altres_organitzadors":""},"abe_event_venue":"HAUS, Espacio de arte y pr\u00e1cticas contempor\u00e1neas de BAU","abe_event_category":"Trobada","start":"2026-04-09 19:00:00","end":"2026-04-09 21:00:00","schedule":"once","schedule_meta":"","frequency":1,"all_day":0,"until":"2026-04-09 19:00:00","include":[],"exclude":[],"_links":{"self":[{"href":"https:\/\/graf.cat\/en\/wp-json\/wp\/v2\/events\/56036","targetHints":{"allow":["GET"]}}],"collection":[{"href":"https:\/\/graf.cat\/en\/wp-json\/wp\/v2\/events"}],"about":[{"href":"https:\/\/graf.cat\/en\/wp-json\/wp\/v2\/types\/event"}],"author":[{"embeddable":true,"href":"https:\/\/graf.cat\/en\/wp-json\/wp\/v2\/users\/22"}],"occurrences":[{"embeddable":true,"href":"https:\/\/graf.cat\/en\/wp-json\/wp\/v2\/events\/56036\/occurrences"}],"acf:term":[{"embeddable":true,"taxonomy":"event-category","href":"https:\/\/graf.cat\/en\/wp-json\/wp\/v2\/event-category\/306"}],"wp:featuredmedia":[{"embeddable":true,"href":"https:\/\/graf.cat\/en\/wp-json\/wp\/v2\/media\/56033"}],"wp:attachment":[{"href":"https:\/\/graf.cat\/en\/wp-json\/wp\/v2\/media?parent=56036"}],"wp:term":[{"taxonomy":"event-venue","embeddable":true,"href":"https:\/\/graf.cat\/en\/wp-json\/wp\/v2\/event-venues?post=56036"},{"taxonomy":"event-tag","embeddable":true,"href":"https:\/\/graf.cat\/en\/wp-json\/wp\/v2\/event-tags?post=56036"}],"curies":[{"name":"wp","href":"https:\/\/api.w.org\/{rel}","templated":true}]}}

Programa públic de &#8220;La sorpresa. Alguns projectes de Roberto Jacoby&#8221;

Programa públic de "La sorpresa. Alguns projectes de Roberto Jacoby"

Programa público de "La sorpresa. Algunos proyectos de Roberto Jacoby"

<p data-start="0" data-end="236">Amb motiu de l’exposició «La sorpresa. Alguns projectes de Roberto Jacoby», BAR project convida l'artista Antonio Gagliano a expandir i fer-se ressò, des d’aproximacions subjectives, de l’obra de Roberto Jacoby.</p>
<p data-start="856" data-end="976"><span style="text-decoration: underline">El contagi</span><br data-start="870" data-end="873" />Antonio Gagliano<br data-start="889" data-end="892" />Dijous 9 d’abril, 19 h<br data-start="914" data-end="917" />HAUS, carrer Ciutat de Granada 34-36, Barcelona (M Llacuna)</p>
<p data-start="978" data-end="1423" data-is-last-node="" data-is-only-node="">«El contagi és una presentació que recupera una antiga performance basada en la lectura d’un guió sensacionalista. Hi apareixen diferents maneres de multiplicar les emocions en els grups, el poder de contagi de la caricatura i aquest atribut gairebé màgic que té l’oralitat per dibuixar imatges a la ment. Seguint un rastre biogràfic una mica difús, la peça entrellaça la seva pròpia història amb un instant precís de la vida de Roberto Jacoby.»</p>

Con motivo de la exposición "La sorpresa. Algunos proyectos de Roberto Jacoby", BAR project invita al artista Antonio Gagliano a expandir y hacerse eco, desde aproximaciones subjetivas, de la obra de Roberto Jacoby.

<span style="text-decoration: underline">El contagio</span>
Antonio Gagliano
Jueves 9 de abril, 19 h
HAUS, carrer Ciutat de Granada 34-36, Barcelona (M Llacuna)

"El contagio es una presentación que recupera una antigua performance basada en la lectura de un guion sensacionalista. En ella aparecen distintas maneras de multiplicar las emociones en los grupos, el poder de contagio de la caricatura y ese atributo casi mágico que tiene la oralidad para dibujar imágenes en la mente. Siguiendo un rastro biográfico algo difuso, la pieza entrelaza su propia historia con un instante preciso en la vida de Roberto Jacoby."

HAUS, Espacio de arte y prácticas contemporáneas de BAU
