{"id":56055,"guid":{"rendered":"https:\/\/graf.cat\/?post_type=event&#038;p=56055"},"modified":"2026-04-02T13:44:54","modified_gmt":"2026-04-02T11:44:54","slug":"liminal-spaces-falk-topfer","status":"publish","type":"event","link":"https:\/\/graf.cat\/en\/events\/event\/liminal-spaces-falk-topfer\/","title":{"rendered":"Liminal Spaces &#8211; Falk T\u00f6pfer"},"content":{"rendered":"","protected":false},"excerpt":{"rendered":"","protected":false},"author":62,"featured_media":56056,"template":"","meta":{"_acf_changed":false,"_monsterinsights_skip_tracking":false,"_monsterinsights_sitenote_active":false,"_monsterinsights_sitenote_note":"","_monsterinsights_sitenote_category":0},"event-venues":[253],"event-tags":[],"class_list":["post-56055","event","type-event","status-publish","has-post-thumbnail","hentry","event-venue-piramidon-2","event-category-exposicio"],"acf":{"title_ca":"Liminal Spaces - Falk T\u00f6pfer","title_es":"Liminal Spaces - Falk T\u00f6pfer","title_en":"Liminal Spaces - Falk T\u00f6pfer","desc_ca":"<p class=\"p1\">Els espais liminals s\u00f3n un corrent est\u00e8tic provinent del m\u00f3n digital que descriuen llocs (o no-llocs) aparentment quotidians i inespec\u00edfics, suspesos en un temps inconcret. Un temps que queda dilu\u00eft en l\u2019hermetisme d\u2019uns espais de transici\u00f3 tals com passadissos que no sabem on ens duen o cases situades en un paisatge quasi irreal.<\/p>\r\n<p class=\"p1\">A trav\u00e9s d\u2019un cromatisme sovint antinatural i de petits despla\u00e7aments en l\u2019enquadrament de les seves composicions, Falk T\u00f6pfer genera aquestes arquitectures i paisatges de car\u00e0cter inquietant. El proc\u00e9s de creaci\u00f3 d\u2019aquests espais, per\u00f2, \u00e9s m\u00e9s intu\u00eftiu que intencionat. Els canvis de perspectiva i l\u2019\u00fas arbitrari del color obeeixen a un component l\u00fadic que inesperadament acaba creant aquests no-llocs, on pres\u00e8ncia i abs\u00e8ncia entren en tensi\u00f3 gaireb\u00e9 com si lluitessin per imposar-se en l\u2019atmosfera de les obres.<\/p>\r\n<p class=\"p2\">Les coses que no encaixen incomoden, per\u00f2 no per aix\u00f2 s\u00f3n necess\u00e0riament negatives. Al contrari, \u00e9s en aquesta disrupci\u00f3 on pot sorgir una certa m\u00e0gia. Deia Mark Fisher que la convicci\u00f3 que quelcom no encaixa, que no hauria d\u2019estar all\u00ed, sol ser un senyal que ens trobem davant d\u2019alguna cosa nova. I en aquesta cosa nova, estranya, hi trobem una fascinaci\u00f3 i una bellesa particulars.<\/p>","desc_es":"Los<em>\u00a0espacios liminales<\/em>\u00a0son una corriente este\u0301tica proveniente del mundo digital que describe lugares (o no-lugares) aparentemente cotidianos e inespeci\u0301ficos, suspendidos en un tiempo inconcreto. Un tiempo que queda diluido en el hermetismo de unos espacios de transicio\u0301n tales como pasillos que no sabemos ado\u0301nde conducen o casas situadas en un paisaje casi irreal.\r\n\r\nA trave\u0301s de un cromatismo a menudo antinatural y de pequen\u0303os desplazamientos en el encuadre de sus composiciones, Falk To\u0308pfer genera estas arquitecturas y paisajes de cara\u0301cter inquietante. El proceso de creacio\u0301n de estos espacios, sin embargo, es ma\u0301s intuitivo que intencionado. Los cambios de perspectiva y el uso arbitrario del color obedecen a un componente lu\u0301dico que, inesperadamente, acaba creando estos no-lugares, donde presencia y ausencia entran en tensio\u0301n casi como si lucharan por imponerse en la atmo\u0301sfera de las obras.\r\n\r\nLas cosas que no encajan incomodan, pero no por ello son necesariamente negativas. Al contrario, es en esta disrupcio\u0301n donde puede surgir cierta magia. Deci\u0301a Mark Fisher que la conviccio\u0301n de que algo no encaja,\u00a0<em>que no deberi\u0301a estar ahi\u0301<\/em>, suele ser una sen\u0303al de que nos encontramos ante algo nuevo. Y en esa cosa nueva, extran\u0303a, encontramos una fascinacio\u0301n y una belleza particulares.","desc_en":"<p class=\"p1\">Liminal spaces are an aesthetic current that comes from the digital world. They depict places\u2014or non-places\u2014that feel familiar yet undefined, suspended in an indeterminate time. Time seems to dissolve in transitional spaces such as corridors with no clear destination, or houses placed within almost unreal landscapes.<\/p>\r\n<p class=\"p1\">Through unnatural colour palettes and subtle shifts in framing, Falk T\u00f6pfer creates unsettling architectures and landscapes. However, these spaces are not strictly planned; they arise more from intuition than intention. Changes in perspective and the playful use of colour gradually give shape to these non-places, where presence and absence are held in tension within the atmosphere of the work.<\/p>\r\n<p class=\"p2\">What feels out of place can be unsettling, but not necessarily negative. On the contrary, disruption can also open a space for a kind of magic. As Mark Fisher suggested, the feeling that something does not belong often signals that we are encountering something new. In that strangeness, a particular fascination\u2014and a quiet form of beauty\u2014emerges.<\/p>","event_category":103,"event_show_only_own_date":true,"_event_confirmed":true,"_event_public":true,"_event_free":true,"_event_price-min":"","_event_price-max":"","_event_web_ca":"https:\/\/www.piramidon.com\/es\/","_event_web_es":"https:\/\/www.piramidon.com\/es\/","_event_web_en":"https:\/\/www.piramidon.com","event_contact_email":"gestio@piramidon.com","event_apply_email":"","is_online_event":false,"is_art_nou_event":false,"is_bgw_event":false,"date_text":"","register_deadline":null,"altres_organitzadors":""},"abe_event_venue":"PIRAMID\u00d3N","abe_event_category":"Exposici\u00f3","start":"2026-03-28 00:00:00","end":"2026-05-19 23:59:00","schedule":"once","schedule_meta":"","frequency":1,"all_day":1,"until":"2026-03-28 00:00:00","include":[],"exclude":[],"_links":{"self":[{"href":"https:\/\/graf.cat\/en\/wp-json\/wp\/v2\/events\/56055","targetHints":{"allow":["GET"]}}],"collection":[{"href":"https:\/\/graf.cat\/en\/wp-json\/wp\/v2\/events"}],"about":[{"href":"https:\/\/graf.cat\/en\/wp-json\/wp\/v2\/types\/event"}],"author":[{"embeddable":true,"href":"https:\/\/graf.cat\/en\/wp-json\/wp\/v2\/users\/62"}],"occurrences":[{"embeddable":true,"href":"https:\/\/graf.cat\/en\/wp-json\/wp\/v2\/events\/56055\/occurrences"}],"acf:term":[{"embeddable":true,"taxonomy":"event-category","href":"https:\/\/graf.cat\/en\/wp-json\/wp\/v2\/event-category\/103"}],"wp:featuredmedia":[{"embeddable":true,"href":"https:\/\/graf.cat\/en\/wp-json\/wp\/v2\/media\/56056"}],"wp:attachment":[{"href":"https:\/\/graf.cat\/en\/wp-json\/wp\/v2\/media?parent=56055"}],"wp:term":[{"taxonomy":"event-venue","embeddable":true,"href":"https:\/\/graf.cat\/en\/wp-json\/wp\/v2\/event-venues?post=56055"},{"taxonomy":"event-tag","embeddable":true,"href":"https:\/\/graf.cat\/en\/wp-json\/wp\/v2\/event-tags?post=56055"}],"curies":[{"name":"wp","href":"https:\/\/api.w.org\/{rel}","templated":true}]}}

Liminal Spaces &#8211; Falk Töpfer

Liminal Spaces - Falk Töpfer

<p class="p1">Els espais liminals són un corrent estètic provinent del món digital que descriuen llocs (o no-llocs) aparentment quotidians i inespecífics, suspesos en un temps inconcret. Un temps que queda diluït en l’hermetisme d’uns espais de transició tals com passadissos que no sabem on ens duen o cases situades en un paisatge quasi irreal.</p>
<p class="p1">A través d’un cromatisme sovint antinatural i de petits desplaçaments en l’enquadrament de les seves composicions, Falk Töpfer genera aquestes arquitectures i paisatges de caràcter inquietant. El procés de creació d’aquests espais, però, és més intuïtiu que intencionat. Els canvis de perspectiva i l’ús arbitrari del color obeeixen a un component lúdic que inesperadament acaba creant aquests no-llocs, on presència i absència entren en tensió gairebé com si lluitessin per imposar-se en l’atmosfera de les obres.</p>
<p class="p2">Les coses que no encaixen incomoden, però no per això són necessàriament negatives. Al contrari, és en aquesta disrupció on pot sorgir una certa màgia. Deia Mark Fisher que la convicció que quelcom no encaixa, que no hauria d’estar allí, sol ser un senyal que ens trobem davant d’alguna cosa nova. I en aquesta cosa nova, estranya, hi trobem una fascinació i una bellesa particulars.</p>

<p class="p1">Liminal spaces are an aesthetic current that comes from the digital world. They depict places—or non-places—that feel familiar yet undefined, suspended in an indeterminate time. Time seems to dissolve in transitional spaces such as corridors with no clear destination, or houses placed within almost unreal landscapes.</p>
<p class="p1">Through unnatural colour palettes and subtle shifts in framing, Falk Töpfer creates unsettling architectures and landscapes. However, these spaces are not strictly planned; they arise more from intuition than intention. Changes in perspective and the playful use of colour gradually give shape to these non-places, where presence and absence are held in tension within the atmosphere of the work.</p>
<p class="p2">What feels out of place can be unsettling, but not necessarily negative. On the contrary, disruption can also open a space for a kind of magic. As Mark Fisher suggested, the feeling that something does not belong often signals that we are encountering something new. In that strangeness, a particular fascination—and a quiet form of beauty—emerges.</p>

PIRAMIDÓN

Exposició
