{"id":56078,"guid":{"rendered":"https:\/\/graf.cat\/?post_type=event&#038;p=56078"},"modified":"2026-04-18T15:02:43","modified_gmt":"2026-04-18T13:02:43","slug":"like-a-fire-in-the-sun-opening","status":"publish","type":"event","link":"https:\/\/graf.cat\/en\/events\/event\/like-a-fire-in-the-sun-opening\/","title":{"rendered":"Like a fire in the sun"},"content":{"rendered":"","protected":false},"excerpt":{"rendered":"","protected":false},"author":134,"featured_media":56437,"template":"","meta":{"_acf_changed":false,"_monsterinsights_skip_tracking":false,"_monsterinsights_sitenote_active":false,"_monsterinsights_sitenote_note":"","_monsterinsights_sitenote_category":0},"event-venues":[597],"event-tags":[],"class_list":["post-56078","event","type-event","status-publish","has-post-thumbnail","hentry","event-venue-galeria-mayoral","event-category-inauguracio"],"acf":{"title_ca":"Like a fire in the sun","title_es":"Like a fire in the sun","title_en":"Like a fire in the sun","desc_ca":"\u201c(\u2026) Intueixo que els artistes agrupats en aquest projecte pretenen pintar amb sofre les taques de foc al sol. La taca no t\u00e9 forma definida, sin\u00f3 que \u00e9s un residu inclassificable, un accident sense nom. La fascinaci\u00f3 pel foc es deu al seu moviments incessant i a la seva capacitat d\u2019excitar gaireb\u00e9 tots els sentits alhora. El crepitar del que es crema despr\u00e8n una olor insuportable. Mentre els colors ballen, la seva calor reconforta tant com espanta.\r\n\r\nEl t\u00edtol d\u2019aquest projecte expositiu proposa una imatge com a punt de partida.\u00a0<em>Like a Fire in the Sun<\/em>\u00a0remet a un risc avui dia molt real: la impossibilitat d\u2019escoltar i percebre (\u00e9s a dir, de prestar atenci\u00f3) dins d\u2019una incessant i envoltant saturaci\u00f3 d\u2019informaci\u00f3 i imatges que sotmet la nostra atenci\u00f3 a un desgavell continu, cosa que impedeix enfocar i aturar-se prou temps en qualsevol detall, fins i tot aquell que finalment resulti decisiu.\r\n\r\nEn realitat, \u00e9s molt dif\u00edcil observar un foc dins d\u2019un altre foc infinitament m\u00e9s gran com \u00e9s el Sol. Es tracta d\u2019una imatge gaireb\u00e9 impossible. I, tanmateix el que \u00e9s important \u00e9s justament esperar aquesta possibilitat. Trobar una taca la visibilitat de la qual dep\u00e8n nom\u00e9s d\u2019una lleu difer\u00e8ncia. Si tot crem\u00e9s exactament igual, no hi hauria res a veure. Un foc al sol hauria de ser invisible \u2014i, tanmateix, a vegades queda un residu, una difer\u00e8ncia de temperatura, una densitat diferent que delata la pres\u00e8ncia d\u2019alguna cosa informe i insubmisa a la saturaci\u00f3 que ho torna tot indistingible.\r\n\r\nLes obres de Javier Arce, Manuel M. Romero, Natalia L\u00f3pez de la Oliva i Al\u00edcia Vogel semblen estar disposades a l\u2019espai allargat de la galeria Mayoral per proporcionar trobades amb all\u00f2 que encara no t\u00e9 nom. Sembla que ofereixin a l\u2019espectador espurnes per gaudir de la pintura i, despr\u00e9s d\u2019una observaci\u00f3 lenta, trobar all\u00f2 que desborda i excedeix sense sotmetre\u2019s a la tirania de la forma domesticada; tot i que aquesta sigui gaireb\u00e9 impossible de representar, com un foc dins del sol.\u201d\r\n\r\nText de Francesco Giaveri, comissari de l\u2019exposici\u00f3.","desc_es":"\u00ab(\u2026) Intuyo que los artistas agrupados en este proyecto pretenden pintar con azufre las manchas de fuego en el sol. La mancha no tiene forma definida, sino que es un resto inclasificable, un accidente sin nombre. La fascinaci\u00f3n por el fuego se debe a su incesante movimiento y su capacidad de excitar casi todos los sentidos al mismo tiempo. El crepitar de lo que se quema desprende un olor insoportable. Mientras los colores bailan, su calor reconforta tanto como asusta. El t\u00edtulo de este proyecto expositivo propone una imagen como punto de partida. Like a Fire in the Sun remite a un riesgo hoy en d\u00eda muy real: la imposibilidad de escuchar y percibir (es decir, de prestar atenci\u00f3n) dentro de una incesante y envolvente saturaci\u00f3n de informaci\u00f3n e im\u00e1genes que somete nuestra atenci\u00f3n a un desquicio continuo, lo que impide enfocar y detenerse un tiempo suficiente en cualquier detalle, incluso aquel que finalmente resulte decisivo.\r\n\r\nEn realidad, es muy dif\u00edcil observar un fuego dentro de otro fuego infinitamente mayor como es el Sol. Se trata de una imagen casi imposible. Y, sin embargo, lo importante es justamente aguardar esta posibilidad. Hallar una mancha cuya visibilidad depende s\u00f3lo de una leve diferencia. Si todo ardiera exactamente igual, no habr\u00eda nada que ver. Un fuego en el sol deber\u00eda ser invisible \u2014 y sin embargo a veces queda un resto, una diferencia de temperatura, una densidad distinta que delata la presencia de algo informe e insumiso a la saturaci\u00f3n que vuelve todo indistinguible.\r\n\r\nLas obras de Javier Arce, Manuel M. Romero, Natalia L\u00f3pez de la Oliva y Al\u00edcia Vogel parecen estar dispuestas en el espacio alargado de la galer\u00eda Mayoral para proporcionar encuentros con lo que a\u00fan no tiene nombre. Parecen brindar al espectador destellos para gozar de la pintura y, tras una lenta observaci\u00f3n, encontrar lo que desborda y excede sin someterse a la tiran\u00eda de la forma domesticada; aunque esta sea casi imposible de representar, como un fuego dentro del sol.\u00bb\r\n\r\nTexto de Francesco Giaveri, comisario de la exposici\u00f3n.","desc_en":"\u201c(\u2026) I sense that the artists gathered for this project intend to paint the fire-stains on the sun with sulfur. The stain has no definite form; it is an unclassifiable remnant, an accident without a name. The fascination with fire stems from its ceaseless movement and its capacity to excite nearly all the senses at once. The crackling of what burns releases an unbearable smell. While the colours dance, its heat comforts as much as it frightens.\r\n\r\nThe title of this exhibition proposes an image as a starting point.\u00a0<i>Like a Fire in the Sun\u00a0<\/i>evokes a very real risk today: the impossibility of listening and perceiving \u2014 that is, of paying attention \u2014 within an incessant and enveloping saturation of information and images that subjects our attention to continuous disorientation, preventing us from focusing on or lingering long enough with any detail, even the one that ultimately proves decisive.\r\n<div>It is very difficult to observe a fire within another fire infinitely larger, such as the Sun. It is an almost impossible image. And yet, what matters is precisely to await this possibility. To find a stain whose visibility depends only on a slight difference. If everything burned in the same way, there would be nothing to see. A fire in the sun ought to be invisible \u2014 and yet sometimes a remnant remains: a temperature difference, a distinct density that betrays the presence of something formless and resistant to the saturation that renders everything indistinguishable.<\/div>\r\n<div><\/div>\r\n<div>The works of Javier Arce, Manuel M. Romero, Natalia L\u00f3pez de la Oliva, and Al\u00edcia Vogel seem to be arranged in the elongated space of the Mayoral gallery to offer encounters with what has not yet been named. They seem to offer the viewer flashes through which to take pleasure in painting and, after slow observation, to find what overflows and exceeds without submitting to the tyranny of domesticated form \u2014 even if this is almost impossible to represent, like a fire within the sun.\u201d<\/div>\r\n<div><\/div>\r\n<div>Text by Francesco Giaveri, curator of the exhibition<\/div>","event_category":189,"event_show_only_own_date":true,"_event_confirmed":true,"_event_public":true,"_event_free":true,"_event_price-min":"","_event_price-max":"","_event_web_ca":"https:\/\/galeriamayoral.com\/","_event_web_es":"https:\/\/galeriamayoral.com\/","_event_web_en":"https:\/\/galeriamayoral.com\/","event_contact_email":"","event_apply_email":"","is_online_event":false,"is_art_nou_event":false,"is_bgw_event":false,"date_text":"","register_deadline":null,"altres_organitzadors":""},"abe_event_venue":"Galeria Mayoral","abe_event_category":"Inauguraci\u00f3","start":"2026-04-15 19:00:00","end":"2026-04-15 21:00:00","schedule":"once","schedule_meta":"","frequency":1,"all_day":0,"until":"2026-04-15 19:00:00","include":[],"exclude":[],"_links":{"self":[{"href":"https:\/\/graf.cat\/en\/wp-json\/wp\/v2\/events\/56078","targetHints":{"allow":["GET"]}}],"collection":[{"href":"https:\/\/graf.cat\/en\/wp-json\/wp\/v2\/events"}],"about":[{"href":"https:\/\/graf.cat\/en\/wp-json\/wp\/v2\/types\/event"}],"author":[{"embeddable":true,"href":"https:\/\/graf.cat\/en\/wp-json\/wp\/v2\/users\/134"}],"occurrences":[{"embeddable":true,"href":"https:\/\/graf.cat\/en\/wp-json\/wp\/v2\/events\/56078\/occurrences"}],"acf:term":[{"embeddable":true,"taxonomy":"event-category","href":"https:\/\/graf.cat\/en\/wp-json\/wp\/v2\/event-category\/189"}],"wp:featuredmedia":[{"embeddable":true,"href":"https:\/\/graf.cat\/en\/wp-json\/wp\/v2\/media\/56437"}],"wp:attachment":[{"href":"https:\/\/graf.cat\/en\/wp-json\/wp\/v2\/media?parent=56078"}],"wp:term":[{"taxonomy":"event-venue","embeddable":true,"href":"https:\/\/graf.cat\/en\/wp-json\/wp\/v2\/event-venues?post=56078"},{"taxonomy":"event-tag","embeddable":true,"href":"https:\/\/graf.cat\/en\/wp-json\/wp\/v2\/event-tags?post=56078"}],"curies":[{"name":"wp","href":"https:\/\/api.w.org\/{rel}","templated":true}]}}

“(…) Intueixo que els artistes agrupats en aquest projecte pretenen pintar amb sofre les taques de foc al sol. La taca no té forma definida, sinó que és un residu inclassificable, un accident sense nom. La fascinació pel foc es deu al seu moviments incessant i a la seva capacitat d’excitar gairebé tots els sentits alhora. El crepitar del que es crema desprèn una olor insuportable. Mentre els colors ballen, la seva calor reconforta tant com espanta.

El títol d’aquest projecte expositiu proposa una imatge com a punt de partida. <em>Like a Fire in the Sun</em> remet a un risc avui dia molt real: la impossibilitat d’escoltar i percebre (és a dir, de prestar atenció) dins d’una incessant i envoltant saturació d’informació i imatges que sotmet la nostra atenció a un desgavell continu, cosa que impedeix enfocar i aturar-se prou temps en qualsevol detall, fins i tot aquell que finalment resulti decisiu.

En realitat, és molt difícil observar un foc dins d’un altre foc infinitament més gran com és el Sol. Es tracta d’una imatge gairebé impossible. I, tanmateix el que és important és justament esperar aquesta possibilitat. Trobar una taca la visibilitat de la qual depèn només d’una lleu diferència. Si tot cremés exactament igual, no hi hauria res a veure. Un foc al sol hauria de ser invisible —i, tanmateix, a vegades queda un residu, una diferència de temperatura, una densitat diferent que delata la presència d’alguna cosa informe i insubmisa a la saturació que ho torna tot indistingible.

Les obres de Javier Arce, Manuel M. Romero, Natalia López de la Oliva i Alícia Vogel semblen estar disposades a l’espai allargat de la galeria Mayoral per proporcionar trobades amb allò que encara no té nom. Sembla que ofereixin a l’espectador espurnes per gaudir de la pintura i, després d’una observació lenta, trobar allò que desborda i excedeix sense sotmetre’s a la tirania de la forma domesticada; tot i que aquesta sigui gairebé impossible de representar, com un foc dins del sol.”

Text de Francesco Giaveri, comissari de l’exposició.

«(…) Intuyo que los artistas agrupados en este proyecto pretenden pintar con azufre las manchas de fuego en el sol. La mancha no tiene forma definida, sino que es un resto inclasificable, un accidente sin nombre. La fascinación por el fuego se debe a su incesante movimiento y su capacidad de excitar casi todos los sentidos al mismo tiempo. El crepitar de lo que se quema desprende un olor insoportable. Mientras los colores bailan, su calor reconforta tanto como asusta. El título de este proyecto expositivo propone una imagen como punto de partida. Like a Fire in the Sun remite a un riesgo hoy en día muy real: la imposibilidad de escuchar y percibir (es decir, de prestar atención) dentro de una incesante y envolvente saturación de información e imágenes que somete nuestra atención a un desquicio continuo, lo que impide enfocar y detenerse un tiempo suficiente en cualquier detalle, incluso aquel que finalmente resulte decisivo.

En realidad, es muy difícil observar un fuego dentro de otro fuego infinitamente mayor como es el Sol. Se trata de una imagen casi imposible. Y, sin embargo, lo importante es justamente aguardar esta posibilidad. Hallar una mancha cuya visibilidad depende sólo de una leve diferencia. Si todo ardiera exactamente igual, no habría nada que ver. Un fuego en el sol debería ser invisible — y sin embargo a veces queda un resto, una diferencia de temperatura, una densidad distinta que delata la presencia de algo informe e insumiso a la saturación que vuelve todo indistinguible.

Las obras de Javier Arce, Manuel M. Romero, Natalia López de la Oliva y Alícia Vogel parecen estar dispuestas en el espacio alargado de la galería Mayoral para proporcionar encuentros con lo que aún no tiene nombre. Parecen brindar al espectador destellos para gozar de la pintura y, tras una lenta observación, encontrar lo que desborda y excede sin someterse a la tiranía de la forma domesticada; aunque esta sea casi imposible de representar, como un fuego dentro del sol.»

Texto de Francesco Giaveri, comisario de la exposición.

“(…) I sense that the artists gathered for this project intend to paint the fire-stains on the sun with sulfur. The stain has no definite form; it is an unclassifiable remnant, an accident without a name. The fascination with fire stems from its ceaseless movement and its capacity to excite nearly all the senses at once. The crackling of what burns releases an unbearable smell. While the colours dance, its heat comforts as much as it frightens.

The title of this exhibition proposes an image as a starting point. <i>Like a Fire in the Sun </i>evokes a very real risk today: the impossibility of listening and perceiving — that is, of paying attention — within an incessant and enveloping saturation of information and images that subjects our attention to continuous disorientation, preventing us from focusing on or lingering long enough with any detail, even the one that ultimately proves decisive.
<div>It is very difficult to observe a fire within another fire infinitely larger, such as the Sun. It is an almost impossible image. And yet, what matters is precisely to await this possibility. To find a stain whose visibility depends only on a slight difference. If everything burned in the same way, there would be nothing to see. A fire in the sun ought to be invisible — and yet sometimes a remnant remains: a temperature difference, a distinct density that betrays the presence of something formless and resistant to the saturation that renders everything indistinguishable.</div>
<div></div>
<div>The works of Javier Arce, Manuel M. Romero, Natalia López de la Oliva, and Alícia Vogel seem to be arranged in the elongated space of the Mayoral gallery to offer encounters with what has not yet been named. They seem to offer the viewer flashes through which to take pleasure in painting and, after slow observation, to find what overflows and exceeds without submitting to the tyranny of domesticated form — even if this is almost impossible to represent, like a fire within the sun.”</div>
<div></div>
<div>Text by Francesco Giaveri, curator of the exhibition</div>

Inauguració
